000
CDUS43 KDDC 210712
CLIDGC


CLIMATE REPORT
NATIONAL WEATHER SERVICE DODGE CITY KS
211 AM CDT SAT MAY 21 2016


...................................

...THE DODGE CITY KS CLIMATE SUMMARY FOR MAY 20 2016...

CLIMATE NORMAL PERIOD 1981 TO 2010
CLIMATE RECORD PERIOD 1875 TO 2016


WEATHER ITEM   OBSERVED TIME   RECORD YEAR NORMAL DEPARTURE LAST
                VALUE   (LST)  VALUE       VALUE  FROM      YEAR
                                                  NORMAL
..................................................................
TEMPERATURE (F)
 YESTERDAY
  MAXIMUM         65    512 PM  98    2005  78    -13       55
                                      2004
                                      1925
  MINIMUM         51    314 AM  36    1931  53     -2       42
  AVERAGE         58                        66     -8       49

PRECIPITATION (IN)
  YESTERDAY        T             1.85 1881   0.10  -0.10     0.00
  MONTH TO DATE    0.30                      1.71  -1.41     4.91
  SINCE MAR 1      8.42                      5.12   3.30     7.00
  SINCE JAN 1      9.01                      6.38   2.63     8.30

SNOWFALL (IN)
  YESTERDAY        0.0           T    1951   0.0    0.0      0.0
  MONTH TO DATE    0.0                       0.0    0.0      0.0
  SINCE MAR 1      0.4                       6.0   -5.6       T
  SINCE JUL 1     10.4                      21.1  -10.7     21.4
  SNOW DEPTH       0

DEGREE DAYS
 HEATING
  YESTERDAY        7                         3      4       16
  MONTH TO DATE  160                        93     67      101
  SINCE MAR 1    975                      1085   -110      862
  SINCE JUL 1   4337                      4932   -595     4610

 COOLING
  YESTERDAY        0                         3     -3        0
  MONTH TO DATE    5                        42    -37       36
  SINCE MAR 1     14                        61    -47       51
  SINCE JAN 1     16                        61    -45       51
..................................................................


WIND (MPH)
  HIGHEST WIND SPEED    20   HIGHEST WIND DIRECTION    SE (130)
  HIGHEST GUST SPEED    24   HIGHEST GUST DIRECTION    SE (130)
  AVERAGE WIND SPEED    12.9


SKY COVER
  POSSIBLE SUNSHINE  MM
  AVERAGE SKY COVER 0.9


WEATHER CONDITIONS
 THE FOLLOWING WEATHER WAS RECORDED YESTERDAY.
  LIGHT RAIN
  FOG


RELATIVE HUMIDITY (PERCENT)
 HIGHEST   100          1200 AM
 LOWEST     78           200 PM
 AVERAGE    89

..........................................................


THE DODGE CITY KS CLIMATE NORMALS FOR TODAY
                         NORMAL    RECORD    YEAR
 MAXIMUM TEMPERATURE (F)   78       100      1925
 MINIMUM TEMPERATURE (F)   53        33      1931


SUNRISE AND SUNSET
MAY 21 2016...........SUNRISE   625 AM CDT   SUNSET   848 PM CDT
MAY 22 2016...........SUNRISE   624 AM CDT   SUNSET   849 PM CDT


-  INDICATES NEGATIVE NUMBERS.
R  INDICATES RECORD WAS SET OR TIED.
MM INDICATES DATA IS MISSING.
T  INDICATES TRACE AMOUNT.




$$
