000
CDUS43 KDDC 011008
CLIDGC


CLIMATE REPORT
NATIONAL WEATHER SERVICE DODGE CITY KS
508 AM CDT SAT AUG 1 2015


...................................

...THE DODGE CITY KS CLIMATE SUMMARY FOR JULY 31 2015...

CLIMATE NORMAL PERIOD 1981 TO 2010
CLIMATE RECORD PERIOD 1875 TO 2015


WEATHER ITEM   OBSERVED TIME   RECORD YEAR NORMAL DEPARTURE LAST
                VALUE   (LST)  VALUE       VALUE  FROM      YEAR
                                                  NORMAL
..................................................................
TEMPERATURE (F)
 YESTERDAY
  MAXIMUM         89    509 PM 109    1934  93     -4       83
  MINIMUM         64    556 AM  50    1925  67     -3       57
  AVERAGE         77                        80     -3       70

PRECIPITATION (IN)
  YESTERDAY        0.00          2.06 1967   0.10  -0.10     0.00
  MONTH TO DATE    2.14                      3.08  -0.94     3.01
  SINCE JUN 1      4.22                      6.32  -2.10    12.10
  SINCE JAN 1     17.94                     13.84   4.10    15.62

SNOWFALL (IN)
  YESTERDAY        0.0           0.0  2002   0.0    0.0      0.0
                                      2001
  MONTH TO DATE    0.0                       0.0    0.0      0.0
  SINCE JUN 1      0.0                       0.0    0.0      0.0
  SINCE JUL 1      0.0                       0.0    0.0      0.0
  SNOW DEPTH       0

DEGREE DAYS
 HEATING
  YESTERDAY        0                         0      0        0
  MONTH TO DATE    1                         0      1       13
  SINCE JUN 1      1                        14    -13       20
  SINCE JUL 1      1                         1      0       13

 COOLING
  YESTERDAY       12                        15     -3        5
  MONTH TO DATE  446                       452     -6      344
  SINCE JUN 1    799                       730     69      628
  SINCE JAN 1    860                       839     21      800
..................................................................


WIND (MPH)
  HIGHEST WIND SPEED    13   HIGHEST WIND DIRECTION    SW (240)
  HIGHEST GUST SPEED    16   HIGHEST GUST DIRECTION    SW (230)
  AVERAGE WIND SPEED     5.0


SKY COVER
  POSSIBLE SUNSHINE  MM
  AVERAGE SKY COVER 0.1


WEATHER CONDITIONS
 THE FOLLOWING WEATHER WAS RECORDED YESTERDAY.
  FOG
  FOG W/VISIBILITY <= 1/4 MILE


RELATIVE HUMIDITY (PERCENT)
 HIGHEST   100           600 AM
 LOWEST     40           500 PM
 AVERAGE    70

..........................................................


THE DODGE CITY KS CLIMATE NORMALS FOR TODAY
                         NORMAL    RECORD    YEAR
 MAXIMUM TEMPERATURE (F)   93       107      2012
 MINIMUM TEMPERATURE (F)   67        53      1925


SUNRISE AND SUNSET
AUGUST  1 2015........SUNRISE   643 AM CDT   SUNSET   849 PM CDT
AUGUST  2 2015........SUNRISE   644 AM CDT   SUNSET   848 PM CDT


-  INDICATES NEGATIVE NUMBERS.
R  INDICATES RECORD WAS SET OR TIED.
MM INDICATES DATA IS MISSING.
T  INDICATES TRACE AMOUNT.




$$
