000
CDUS43 KDDC 091426
CLIDGC


CLIMATE REPORT
NATIONAL WEATHER SERVICE DODGE CITY KS
825 AM CST SAT DEC 9 2017


...................................

...THE DODGE CITY KS CLIMATE SUMMARY FOR DECEMBER 9 2017...
VALID AS OF 0800 AM LOCAL TIME.

CLIMATE NORMAL PERIOD 1981 TO 2010
CLIMATE RECORD PERIOD 1875 TO 2017


WEATHER ITEM   OBSERVED TIME   RECORD YEAR NORMAL DEPARTURE LAST
                VALUE   (LST)  VALUE       VALUE  FROM      YEAR
                                                  NORMAL
..................................................................
TEMPERATURE (F)
 TODAY
  MAXIMUM         36    252 AM  75    1939  45     -9       35
  MINIMUM         29    743 AM -10    1919  22      7       18
  AVERAGE         33                        33      0       27

PRECIPITATION (IN)
  TODAY            0.00          0.57 1944   0.03  -0.03     0.00
                                      1943
  MONTH TO DATE    0.00                      0.23  -0.23     0.34
  SINCE DEC 1      0.00                      0.23  -0.23     0.34
  SINCE JAN 1     25.57                     20.99   4.58    23.12

SNOWFALL (IN)
  TODAY            0.0           5.4  1943   0.2   -0.2      0.0
  MONTH TO DATE    0.0                       1.2   -1.2      0.2
  SINCE DEC 1      0.0                       1.2   -1.2      0.2
  SINCE JUL 1      0.0                       3.4   -3.4      0.2
  SNOW DEPTH       0

..................................................................


WIND (MPH)
  HIGHEST WIND SPEED    17   HIGHEST WIND DIRECTION    NW (320)
  HIGHEST GUST SPEED    23   HIGHEST GUST DIRECTION    NW (320)
  AVERAGE WIND SPEED    13.2



WEATHER CONDITIONS
 THE FOLLOWING WEATHER WAS RECORDED TODAY.
  NO SIGNIFICANT WEATHER WAS OBSERVED.


RELATIVE HUMIDITY (PERCENT)
 HIGHEST    53           700 AM
 LOWEST     44           300 AM

..........................................................


THE DODGE CITY KS CLIMATE NORMALS FOR TOMORROW
                         NORMAL    RECORD    YEAR
 MAXIMUM TEMPERATURE (F)   45        75      1996
 MINIMUM TEMPERATURE (F)   22        -6      1919


SUNRISE AND SUNSET
DECEMBER  9 2017......SUNRISE   744 AM CST   SUNSET   521 PM CST
DECEMBER 10 2017......SUNRISE   745 AM CST   SUNSET   521 PM CST


-  INDICATES NEGATIVE NUMBERS.
R  INDICATES RECORD WAS SET OR TIED.
MM INDICATES DATA IS MISSING.
T  INDICATES TRACE AMOUNT.




$$
