000
CDUS43 KDDC 241009
CLIDGC


CLIMATE REPORT
NATIONAL WEATHER SERVICE DODGE CITY KS
508 AM CDT THU JUL 24 2014


...................................

...THE DODGE CITY KS CLIMATE SUMMARY FOR JULY 23 2014...

CLIMATE NORMAL PERIOD 1981 TO 2010
CLIMATE RECORD PERIOD 1875 TO 2014


WEATHER ITEM   OBSERVED TIME   RECORD YEAR NORMAL DEPARTURE LAST
                VALUE   (LST)  VALUE       VALUE  FROM      YEAR
                                                  NORMAL
..................................................................
TEMPERATURE (F)
 YESTERDAY
  MAXIMUM         93   1248 PM 109    1936  93      0      105
  MINIMUM         65    626 AM  55    1904  67     -2       70
  AVERAGE         79                        80     -1       88

PRECIPITATION (IN)
  YESTERDAY        0.00          2.77 1979   0.11  -0.11     0.00
  MONTH TO DATE    1.53                      2.28  -0.75     1.33
  SINCE JUN 1     10.62                      5.52   5.10     3.94
  SINCE JAN 1     14.14                     13.04   1.10     7.37

SNOWFALL (IN)
  YESTERDAY        0.0           0.0  2002   0.0    0.0      0.0
                                      2001
  MONTH TO DATE    0.0                       0.0    0.0      0.0
  SINCE JUN 1      0.0                       0.0    0.0      0.0
  SINCE JUL 1      0.0                       0.0    0.0      0.0
  SNOW DEPTH       0

DEGREE DAYS
 HEATING
  YESTERDAY        0                         0      0        0
  MONTH TO DATE   12                         0     12        0
  SINCE JUN 1     19                        13      6       12
  SINCE JUL 1     12                         0     12        0

 COOLING
  YESTERDAY       14                        15     -1       23
  MONTH TO DATE  245                       333    -88      354
  SINCE JUN 1    529                       611    -82      742
  SINCE JAN 1    701                       720    -19      904
..................................................................


WIND (MPH)
  HIGHEST WIND SPEED    29   HIGHEST WIND DIRECTION    NE (30)
  HIGHEST GUST SPEED    36   HIGHEST GUST DIRECTION    NE (40)
  AVERAGE WIND SPEED     8.9


SKY COVER
  POSSIBLE SUNSHINE  MM
  AVERAGE SKY COVER 0.0


WEATHER CONDITIONS
 THE FOLLOWING WEATHER WAS RECORDED YESTERDAY.
  FOG
  HAZE


RELATIVE HUMIDITY (PERCENT)
 HIGHEST    82          1000 PM
 LOWEST     38          1200 PM
 AVERAGE    60

..........................................................


THE DODGE CITY KS CLIMATE NORMALS FOR TODAY
                         NORMAL    RECORD    YEAR
 MAXIMUM TEMPERATURE (F)   93       106      1940
                                             1936
 MINIMUM TEMPERATURE (F)   67        55      1911


SUNRISE AND SUNSET
JULY 24 2014..........SUNRISE   637 AM CDT   SUNSET   855 PM CDT
JULY 25 2014..........SUNRISE   638 AM CDT   SUNSET   855 PM CDT


-  INDICATES NEGATIVE NUMBERS.
R  INDICATES RECORD WAS SET OR TIED.
MM INDICATES DATA IS MISSING.
T  INDICATES TRACE AMOUNT.




$$
