000
CDUS43 KDDC 220714
CLIDGC


CLIMATE REPORT
NATIONAL WEATHER SERVICE DODGE CITY KS
212 AM CDT FRI APR 22 2016


...................................

...THE DODGE CITY KS CLIMATE SUMMARY FOR APRIL 21 2016...

CLIMATE NORMAL PERIOD 1981 TO 2010
CLIMATE RECORD PERIOD 1875 TO 2016


WEATHER ITEM   OBSERVED TIME   RECORD YEAR NORMAL DEPARTURE LAST
                VALUE   (LST)  VALUE       VALUE  FROM      YEAR
                                                  NORMAL
..................................................................
TEMPERATURE (F)
 YESTERDAY
  MAXIMUM         69    530 PM  93    1980  69      0       76
  MINIMUM         42    609 AM  25    1966  42      0       44
                                      1927
  AVERAGE         56                        56      0       60

PRECIPITATION (IN)
  YESTERDAY        0.00          1.46 1928   0.07  -0.07      T
  MONTH TO DATE    5.81                      1.20   4.61     1.49
  SINCE MAR 1      5.85                      2.79   3.06     1.78
  SINCE JAN 1      6.44                      4.05   2.39     3.08

SNOWFALL (IN)
  YESTERDAY        0.0           T    1995   0.0    0.0      0.0
  MONTH TO DATE    0.0                       1.0   -1.0      0.0
  SINCE MAR 1      0.4                       5.9   -5.5       T
  SINCE JUL 1     10.4                      21.0  -10.6     21.4
  SNOW DEPTH       0

DEGREE DAYS
 HEATING
  YESTERDAY        9                        10     -1        5
  MONTH TO DATE  228                       275    -47      177
  SINCE MAR 1    734                       915   -181      681
  SINCE JUL 1   4096                      4762   -666     4429

 COOLING
  YESTERDAY        0                         1     -1        0
  MONTH TO DATE    4                         6     -2       12
  SINCE MAR 1      6                         7     -1       12
  SINCE JAN 1      8                         7      1       12
..................................................................


WIND (MPH)
  HIGHEST WIND SPEED    24   HIGHEST WIND DIRECTION     N (360)
  HIGHEST GUST SPEED    27   HIGHEST GUST DIRECTION     N (350)
  AVERAGE WIND SPEED     9.4


SKY COVER
  POSSIBLE SUNSHINE  MM
  AVERAGE SKY COVER 0.2


WEATHER CONDITIONS
 THE FOLLOWING WEATHER WAS RECORDED YESTERDAY.
  NO SIGNIFICANT WEATHER WAS OBSERVED.


RELATIVE HUMIDITY (PERCENT)
 HIGHEST    96           100 AM
 LOWEST     36           400 PM
 AVERAGE    66

..........................................................


THE DODGE CITY KS CLIMATE NORMALS FOR TODAY
                         NORMAL    RECORD    YEAR
 MAXIMUM TEMPERATURE (F)   70       100      1989
 MINIMUM TEMPERATURE (F)   43        26      1892


SUNRISE AND SUNSET
APRIL 22 2016.........SUNRISE   655 AM CDT   SUNSET   823 PM CDT
APRIL 23 2016.........SUNRISE   653 AM CDT   SUNSET   823 PM CDT


-  INDICATES NEGATIVE NUMBERS.
R  INDICATES RECORD WAS SET OR TIED.
MM INDICATES DATA IS MISSING.
T  INDICATES TRACE AMOUNT.




$$
