000
CDUS43 KDDC 262337
CLIDGC


CLIMATE REPORT
NATIONAL WEATHER SERVICE DODGE CITY KS
532 PM CST MON JAN 26 2015


...................................

...THE DODGE CITY KS CLIMATE SUMMARY FOR JANUARY 26 2015...
VALID TODAY AS OF 0500 PM LOCAL TIME.

CLIMATE NORMAL PERIOD 1981 TO 2010
CLIMATE RECORD PERIOD 1875 TO 2015


WEATHER ITEM   OBSERVED TIME   RECORD YEAR NORMAL DEPARTURE LAST
                VALUE   (LST)  VALUE       VALUE  FROM      YEAR
                                                  NORMAL
..................................................................
TEMPERATURE (F)
 TODAY
  MAXIMUM         73    334 PM  78    1951  45     28       60
  MINIMUM         31   1208 AM  -8    1902  20     11       23
  AVERAGE         52                        33     19       42

PRECIPITATION (IN)
  TODAY            0.00          0.75 1944   0.02  -0.02     0.00
  MONTH TO DATE    0.29                      0.47  -0.18     0.16
  SINCE DEC 1      1.29                      1.31  -0.02     0.64
  SINCE JAN 1      0.29                      0.47  -0.18     0.16

SNOWFALL (IN)
  TODAY            0.0           4.8  1948   0.2   -0.2      0.0
  MONTH TO DATE    3.3                       4.0   -0.7      2.8
  SINCE DEC 1      7.1                       8.1   -1.0      8.3
  SINCE JUL 1      9.3                      10.3   -1.0     13.3
  SNOW DEPTH       0

DEGREE DAYS
 HEATING
  TODAY           13                        32    -19       23
  MONTH TO DATE  854                       857     -3      829
  SINCE DEC 1   1786                      1857    -71     1909
  SINCE JUL 1   2784                      2871    -87     2937

 COOLING
  TODAY            0                         0      0        0
  MONTH TO DATE    0                         0      0        0
  SINCE DEC 1      0                         0      0        0
  SINCE JAN 1      0                         0      0        0
..................................................................


WIND (MPH)
  HIGHEST WIND SPEED    23   HIGHEST WIND DIRECTION     N (350)
  HIGHEST GUST SPEED    30   HIGHEST GUST DIRECTION     N (350)
  AVERAGE WIND SPEED    14.5


SKY COVER
  POSSIBLE SUNSHINE  MM
  AVERAGE SKY COVER 0.0


WEATHER CONDITIONS
 THE FOLLOWING WEATHER WAS RECORDED TODAY.
  NO SIGNIFICANT WEATHER WAS OBSERVED.


RELATIVE HUMIDITY (PERCENT)
 HIGHEST    64           500 AM
 LOWEST     19           300 PM
 AVERAGE    42

..........................................................


THE DODGE CITY KS CLIMATE NORMALS FOR TOMORROW
                         NORMAL    RECORD    YEAR
 MAXIMUM TEMPERATURE (F)   45        70      2003
                                             2002
 MINIMUM TEMPERATURE (F)   20        -6      1948


SUNRISE AND SUNSET
JANUARY 26 2015.......SUNRISE   749 AM CST   SUNSET   557 PM CST
JANUARY 27 2015.......SUNRISE   748 AM CST   SUNSET   558 PM CST


-  INDICATES NEGATIVE NUMBERS.
R  INDICATES RECORD WAS SET OR TIED.
MM INDICATES DATA IS MISSING.
T  INDICATES TRACE AMOUNT.




$$
