279
CDUS43 KDDC 142333
CLIDGC


CLIMATE REPORT
NATIONAL WEATHER SERVICE DODGE CITY KS
533 PM CST TUE NOV 14 2017


...................................

...THE DODGE CITY KS CLIMATE SUMMARY FOR NOVEMBER 14 2017...
VALID TODAY AS OF 0500 PM LOCAL TIME.

CLIMATE NORMAL PERIOD 1981 TO 2010
CLIMATE RECORD PERIOD 1875 TO 2017


WEATHER ITEM   OBSERVED TIME   RECORD YEAR NORMAL DEPARTURE LAST
                VALUE   (LST)  VALUE       VALUE  FROM      YEAR
                                                  NORMAL
..................................................................
TEMPERATURE (F)
 TODAY
  MAXIMUM         73    350 PM  82    1988  57     16       72
  MINIMUM         51    805 AM   2    1940  31     20       41
                                      1916
  AVERAGE         62                        44     18       57

PRECIPITATION (IN)
  TODAY            0.00          0.71 1947   0.03  -0.03     0.00
  MONTH TO DATE    T                         0.43  -0.43     0.36
  SINCE SEP 1      1.91                      3.84  -1.93     0.76
  SINCE JAN 1     25.56                     20.43   5.13    22.77

SNOWFALL (IN)
  TODAY            0.0           2.6  1985   0.0    0.0      0.0
  MONTH TO DATE    0.0                       0.4   -0.4      0.0
  SINCE SEP 1      0.0                       0.8   -0.8      0.0
  SINCE JUL 1      0.0                       0.8   -0.8      0.0
  SNOW DEPTH       0

DEGREE DAYS
 HEATING
  TODAY            3                        21    -18        8
  MONTH TO DATE  301                       252     49      157
  SINCE SEP 1    592                       604    -12      305
  SINCE JUL 1    592                       608    -16      305

 COOLING
  TODAY            0                         0      0        0
  MONTH TO DATE    0                         0      0        0
  SINCE SEP 1    288                       216     72      326
  SINCE JAN 1   1520                      1462     58     1580
..................................................................


WIND (MPH)
  HIGHEST WIND SPEED    22   HIGHEST WIND DIRECTION     S (190)
  HIGHEST GUST SPEED    28   HIGHEST GUST DIRECTION     S (200)
  AVERAGE WIND SPEED    14.6


SKY COVER
  POSSIBLE SUNSHINE  MM
  AVERAGE SKY COVER 0.7


WEATHER CONDITIONS
 THE FOLLOWING WEATHER WAS RECORDED TODAY.
  FOG
  HAZE


RELATIVE HUMIDITY (PERCENT)
 HIGHEST    96           200 AM
 LOWEST     47           400 PM
 AVERAGE    72

..........................................................


THE DODGE CITY KS CLIMATE NORMALS FOR TOMORROW
                         NORMAL    RECORD    YEAR
 MAXIMUM TEMPERATURE (F)   56        83      1894
 MINIMUM TEMPERATURE (F)   30        10      1955


SUNRISE AND SUNSET
NOVEMBER 14 2017......SUNRISE   719 AM CST   SUNSET   529 PM CST
NOVEMBER 15 2017......SUNRISE   720 AM CST   SUNSET   528 PM CST


-  INDICATES NEGATIVE NUMBERS.
R  INDICATES RECORD WAS SET OR TIED.
MM INDICATES DATA IS MISSING.
T  INDICATES TRACE AMOUNT.




$$
