000
CDUS43 KDDC 121007
CLIDGC


CLIMATE REPORT
NATIONAL WEATHER SERVICE DODGE CITY KS
406 AM CST WED NOV 12 2014


...................................

...THE DODGE CITY KS CLIMATE SUMMARY FOR NOVEMBER 11 2014...

CLIMATE NORMAL PERIOD 1981 TO 2010
CLIMATE RECORD PERIOD 1875 TO 2014


WEATHER ITEM   OBSERVED TIME   RECORD YEAR NORMAL DEPARTURE LAST
                VALUE   (LST)  VALUE       VALUE  FROM      YEAR
                                                  NORMAL
..................................................................
TEMPERATURE (F)
 YESTERDAY
  MAXIMUM         29    253 PM  82    2005  58    -29       53
                                      1989
  MINIMUM         15   1151 PM   8    1911  32    -17       26
  AVERAGE         22                        45    -23       40

PRECIPITATION (IN)
  YESTERDAY        0.00          0.36 2010   0.02  -0.02     0.00
  MONTH TO DATE    T                         0.35  -0.35     0.62
  SINCE SEP 1      3.80                      3.76   0.04     4.58
  SINCE JAN 1     22.03                     20.35   1.68    20.06

SNOWFALL (IN)
  YESTERDAY        0.0           0.3  1992   0.1   -0.1      0.0
                                      1911
  MONTH TO DATE    0.0                       0.3   -0.3      0.0
  SINCE SEP 1      0.0                       0.7   -0.7      2.7
  SINCE JUL 1      0.0                       0.7   -0.7      2.7
  SNOW DEPTH       0

DEGREE DAYS
 HEATING
  YESTERDAY       43                        20     23       25
  MONTH TO DATE  174                       190    -16      189
  SINCE SEP 1    414                       542   -128      529
  SINCE JUL 1    427                       546   -119      529

 COOLING
  YESTERDAY        0                         0      0        0
  MONTH TO DATE    0                         0      0        0
  SINCE SEP 1    230                       216     14      277
  SINCE JAN 1   1475                      1462     13     1641
..................................................................


WIND (MPH)
  HIGHEST WIND SPEED    37   HIGHEST WIND DIRECTION     N (360)
  HIGHEST GUST SPEED    47   HIGHEST GUST DIRECTION     N (360)
  AVERAGE WIND SPEED    18.6


SKY COVER
  POSSIBLE SUNSHINE  MM
  AVERAGE SKY COVER 0.5


WEATHER CONDITIONS
 THE FOLLOWING WEATHER WAS RECORDED YESTERDAY.
  NO SIGNIFICANT WEATHER WAS OBSERVED.


RELATIVE HUMIDITY (PERCENT)
 HIGHEST    73          1100 PM
 LOWEST     34           200 PM
 AVERAGE    54

..........................................................


THE DODGE CITY KS CLIMATE NORMALS FOR TODAY
                         NORMAL    RECORD    YEAR
 MAXIMUM TEMPERATURE (F)   58        83      1894
 MINIMUM TEMPERATURE (F)   32         5      1911


SUNRISE AND SUNSET
NOVEMBER 12 2014......SUNRISE   717 AM CST   SUNSET   531 PM CST
NOVEMBER 13 2014......SUNRISE   718 AM CST   SUNSET   530 PM CST


-  INDICATES NEGATIVE NUMBERS.
R  INDICATES RECORD WAS SET OR TIED.
MM INDICATES DATA IS MISSING.
T  INDICATES TRACE AMOUNT.




$$
