000
CDUS43 KDDC 241006
CLIDGC


CLIMATE REPORT
NATIONAL WEATHER SERVICE DODGE CITY KS
506 AM CDT SUN MAY 24 2015


...................................

...THE DODGE CITY KS CLIMATE SUMMARY FOR MAY 23 2015...

CLIMATE NORMAL PERIOD 1981 TO 2010
CLIMATE RECORD PERIOD 1875 TO 2015


WEATHER ITEM   OBSERVED TIME   RECORD YEAR NORMAL DEPARTURE LAST
                VALUE   (LST)  VALUE       VALUE  FROM      YEAR
                                                  NORMAL
..................................................................
TEMPERATURE (F)
 YESTERDAY
  MAXIMUM         61    541 PM 100    2012  79    -18       76
  MINIMUM         53    846 AM  33    1893  54     -1       59
  AVERAGE         57                        66     -9       68

PRECIPITATION (IN)
  YESTERDAY        0.67          1.91 1936   0.09   0.58     0.01
  MONTH TO DATE    6.68                      2.00   4.68     1.52
  SINCE MAR 1      8.77                      5.41   3.36     2.53
  SINCE JAN 1     10.07                      6.67   3.40     3.37

SNOWFALL (IN)
  YESTERDAY        0.0           0.0  2002   0.0    0.0      0.0
  MONTH TO DATE    0.0                       0.0    0.0      0.0
  SINCE MAR 1      T                         6.0   -6.0      6.6
  SINCE JUL 1     21.4                      21.1    0.3     31.1
  SNOW DEPTH       0

DEGREE DAYS
 HEATING
  YESTERDAY        8                         2      6        0
  MONTH TO DATE  133                       101     32      116
  SINCE MAR 1    894                      1093   -199     1214
  SINCE JUL 1   4642                      4940   -298     5371

 COOLING
  YESTERDAY        0                         4     -4        3
  MONTH TO DATE   36                        53    -17       87
  SINCE MAR 1     51                        72    -21      110
  SINCE JAN 1     51                        72    -21      110
..................................................................


WIND (MPH)
  HIGHEST WIND SPEED    29   HIGHEST WIND DIRECTION     E (100)
  HIGHEST GUST SPEED    33   HIGHEST GUST DIRECTION     E (100)
  AVERAGE WIND SPEED    13.5


SKY COVER
  POSSIBLE SUNSHINE  MM
  AVERAGE SKY COVER 0.8


WEATHER CONDITIONS
 THE FOLLOWING WEATHER WAS RECORDED YESTERDAY.
  THUNDERSTORM
  HEAVY RAIN
  RAIN
  LIGHT RAIN
  FOG
  FOG W/VISIBILITY <= 1/4 MILE


RELATIVE HUMIDITY (PERCENT)
 HIGHEST    93           200 AM
 LOWEST     80           100 PM
 AVERAGE    87

..........................................................


THE DODGE CITY KS CLIMATE NORMALS FOR TODAY
                         NORMAL    RECORD    YEAR
 MAXIMUM TEMPERATURE (F)   79       102      1967
 MINIMUM TEMPERATURE (F)   54        39      2001


SUNRISE AND SUNSET
MAY 24 2015...........SUNRISE   624 AM CDT   SUNSET   850 PM CDT
MAY 25 2015...........SUNRISE   623 AM CDT   SUNSET   851 PM CDT


-  INDICATES NEGATIVE NUMBERS.
R  INDICATES RECORD WAS SET OR TIED.
MM INDICATES DATA IS MISSING.
T  INDICATES TRACE AMOUNT.




$$
