000
CDUS43 KDDC 252335
CLIDGC


CLIMATE REPORT
NATIONAL WEATHER SERVICE DODGE CITY KS
631 PM CDT TUE JUL 25 2017


...................................

...THE DODGE CITY KS CLIMATE SUMMARY FOR JULY 25 2017...
VALID TODAY AS OF 0500 PM LOCAL TIME.

CLIMATE NORMAL PERIOD 1981 TO 2010
CLIMATE RECORD PERIOD 1875 TO 2017


WEATHER ITEM   OBSERVED TIME   RECORD YEAR NORMAL DEPARTURE LAST
                VALUE   (LST)  VALUE       VALUE  FROM      YEAR
                                                  NORMAL
..................................................................
TEMPERATURE (F)
 TODAY
  MAXIMUM        101    306 PM 107    2006  93      8       88
                                      2002
  MINIMUM         67    326 AM  54    1911  67      0       66
  AVERAGE         84                        80      4       77

PRECIPITATION (IN)
  TODAY            0.00          3.49 1941   0.10  -0.10     0.26
  MONTH TO DATE    1.82                      2.48  -0.66     5.15
  SINCE JUN 1      4.94                      5.72  -0.78     7.86
  SINCE JAN 1     22.37                     13.24   9.13    18.98

SNOWFALL (IN)
  TODAY            0.0           0.0  2001   0.0    0.0      0.0
  MONTH TO DATE    0.0                       0.0    0.0      0.0
  SINCE JUN 1      0.0                       0.0    0.0      0.0
  SINCE JUL 1      0.0                       0.0    0.0      0.0
  SNOW DEPTH       0

DEGREE DAYS
 HEATING
  TODAY            0                         0      0        0
  MONTH TO DATE    0                         0      0        0
  SINCE JUN 1      0                        13    -13        1
  SINCE JUL 1      0                         0      0        0

 COOLING
  TODAY           19                        15      4       12
  MONTH TO DATE  415                       363     52      387
  SINCE JUN 1    736                       641     95      738
  SINCE JAN 1    838                       750     88      796
..................................................................


WIND (MPH)
  HIGHEST WIND SPEED    24   HIGHEST WIND DIRECTION     S (160)
  HIGHEST GUST SPEED    30   HIGHEST GUST DIRECTION     S (160)
  AVERAGE WIND SPEED    14.3


SKY COVER
  POSSIBLE SUNSHINE  MM
  AVERAGE SKY COVER 0.0


WEATHER CONDITIONS
 THE FOLLOWING WEATHER WAS RECORDED TODAY.
  NO SIGNIFICANT WEATHER WAS OBSERVED.


RELATIVE HUMIDITY (PERCENT)
 HIGHEST    84           500 AM
 LOWEST     31           200 PM
 AVERAGE    58

..........................................................


THE DODGE CITY KS CLIMATE NORMALS FOR TOMORROW
                         NORMAL    RECORD    YEAR
 MAXIMUM TEMPERATURE (F)   93       107      1940
 MINIMUM TEMPERATURE (F)   67        53      2004


SUNRISE AND SUNSET
JULY 25 2017..........SUNRISE   638 AM CDT   SUNSET   854 PM CDT
JULY 26 2017..........SUNRISE   639 AM CDT   SUNSET   854 PM CDT


-  INDICATES NEGATIVE NUMBERS.
R  INDICATES RECORD WAS SET OR TIED.
MM INDICATES DATA IS MISSING.
T  INDICATES TRACE AMOUNT.




$$
