000
CDUS43 KDDC 071006
CLIDGC


CLIMATE REPORT
NATIONAL WEATHER SERVICE DODGE CITY KS
505 AM CDT TUE JUL 7 2015


...................................

...THE DODGE CITY KS CLIMATE SUMMARY FOR JULY 6 2015...

CLIMATE NORMAL PERIOD 1981 TO 2010
CLIMATE RECORD PERIOD 1875 TO 2015


WEATHER ITEM   OBSERVED TIME   RECORD YEAR NORMAL DEPARTURE LAST
                VALUE   (LST)  VALUE       VALUE  FROM      YEAR
                                                  NORMAL
..................................................................
TEMPERATURE (F)
 YESTERDAY
  MAXIMUM         82    906 AM 107    1991  92    -10       97
  MINIMUM         68   1159 PM  52    1924  66      2       67
  AVERAGE         75                        79     -4       82

PRECIPITATION (IN)
  YESTERDAY        0.00          1.57 1975   0.10  -0.10     0.00
  MONTH TO DATE    T                         0.59  -0.59     0.15
  SINCE JUN 1      2.08                      3.83  -1.75     9.24
  SINCE JAN 1     15.80                     11.35   4.45    12.76

SNOWFALL (IN)
  YESTERDAY        0.0           0.0  2002   0.0    0.0      0.0
                                      2001
  MONTH TO DATE    0.0                       0.0    0.0      0.0
  SINCE JUN 1      0.0                       0.0    0.0      0.0
  SINCE JUL 1      0.0                       0.0    0.0      0.0
  SNOW DEPTH       0

DEGREE DAYS
 HEATING
  YESTERDAY        0                         0      0        0
  MONTH TO DATE    0                         0      0        0
  SINCE JUN 1      0                        13    -13        7
  SINCE JUL 1      0                         0      0        0

 COOLING
  YESTERDAY       10                        14     -4       17
  MONTH TO DATE   81                        82     -1       60
  SINCE JUN 1    434                       360     74      344
  SINCE JAN 1    495                       469     26      516
..................................................................


WIND (MPH)
  HIGHEST WIND SPEED    29   HIGHEST WIND DIRECTION     N (360)
  HIGHEST GUST SPEED    37   HIGHEST GUST DIRECTION     N (350)
  AVERAGE WIND SPEED    18.0


SKY COVER
  POSSIBLE SUNSHINE  MM
  AVERAGE SKY COVER 0.5


WEATHER CONDITIONS
 THE FOLLOWING WEATHER WAS RECORDED YESTERDAY.
  HAZE


RELATIVE HUMIDITY (PERCENT)
 HIGHEST    73           300 AM
 LOWEST     60           100 AM
 AVERAGE    67

..........................................................


THE DODGE CITY KS CLIMATE NORMALS FOR TODAY
                         NORMAL    RECORD    YEAR
 MAXIMUM TEMPERATURE (F)   93       106      1991
 MINIMUM TEMPERATURE (F)   66        50      1908


SUNRISE AND SUNSET
JULY  7 2015..........SUNRISE   625 AM CDT   SUNSET   905 PM CDT
JULY  8 2015..........SUNRISE   625 AM CDT   SUNSET   904 PM CDT


-  INDICATES NEGATIVE NUMBERS.
R  INDICATES RECORD WAS SET OR TIED.
MM INDICATES DATA IS MISSING.
T  INDICATES TRACE AMOUNT.




$$
