000
CDUS43 KDDC 030712
CLIDGC


CLIMATE REPORT
NATIONAL WEATHER SERVICE DODGE CITY KS
212 AM CDT TUE MAY 3 2016


...................................

...THE DODGE CITY KS CLIMATE SUMMARY FOR MAY 2 2016...

CLIMATE NORMAL PERIOD 1981 TO 2010
CLIMATE RECORD PERIOD 1875 TO 2016


WEATHER ITEM   OBSERVED TIME   RECORD YEAR NORMAL DEPARTURE LAST
                VALUE   (LST)  VALUE       VALUE  FROM      YEAR
                                                  NORMAL
..................................................................
TEMPERATURE (F)
 YESTERDAY
  MAXIMUM         61    616 PM  95    1965  73    -12       87
                                      1902
  MINIMUM         35    430 AM  28    1967  47    -12       58
  AVERAGE         48                        60    -12       73

PRECIPITATION (IN)
  YESTERDAY        0.00          1.32 1907   0.07  -0.07      T
  MONTH TO DATE    T                         0.15  -0.15      T
  SINCE MAR 1      8.12                      3.56   4.56     2.09
  SINCE JAN 1      8.71                      4.82   3.89     3.39

SNOWFALL (IN)
  YESTERDAY        0.0           T    1955   0.0    0.0      0.0
                                      1954
  MONTH TO DATE    0.0                       0.0    0.0      0.0
  SINCE MAR 1      0.4                       6.0   -5.6       T
  SINCE JUL 1     10.4                      21.1  -10.7     21.4
  SNOW DEPTH       0

DEGREE DAYS
 HEATING
  YESTERDAY       17                         7     10        0
  MONTH TO DATE   40                        14     26        0
  SINCE MAR 1    855                      1006   -151      761
  SINCE JUL 1   4217                      4853   -636     4509

 COOLING
  YESTERDAY        0                         1     -1        8
  MONTH TO DATE    0                         2     -2        8
  SINCE MAR 1      9                        21    -12       23
  SINCE JAN 1     11                        21    -10       23
..................................................................


WIND (MPH)
  HIGHEST WIND SPEED    17   HIGHEST WIND DIRECTION     N (350)
  HIGHEST GUST SPEED    25   HIGHEST GUST DIRECTION     N (350)
  AVERAGE WIND SPEED     8.3


SKY COVER
  POSSIBLE SUNSHINE  MM
  AVERAGE SKY COVER 0.2


WEATHER CONDITIONS
 THE FOLLOWING WEATHER WAS RECORDED YESTERDAY.
  NO SIGNIFICANT WEATHER WAS OBSERVED.


RELATIVE HUMIDITY (PERCENT)
 HIGHEST    93           700 AM
 LOWEST     32           600 PM
 AVERAGE    63

..........................................................


THE DODGE CITY KS CLIMATE NORMALS FOR TODAY
                         NORMAL    RECORD    YEAR
 MAXIMUM TEMPERATURE (F)   73        91      2014
                                             1959
 MINIMUM TEMPERATURE (F)   47        25      2013


SUNRISE AND SUNSET
MAY  3 2016...........SUNRISE   641 AM CDT   SUNSET   833 PM CDT
MAY  4 2016...........SUNRISE   640 AM CDT   SUNSET   834 PM CDT


-  INDICATES NEGATIVE NUMBERS.
R  INDICATES RECORD WAS SET OR TIED.
MM INDICATES DATA IS MISSING.
T  INDICATES TRACE AMOUNT.




$$
