000
CDUS43 KDDC 140725
CLIDGC


CLIMATE REPORT
NATIONAL WEATHER SERVICE DODGE CITY KS
225 AM CDT SAT OCT 14 2017


...................................

...THE DODGE CITY KS CLIMATE SUMMARY FOR OCTOBER 13 2017...

CLIMATE NORMAL PERIOD 1981 TO 2010
CLIMATE RECORD PERIOD 1875 TO 2017


WEATHER ITEM   OBSERVED TIME   RECORD YEAR NORMAL DEPARTURE LAST
                VALUE   (LST)  VALUE       VALUE  FROM      YEAR
                                                  NORMAL
..................................................................
TEMPERATURE (F)
 YESTERDAY
  MAXIMUM         72    442 PM  92    1968  71      1       60
                                      1941
  MINIMUM         52    743 AM  29    1986  45      7       36
  AVERAGE         62                        58      4       48

PRECIPITATION (IN)
  YESTERDAY        T             1.44 2012   0.06  -0.06     0.00
  MONTH TO DATE    0.37                      0.74  -0.37     0.09
  SINCE SEP 1      1.91                      2.41  -0.50     0.40
  SINCE JAN 1     25.56                     19.00   6.56    22.41

SNOWFALL (IN)
  YESTERDAY        0.0           T    1986   0.1   -0.1      0.0
  MONTH TO DATE    0.0                       0.1   -0.1      0.0
  SINCE SEP 1      0.0                       0.1   -0.1      0.0
  SINCE JUL 1      0.0                       0.1   -0.1      0.0
  SNOW DEPTH       0

DEGREE DAYS
 HEATING
  YESTERDAY        3                         8     -5       17
  MONTH TO DATE   54                        86    -32       68
  SINCE SEP 1     84                       147    -63       94
  SINCE JUL 1     84                       151    -67       94

 COOLING
  YESTERDAY        0                         1     -1        0
  MONTH TO DATE   35                        21     14       27
  SINCE SEP 1    282                       208     74      269
  SINCE JAN 1   1514                      1454     60     1523
..................................................................


WIND (MPH)
  HIGHEST WIND SPEED    23   HIGHEST WIND DIRECTION     N (340)
  HIGHEST GUST SPEED    29   HIGHEST GUST DIRECTION     N (350)
  AVERAGE WIND SPEED     9.5


SKY COVER
  POSSIBLE SUNSHINE  MM
  AVERAGE SKY COVER 0.3


WEATHER CONDITIONS
 THE FOLLOWING WEATHER WAS RECORDED YESTERDAY.
  LIGHT RAIN


RELATIVE HUMIDITY (PERCENT)
 HIGHEST    93           600 AM
 LOWEST     49           400 PM
 AVERAGE    71

..........................................................


THE DODGE CITY KS CLIMATE NORMALS FOR TODAY
                         NORMAL    RECORD    YEAR
 MAXIMUM TEMPERATURE (F)   70        96      1968
 MINIMUM TEMPERATURE (F)   44        28      1969


SUNRISE AND SUNSET
OCTOBER 14 2017.......SUNRISE   748 AM CDT   SUNSET   703 PM CDT
OCTOBER 15 2017.......SUNRISE   748 AM CDT   SUNSET   702 PM CDT


-  INDICATES NEGATIVE NUMBERS.
R  INDICATES RECORD WAS SET OR TIED.
MM INDICATES DATA IS MISSING.
T  INDICATES TRACE AMOUNT.




$$
