000
CDUS43 KDDC 131425
CLIDGC


CLIMATE REPORT
NATIONAL WEATHER SERVICE DODGE CITY KS
925 AM CDT TUE JUN 13 2017


...................................

...THE DODGE CITY KS CLIMATE SUMMARY FOR JUNE 13 2017...
VALID AS OF 0800 AM LOCAL TIME.

CLIMATE NORMAL PERIOD 1981 TO 2010
CLIMATE RECORD PERIOD 1875 TO 2017


WEATHER ITEM   OBSERVED TIME   RECORD YEAR NORMAL DEPARTURE LAST
                VALUE   (LST)  VALUE       VALUE  FROM      YEAR
                                                  NORMAL
..................................................................
TEMPERATURE (F)
 TODAY
  MAXIMUM         76    759 AM 105    1953  86    -10       87
  MINIMUM         69    553 AM  41    1947  61      8       64
  AVERAGE         73                        73      0       76

PRECIPITATION (IN)
  TODAY            0.00          3.01 1972   0.10  -0.10     0.52
  MONTH TO DATE    2.27                      1.48   0.79     0.61
  SINCE JUN 1      2.27                      1.48   0.79     0.61
  SINCE JAN 1     19.70                      9.00  10.70    11.73

SNOWFALL (IN)
  TODAY            0.0           T    1983   0.0    0.0      0.0
  MONTH TO DATE    0.0                       0.0    0.0      0.0
  SINCE JUN 1      0.0                       0.0    0.0      0.0
  SINCE JUL 1      7.5                      21.1  -13.6     10.4
  SNOW DEPTH       0

..................................................................


WIND (MPH)
  HIGHEST WIND SPEED    25   HIGHEST WIND DIRECTION     S (190)
  HIGHEST GUST SPEED    32   HIGHEST GUST DIRECTION     S (190)
  AVERAGE WIND SPEED    19.6



WEATHER CONDITIONS
 THE FOLLOWING WEATHER WAS RECORDED TODAY.
  NO SIGNIFICANT WEATHER WAS OBSERVED.


RELATIVE HUMIDITY (PERCENT)
 HIGHEST    84           500 AM
 LOWEST     69          1200 AM

..........................................................


THE DODGE CITY KS CLIMATE NORMALS FOR TOMORROW
                         NORMAL    RECORD    YEAR
 MAXIMUM TEMPERATURE (F)   86       105      1980
 MINIMUM TEMPERATURE (F)   61        45      1917


SUNRISE AND SUNSET
JUNE 13 2017..........SUNRISE   617 AM CDT   SUNSET   903 PM CDT
JUNE 14 2017..........SUNRISE   617 AM CDT   SUNSET   903 PM CDT


-  INDICATES NEGATIVE NUMBERS.
R  INDICATES RECORD WAS SET OR TIED.
MM INDICATES DATA IS MISSING.
T  INDICATES TRACE AMOUNT.




$$
