000
CDUS43 KDDC 162326
CLIDGC


CLIMATE REPORT
NATIONAL WEATHER SERVICE DODGE CITY KS
625 PM CDT WED JUL 16 2014


...................................

...THE DODGE CITY KS CLIMATE SUMMARY FOR JULY 16 2014...
VALID TODAY AS OF 0500 PM LOCAL TIME.

CLIMATE NORMAL PERIOD 1981 TO 2010
CLIMATE RECORD PERIOD 1875 TO 2014


WEATHER ITEM   OBSERVED TIME   RECORD YEAR NORMAL DEPARTURE LAST
                VALUE   (LST)  VALUE       VALUE  FROM      YEAR
                                                  NORMAL
..................................................................
TEMPERATURE (F)
 TODAY
  MAXIMUM         63    257 AM 108    2011  93    -30       81
  MINIMUM         56    911 AM  51    1906  67    -11       63
  AVERAGE         60                        80    -20       72

PRECIPITATION (IN)
  TODAY            1.17          3.50 1972   0.10   1.07     0.31
  MONTH TO DATE    1.32                      1.57  -0.25     0.31
  SINCE JUN 1     10.41                      4.81   5.60     2.92
  SINCE JAN 1     13.93                     12.33   1.60     6.35

SNOWFALL (IN)
  TODAY            0.0           T    1994   0.0    0.0      0.0
  MONTH TO DATE    0.0                       0.0    0.0      0.0
  SINCE JUN 1      0.0                       0.0    0.0      0.0
  SINCE JUL 1      0.0                       0.0    0.0      0.0
  SNOW DEPTH       0

DEGREE DAYS
 HEATING
  TODAY            5                         0      5        0
  MONTH TO DATE    7                         0      7        0
  SINCE JUN 1     14                        13      1       12
  SINCE JUL 1      7                         0      7        0

 COOLING
  TODAY            0                        15    -15        7
  MONTH TO DATE  167                       228    -61      236
  SINCE JUN 1    451                       506    -55      624
  SINCE JAN 1    623                       615      8      786
..................................................................


WIND (MPH)
  HIGHEST WIND SPEED    24   HIGHEST WIND DIRECTION     S (180)
  HIGHEST GUST SPEED    31   HIGHEST GUST DIRECTION     S (160)
  AVERAGE WIND SPEED    10.7


SKY COVER
  POSSIBLE SUNSHINE  MM
  AVERAGE SKY COVER 1.0


WEATHER CONDITIONS
 THE FOLLOWING WEATHER WAS RECORDED TODAY.
  THUNDERSTORM
  HEAVY RAIN
  RAIN
  LIGHT RAIN
  FOG


RELATIVE HUMIDITY (PERCENT)
 HIGHEST    78           100 PM
 LOWEST     67           100 AM
 AVERAGE    73

..........................................................


THE DODGE CITY KS CLIMATE NORMALS FOR TOMORROW
                         NORMAL    RECORD    YEAR
 MAXIMUM TEMPERATURE (F)   93       107      1980
 MINIMUM TEMPERATURE (F)   67        52      1900


SUNRISE AND SUNSET
JULY 16 2014..........SUNRISE   631 AM CDT   SUNSET   901 PM CDT
JULY 17 2014..........SUNRISE   631 AM CDT   SUNSET   900 PM CDT


-  INDICATES NEGATIVE NUMBERS.
R  INDICATES RECORD WAS SET OR TIED.
MM INDICATES DATA IS MISSING.
T  INDICATES TRACE AMOUNT.




$$
