807
CDUS43 KDDC 010725
CLIDGC


CLIMATE REPORT
NATIONAL WEATHER SERVICE DODGE CITY KS
125 AM CST THU DEC 1 2016


...................................

...THE DODGE CITY KS CLIMATE SUMMARY FOR NOVEMBER 30 2016...

CLIMATE NORMAL PERIOD 1981 TO 2010
CLIMATE RECORD PERIOD 1875 TO 2016


WEATHER ITEM   OBSERVED TIME   RECORD YEAR NORMAL DEPARTURE LAST
                VALUE   (LST)  VALUE       VALUE  FROM      YEAR
                                                  NORMAL
..................................................................
TEMPERATURE (F)
 YESTERDAY
  MAXIMUM         52    328 PM  74    1995  48      4       35
                                      1970
                                      1926
  MINIMUM         25   1110 PM   5    1877  24      1       27
  AVERAGE         39                        36      3       31

PRECIPITATION (IN)
  YESTERDAY        0.00          0.72 1909   0.02  -0.02     0.03
  MONTH TO DATE    0.37                      0.76  -0.39     1.97
  SINCE SEP 1      0.77                      4.17  -3.40     6.20
  SINCE JAN 1     22.78                     20.76   2.02    25.89

SNOWFALL (IN)
  YESTERDAY        0.0           5.8  1985   0.1   -0.1      0.4
  MONTH TO DATE    0.0                       1.8   -1.8      1.1
  SINCE SEP 1      0.0                       2.2   -2.2      1.1
  SINCE JUL 1      0.0                       2.2   -2.2      1.1
  SNOW DEPTH       0

DEGREE DAYS
 HEATING
  YESTERDAY       26                        29     -3       34
  MONTH TO DATE  448                       659   -211      604
  SINCE SEP 1    596                      1010   -414      828
  SINCE JUL 1    596                      1014   -418      830

 COOLING
  YESTERDAY        0                         0      0        0
  MONTH TO DATE    0                         1     -1        0
  SINCE SEP 1    326                       217    109      314
  SINCE JAN 1   1580                      1463    117     1512
..................................................................


WIND (MPH)
  HIGHEST WIND SPEED    30   HIGHEST WIND DIRECTION    NW (310)
  HIGHEST GUST SPEED    40   HIGHEST GUST DIRECTION    NW (320)
  AVERAGE WIND SPEED    14.6


SKY COVER
  POSSIBLE SUNSHINE  MM
  AVERAGE SKY COVER 0.0


WEATHER CONDITIONS
 THE FOLLOWING WEATHER WAS RECORDED YESTERDAY.
  NO SIGNIFICANT WEATHER WAS OBSERVED.


RELATIVE HUMIDITY (PERCENT)
 HIGHEST    63           200 AM
 LOWEST     17           400 PM
 AVERAGE    40

..........................................................


THE DODGE CITY KS CLIMATE NORMALS FOR TODAY
                         NORMAL    RECORD    YEAR
 MAXIMUM TEMPERATURE (F)   48        75      1917
 MINIMUM TEMPERATURE (F)   24         0      1985


SUNRISE AND SUNSET
DECEMBER  1 2016......SUNRISE   737 AM CST   SUNSET   521 PM CST
DECEMBER  2 2016......SUNRISE   738 AM CST   SUNSET   521 PM CST


-  INDICATES NEGATIVE NUMBERS.
R  INDICATES RECORD WAS SET OR TIED.
MM INDICATES DATA IS MISSING.
T  INDICATES TRACE AMOUNT.




$$
