000
CDUS43 KDDC 150724
CLIDGC


CLIMATE REPORT
NATIONAL WEATHER SERVICE DODGE CITY KS
223 AM CDT FRI JUL 15 2016


...................................

...THE DODGE CITY KS CLIMATE SUMMARY FOR JULY 14 2016...

CLIMATE NORMAL PERIOD 1981 TO 2010
CLIMATE RECORD PERIOD 1875 TO 2016


WEATHER ITEM   OBSERVED TIME   RECORD YEAR NORMAL DEPARTURE LAST
                VALUE   (LST)  VALUE       VALUE  FROM      YEAR
                                                  NORMAL
..................................................................
TEMPERATURE (F)
 YESTERDAY
  MAXIMUM         87    508 PM 108    2003  93     -6       97
                                      1980
  MINIMUM         64    734 AM  50    1990  66     -2       67
  AVERAGE         76                        80     -4       82

PRECIPITATION (IN)
  YESTERDAY        0.49          2.38 1906   0.09   0.40      T
  MONTH TO DATE    4.42                      1.36   3.06     0.42
  SINCE JUN 1      7.13                      4.60   2.53     2.50
  SINCE JAN 1     18.25                     12.12   6.13    16.22

SNOWFALL (IN)
  YESTERDAY        0.0           0.0  2002   0.0    0.0      0.0
                                      2001
  MONTH TO DATE    0.0                       0.0    0.0      0.0
  SINCE JUN 1      0.0                       0.0    0.0      0.0
  SINCE JUL 1      0.0                       0.0    0.0      0.0
  SNOW DEPTH       0

DEGREE DAYS
 HEATING
  YESTERDAY        0                         0      0        0
  MONTH TO DATE    0                         0      0        1
  SINCE JUN 1      1                        13    -12        1
  SINCE JUL 1      0                         0      0        1

 COOLING
  YESTERDAY       11                        15     -4       17
  MONTH TO DATE  204                       198      6      176
  SINCE JUN 1    555                       476     79      529
  SINCE JAN 1    613                       585     28      590
..................................................................


WIND (MPH)
  HIGHEST WIND SPEED    36   HIGHEST WIND DIRECTION     E (80)
  HIGHEST GUST SPEED    44   HIGHEST GUST DIRECTION     E (90)
  AVERAGE WIND SPEED    12.3


SKY COVER
  POSSIBLE SUNSHINE  MM
  AVERAGE SKY COVER 0.1


WEATHER CONDITIONS
 THE FOLLOWING WEATHER WAS RECORDED YESTERDAY.
  THUNDERSTORM
  HEAVY RAIN
  RAIN
  LIGHT RAIN
  FOG


RELATIVE HUMIDITY (PERCENT)
 HIGHEST    90          1100 PM
 LOWEST     40           500 PM
 AVERAGE    65

..........................................................


THE DODGE CITY KS CLIMATE NORMALS FOR TODAY
                         NORMAL    RECORD    YEAR
 MAXIMUM TEMPERATURE (F)   93       108      2011
                                             1980
 MINIMUM TEMPERATURE (F)   67        53      2014


SUNRISE AND SUNSET
JULY 15 2016..........SUNRISE   630 AM CDT   SUNSET   901 PM CDT
JULY 16 2016..........SUNRISE   631 AM CDT   SUNSET   900 PM CDT


-  INDICATES NEGATIVE NUMBERS.
R  INDICATES RECORD WAS SET OR TIED.
MM INDICATES DATA IS MISSING.
T  INDICATES TRACE AMOUNT.




$$
