000
CDUS43 KDDC 142328
CLIDGC


CLIMATE REPORT
NATIONAL WEATHER SERVICE DODGE CITY KS
628 PM CDT MON APR 14 2014


...................................

...THE DODGE CITY KS CLIMATE SUMMARY FOR APRIL 14 2014...
VALID TODAY AS OF 0500 PM LOCAL TIME.

CLIMATE NORMAL PERIOD 1981 TO 2010
CLIMATE RECORD PERIOD 1875 TO 2014


WEATHER ITEM   OBSERVED TIME   RECORD YEAR NORMAL DEPARTURE LAST
                VALUE   (LST)  VALUE       VALUE  FROM      YEAR
                                                  NORMAL
..................................................................
TEMPERATURE (F)
 TODAY
  MAXIMUM         47    418 PM  91    2003  67    -20       71
                                      2002
  MINIMUM         28    719 AM  20    1928  40    -12       38
  AVERAGE         38                        53    -15       55

PRECIPITATION (IN)
  TODAY            0.11          1.29 1999   0.05   0.06     0.00
  MONTH TO DATE    0.31                      0.78  -0.47     0.20
  SINCE MAR 1      0.58                      2.37  -1.79     0.46
  SINCE JAN 1      1.42                      3.63  -2.21     1.84

SNOWFALL (IN)
  TODAY            1.4 R         0.0  2007   0.1    1.3      0.0
                                      1999
                                      1996
  MONTH TO DATE    2.2                       0.9    1.3       T
  SINCE MAR 1      6.6                       5.8    0.8      2.1
  SINCE JUL 1     31.1                      20.9   10.2     25.5
  SNOW DEPTH       2

DEGREE DAYS
 HEATING
  TODAY           27                        12     15       10
  MONTH TO DATE  211                       198     13      243
  SINCE MAR 1    963                       838    125      941
  SINCE JUL 1   5120                      4685    435     4652

 COOLING
  TODAY            0                         0      0        0
  MONTH TO DATE    8                         0      8        3
  SINCE MAR 1      8                         1      7        3
  SINCE JAN 1      8                         1      7        3
..................................................................


WIND (MPH)
  HIGHEST WIND SPEED    31   HIGHEST WIND DIRECTION     N (350)
  HIGHEST GUST SPEED    41   HIGHEST GUST DIRECTION     N (350)
  AVERAGE WIND SPEED    23.4


SKY COVER
  POSSIBLE SUNSHINE  MM
  AVERAGE SKY COVER 0.6


WEATHER CONDITIONS
 THE FOLLOWING WEATHER WAS RECORDED TODAY.
  SNOW
  LIGHT SNOW
  FOG


RELATIVE HUMIDITY (PERCENT)
 HIGHEST    92          1200 AM
 LOWEST     25           400 PM
 AVERAGE    59

..........................................................


THE DODGE CITY KS CLIMATE NORMALS FOR TOMORROW
                         NORMAL    RECORD    YEAR
 MAXIMUM TEMPERATURE (F)   67        97      2002
 MINIMUM TEMPERATURE (F)   40        21      1905


SUNRISE AND SUNSET
APRIL 14 2014.........SUNRISE   706 AM CDT   SUNSET   815 PM CDT
APRIL 15 2014.........SUNRISE   705 AM CDT   SUNSET   816 PM CDT


-  INDICATES NEGATIVE NUMBERS.
R  INDICATES RECORD WAS SET OR TIED.
MM INDICATES DATA IS MISSING.
T  INDICATES TRACE AMOUNT.




$$
