000
CDUS43 KDDC 251006
CLIDGC


CLIMATE REPORT
NATIONAL WEATHER SERVICE DODGE CITY KS
405 AM CST SUN JAN 25 2015


...................................

...THE DODGE CITY KS CLIMATE SUMMARY FOR JANUARY 24 2015...

CLIMATE NORMAL PERIOD 1981 TO 2010
CLIMATE RECORD PERIOD 1875 TO 2015


WEATHER ITEM   OBSERVED TIME   RECORD YEAR NORMAL DEPARTURE LAST
                VALUE   (LST)  VALUE       VALUE  FROM      YEAR
                                                  NORMAL
..................................................................
TEMPERATURE (F)
 YESTERDAY
  MAXIMUM         61    410 PM  74    1981  45     16       60
  MINIMUM         30    804 AM -15    1894  20     10        8
  AVERAGE         46                        32     14       34

PRECIPITATION (IN)
  YESTERDAY        T             0.08 1978   0.02  -0.02     0.00
  MONTH TO DATE    0.29                      0.43  -0.14     0.16
  SINCE DEC 1      1.29                      1.27   0.02     0.64
  SINCE JAN 1      0.29                      0.43  -0.14     0.16

SNOWFALL (IN)
  YESTERDAY        0.0           0.8  1978   0.1   -0.1      0.0
  MONTH TO DATE    3.3                       3.6   -0.3      2.8
  SINCE DEC 1      7.1                       7.7   -0.6      8.3
  SINCE JUL 1      9.3                       9.9   -0.6     13.3
  SNOW DEPTH       0

DEGREE DAYS
 HEATING
  YESTERDAY       19                        33    -14       31
  MONTH TO DATE  819                       792     27      790
  SINCE DEC 1   1751                      1792    -41     1870
  SINCE JUL 1   2749                      2806    -57     2898

 COOLING
  YESTERDAY        0                         0      0        0
  MONTH TO DATE    0                         0      0        0
  SINCE DEC 1      0                         0      0        0
  SINCE JAN 1      0                         0      0        0
..................................................................


WIND (MPH)
  HIGHEST WIND SPEED    25   HIGHEST WIND DIRECTION    NW (300)
  HIGHEST GUST SPEED    33   HIGHEST GUST DIRECTION    NW (300)
  AVERAGE WIND SPEED    13.5


SKY COVER
  POSSIBLE SUNSHINE  MM
  AVERAGE SKY COVER 0.2


WEATHER CONDITIONS
 THE FOLLOWING WEATHER WAS RECORDED YESTERDAY.
  LIGHT RAIN


RELATIVE HUMIDITY (PERCENT)
 HIGHEST    72           300 AM
 LOWEST     22           300 PM
 AVERAGE    47

..........................................................


THE DODGE CITY KS CLIMATE NORMALS FOR TODAY
                         NORMAL    RECORD    YEAR
 MAXIMUM TEMPERATURE (F)   45        73      1968
 MINIMUM TEMPERATURE (F)   20        -6      1957
                                             1940


SUNRISE AND SUNSET
JANUARY 25 2015.......SUNRISE   749 AM CST   SUNSET   555 PM CST
JANUARY 26 2015.......SUNRISE   749 AM CST   SUNSET   557 PM CST


-  INDICATES NEGATIVE NUMBERS.
R  INDICATES RECORD WAS SET OR TIED.
MM INDICATES DATA IS MISSING.
T  INDICATES TRACE AMOUNT.




$$
