000
CDUS43 KDDC 100711
CLIDGC


CLIMATE REPORT
NATIONAL WEATHER SERVICE DODGE CITY KS
210 AM CDT TUE OCT 10 2017


...................................

...THE DODGE CITY KS CLIMATE SUMMARY FOR OCTOBER 9 2017...

CLIMATE NORMAL PERIOD 1981 TO 2010
CLIMATE RECORD PERIOD 1875 TO 2017


WEATHER ITEM   OBSERVED TIME   RECORD YEAR NORMAL DEPARTURE LAST
                VALUE   (LST)  VALUE       VALUE  FROM      YEAR
                                                  NORMAL
..................................................................
TEMPERATURE (F)
 YESTERDAY
  MAXIMUM         55   1241 PM  92    1963  72    -17       75
                                      1921
  MINIMUM         40   1159 PM  24    2000  46     -6       55
  AVERAGE         48                        59    -11       65

PRECIPITATION (IN)
  YESTERDAY        T             4.14 1949   0.05  -0.05     0.09
  MONTH TO DATE    0.37                      0.50  -0.13     0.09
  SINCE SEP 1      1.91                      2.17  -0.26     0.40
  SINCE JAN 1     25.56                     18.76   6.80    22.41

SNOWFALL (IN)
  YESTERDAY       MM             0.0  2002   0.0   MM        0.0
                                      2001
  MONTH TO DATE    0.0                       0.0    0.0      0.0
  SINCE SEP 1      0.0                       0.0    0.0      0.0
  SINCE JUL 1      0.0                       0.0    0.0      0.0
  SNOW DEPTH       0

DEGREE DAYS
 HEATING
  YESTERDAY       17                         7     10        0
  MONTH TO DATE   23                        55    -32       34
  SINCE SEP 1     53                       116    -63       60
  SINCE JUL 1     53                       120    -67       60

 COOLING
  YESTERDAY        0                         1     -1        0
  MONTH TO DATE   30                        17     13       19
  SINCE SEP 1    277                       204     73      261
  SINCE JAN 1   1509                      1450     59     1515
..................................................................


WIND (MPH)
  HIGHEST WIND SPEED    38   HIGHEST WIND DIRECTION     N (10)
  HIGHEST GUST SPEED    48   HIGHEST GUST DIRECTION     N (10)
  AVERAGE WIND SPEED    22.4


SKY COVER
  POSSIBLE SUNSHINE  MM
  AVERAGE SKY COVER 0.6


WEATHER CONDITIONS
 THE FOLLOWING WEATHER WAS RECORDED YESTERDAY.
  LIGHT RAIN
  FOG


RELATIVE HUMIDITY (PERCENT)
 HIGHEST    96           300 AM
 LOWEST     51          1200 PM
 AVERAGE    74

..........................................................


THE DODGE CITY KS CLIMATE NORMALS FOR TODAY
                         NORMAL    RECORD    YEAR
 MAXIMUM TEMPERATURE (F)   72        92      1972
                                             1965
                                             1920
 MINIMUM TEMPERATURE (F)   46        26      2009


SUNRISE AND SUNSET
OCTOBER 10 2017.......SUNRISE   744 AM CDT   SUNSET   709 PM CDT
OCTOBER 11 2017.......SUNRISE   745 AM CDT   SUNSET   708 PM CDT


-  INDICATES NEGATIVE NUMBERS.
R  INDICATES RECORD WAS SET OR TIED.
MM INDICATES DATA IS MISSING.
T  INDICATES TRACE AMOUNT.




$$
