000
CDUS43 KDDC 140710
CLIDGC


CLIMATE REPORT
NATIONAL WEATHER SERVICE DODGE CITY KS
208 AM CDT TUE MAR 14 2017


...................................

...THE DODGE CITY KS CLIMATE SUMMARY FOR MARCH 13 2017...

CLIMATE NORMAL PERIOD 1981 TO 2010
CLIMATE RECORD PERIOD 1875 TO 2017


WEATHER ITEM   OBSERVED TIME   RECORD YEAR NORMAL DEPARTURE LAST
                VALUE   (LST)  VALUE       VALUE  FROM      YEAR
                                                  NORMAL
..................................................................
TEMPERATURE (F)
 YESTERDAY
  MAXIMUM         43    514 PM  84    1916  57    -14       70
  MINIMUM         28    907 AM  -3    1880  30     -2       44
  AVERAGE         36                        44     -8       57

PRECIPITATION (IN)
  YESTERDAY        0.00          1.46 1922   0.05  -0.05      T
  MONTH TO DATE    T                         0.54  -0.54     0.01
  SINCE MAR 1      T                         0.54  -0.54     0.01
  SINCE JAN 1      2.57                      1.80   0.77     0.60

SNOWFALL (IN)
  YESTERDAY        0.0           2.8  1924   0.1   -0.1      0.0
  MONTH TO DATE    0.0                       2.0   -2.0      0.0
  SINCE MAR 1      0.0                       2.0   -2.0      0.0
  SINCE JUL 1      5.0                      17.1  -12.1     10.0
  SNOW DEPTH       0

DEGREE DAYS
 HEATING
  YESTERDAY       29                        21      8        8
  MONTH TO DATE  252                       303    -51      175
  SINCE MAR 1    252                       303    -51      175
  SINCE JUL 1   3486                      4150   -664     3537

 COOLING
  YESTERDAY        0                         0      0        0
  MONTH TO DATE    0                         0      0        0
  SINCE MAR 1      0                         0      0        0
  SINCE JAN 1      0                         0      0        2
..................................................................


WIND (MPH)
  HIGHEST WIND SPEED    31   HIGHEST WIND DIRECTION     N (350)
  HIGHEST GUST SPEED    39   HIGHEST GUST DIRECTION     N (360)
  AVERAGE WIND SPEED    13.5


SKY COVER
  POSSIBLE SUNSHINE  MM
  AVERAGE SKY COVER 0.5


WEATHER CONDITIONS
 THE FOLLOWING WEATHER WAS RECORDED YESTERDAY.
  NO SIGNIFICANT WEATHER WAS OBSERVED.


RELATIVE HUMIDITY (PERCENT)
 HIGHEST    92          1200 AM
 LOWEST     29           400 PM
 AVERAGE    61

..........................................................


THE DODGE CITY KS CLIMATE NORMALS FOR TODAY
                         NORMAL    RECORD    YEAR
 MAXIMUM TEMPERATURE (F)   57        84      2003
                                             1894
 MINIMUM TEMPERATURE (F)   31        -8      1880


SUNRISE AND SUNSET
MARCH 14 2017.........SUNRISE   752 AM CDT   SUNSET   746 PM CDT
MARCH 15 2017.........SUNRISE   751 AM CDT   SUNSET   747 PM CDT


-  INDICATES NEGATIVE NUMBERS.
R  INDICATES RECORD WAS SET OR TIED.
MM INDICATES DATA IS MISSING.
T  INDICATES TRACE AMOUNT.




$$
