000
CDUS43 KDDC 201014
CLIDGC


CLIMATE REPORT
NATIONAL WEATHER SERVICE DODGE CITY KS
512 AM CDT WED MAY 20 2015


...................................

...THE DODGE CITY KS CLIMATE SUMMARY FOR MAY 19 2015...

CLIMATE NORMAL PERIOD 1981 TO 2010
CLIMATE RECORD PERIOD 1875 TO 2015


WEATHER ITEM   OBSERVED TIME   RECORD YEAR NORMAL DEPARTURE LAST
                VALUE   (LST)  VALUE       VALUE  FROM      YEAR
                                                  NORMAL
..................................................................
TEMPERATURE (F)
 YESTERDAY
  MAXIMUM         53   1252 AM  98    2014  78    -25       98
                                      2006
                                      1933
  MINIMUM         43   1159 PM  36    1930  53    -10       63
  AVERAGE         48                        65    -17       81

PRECIPITATION (IN)
  YESTERDAY        1.29          2.46 1955   0.10   1.19     0.00
  MONTH TO DATE    4.91                      1.61   3.30     1.45
  SINCE MAR 1      7.00                      5.02   1.98     2.46
  SINCE JAN 1      8.30                      6.28   2.02     3.30

SNOWFALL (IN)
  YESTERDAY        0.0           0.0  2002   0.0    0.0      0.0
                                      2001
  MONTH TO DATE    0.0                       0.0    0.0      0.0
  SINCE MAR 1      T                         6.0   -6.0      6.6
  SINCE JUL 1     21.4                      21.1    0.3     31.1
  SNOW DEPTH       0

DEGREE DAYS
 HEATING
  YESTERDAY       17                         3     14        0
  MONTH TO DATE   85                        90     -5      116
  SINCE MAR 1    846                      1082   -236     1214
  SINCE JUL 1   4594                      4929   -335     5371

 COOLING
  YESTERDAY        0                         3     -3       16
  MONTH TO DATE   36                        39     -3       56
  SINCE MAR 1     51                        58     -7       79
  SINCE JAN 1     51                        58     -7       79
..................................................................


WIND (MPH)
  HIGHEST WIND SPEED    31   HIGHEST WIND DIRECTION     E (80)
  HIGHEST GUST SPEED    38   HIGHEST GUST DIRECTION     E (80)
  AVERAGE WIND SPEED    19.1


SKY COVER
  POSSIBLE SUNSHINE  MM
  AVERAGE SKY COVER 1.0


WEATHER CONDITIONS
 THE FOLLOWING WEATHER WAS RECORDED YESTERDAY.
  THUNDERSTORM
  HEAVY RAIN
  RAIN
  LIGHT RAIN
  FOG


RELATIVE HUMIDITY (PERCENT)
 HIGHEST    93           200 PM
 LOWEST     71           100 AM
 AVERAGE    82

..........................................................


THE DODGE CITY KS CLIMATE NORMALS FOR TODAY
                         NORMAL    RECORD    YEAR
 MAXIMUM TEMPERATURE (F)   78        98      2005
                                             2004
                                             1925
 MINIMUM TEMPERATURE (F)   53        36      1931


SUNRISE AND SUNSET
MAY 20 2015...........SUNRISE   626 AM CDT   SUNSET   847 PM CDT
MAY 21 2015...........SUNRISE   626 AM CDT   SUNSET   848 PM CDT


-  INDICATES NEGATIVE NUMBERS.
R  INDICATES RECORD WAS SET OR TIED.
MM INDICATES DATA IS MISSING.
T  INDICATES TRACE AMOUNT.




$$
