846
CDUS43 KDDC 072326
CLIDGC


CLIMATE REPORT
NATIONAL WEATHER SERVICE DODGE CITY KS
525 PM CST THU DEC 7 2017


...................................

...THE DODGE CITY KS CLIMATE SUMMARY FOR DECEMBER 7 2017...
VALID TODAY AS OF 0500 PM LOCAL TIME.

CLIMATE NORMAL PERIOD 1981 TO 2010
CLIMATE RECORD PERIOD 1875 TO 2017


WEATHER ITEM   OBSERVED TIME   RECORD YEAR NORMAL DEPARTURE LAST
                VALUE   (LST)  VALUE       VALUE  FROM      YEAR
                                                  NORMAL
..................................................................
TEMPERATURE (F)
 TODAY
  MAXIMUM         34    421 PM  73    1923  46    -12       29
  MINIMUM          7    732 AM  -5    2013  22    -15       13
  AVERAGE         21                        34    -13       21

PRECIPITATION (IN)
  TODAY            0.00          0.51 1892   0.02  -0.02      T
  MONTH TO DATE    0.00                      0.17  -0.17     0.34
  SINCE DEC 1      0.00                      0.17  -0.17     0.34
  SINCE JAN 1     25.57                     20.93   4.64    23.12

SNOWFALL (IN)
  TODAY            0.0           2.5  1917   0.1   -0.1      0.1
  MONTH TO DATE    0.0                       0.9   -0.9      0.2
  SINCE DEC 1      0.0                       0.9   -0.9      0.2
  SINCE JUL 1      0.0                       3.1   -3.1      0.2
  SNOW DEPTH       0

DEGREE DAYS
 HEATING
  TODAY           44                        31     13       44
  MONTH TO DATE  171                       210    -39      217
  SINCE DEC 1    171                       210    -39      217
  SINCE JUL 1   1025                      1224   -199      813

 COOLING
  TODAY            0                         0      0        0
  MONTH TO DATE    0                         0      0        0
  SINCE DEC 1      0                         0      0        0
  SINCE JAN 1   1520                      1463     57     1580
..................................................................


WIND (MPH)
  HIGHEST WIND SPEED    18   HIGHEST WIND DIRECTION     N (350)
  HIGHEST GUST SPEED    26   HIGHEST GUST DIRECTION     N (350)
  AVERAGE WIND SPEED    10.4


SKY COVER
  POSSIBLE SUNSHINE  MM
  AVERAGE SKY COVER 0.0


WEATHER CONDITIONS
 THE FOLLOWING WEATHER WAS RECORDED TODAY.
  NO SIGNIFICANT WEATHER WAS OBSERVED.


RELATIVE HUMIDITY (PERCENT)
 HIGHEST    88           700 AM
 LOWEST     38           300 PM
 AVERAGE    63

..........................................................


THE DODGE CITY KS CLIMATE NORMALS FOR TOMORROW
                         NORMAL    RECORD    YEAR
 MAXIMUM TEMPERATURE (F)   45        71      1940
                                             1900
 MINIMUM TEMPERATURE (F)   22        -7      1917


SUNRISE AND SUNSET
DECEMBER  7 2017......SUNRISE   742 AM CST   SUNSET   521 PM CST
DECEMBER  8 2017......SUNRISE   743 AM CST   SUNSET   521 PM CST


-  INDICATES NEGATIVE NUMBERS.
R  INDICATES RECORD WAS SET OR TIED.
MM INDICATES DATA IS MISSING.
T  INDICATES TRACE AMOUNT.




$$
