287
CDUS43 KDDC 011425
CLIDGC


CLIMATE REPORT
NATIONAL WEATHER SERVICE DODGE CITY KS
825 AM CST MON FEB 1 2016


...................................

...THE DODGE CITY KS CLIMATE SUMMARY FOR FEBRUARY 1 2016...
VALID AS OF 0800 AM LOCAL TIME.

CLIMATE NORMAL PERIOD 1981 TO 2010
CLIMATE RECORD PERIOD 1875 TO 2016


WEATHER ITEM   OBSERVED TIME   RECORD YEAR NORMAL DEPARTURE LAST
                VALUE   (LST)  VALUE       VALUE  FROM      YEAR
                                                  NORMAL
..................................................................
TEMPERATURE (F)
 TODAY
  MAXIMUM         34    727 AM  86    1963  46    -12       35
  MINIMUM         27    255 AM -15    1951  21      6       11
  AVERAGE         31                        33     -2       23

PRECIPITATION (IN)
  TODAY            0.00          0.57 1941   0.02  -0.02     0.03
  MONTH TO DATE    0.00                      0.02  -0.02     0.03
  SINCE DEC 1      2.71                      1.44   1.27     1.69
  SINCE JAN 1      0.28                      0.60  -0.32     0.69

SNOWFALL (IN)
  TODAY            0.0           3.8  1983   0.2   -0.2       T
  MONTH TO DATE    0.0                       0.2   -0.2       T
  SINCE DEC 1      8.8                       9.2   -0.4      8.3
  SINCE JUL 1      9.9                      11.4   -1.5     10.5
  SNOW DEPTH       0

..................................................................


WIND (MPH)
  HIGHEST WIND SPEED    12   HIGHEST WIND DIRECTION     E (100)
  HIGHEST GUST SPEED    14   HIGHEST GUST DIRECTION    SE (140)
  AVERAGE WIND SPEED     7.5



WEATHER CONDITIONS
 THE FOLLOWING WEATHER WAS RECORDED TODAY.
  NO SIGNIFICANT WEATHER WAS OBSERVED.


RELATIVE HUMIDITY (PERCENT)
 HIGHEST    81           300 AM
 LOWEST     69           500 AM

..........................................................


THE DODGE CITY KS CLIMATE NORMALS FOR TOMORROW
                         NORMAL    RECORD    YEAR
 MAXIMUM TEMPERATURE (F)   46        74      2003
 MINIMUM TEMPERATURE (F)   21       -11      1902


SUNRISE AND SUNSET
FEBRUARY  1 2016......SUNRISE   744 AM CST   SUNSET   603 PM CST
FEBRUARY  2 2016......SUNRISE   743 AM CST   SUNSET   604 PM CST


-  INDICATES NEGATIVE NUMBERS.
R  INDICATES RECORD WAS SET OR TIED.
MM INDICATES DATA IS MISSING.
T  INDICATES TRACE AMOUNT.




$$
