000
CDUS43 KDDC 161007
CLIDGC


CLIMATE REPORT
NATIONAL WEATHER SERVICE DODGE CITY KS
506 AM CDT TUE SEP 16 2014


...................................

...THE DODGE CITY KS CLIMATE SUMMARY FOR SEPTEMBER 15 2014...

CLIMATE NORMAL PERIOD 1981 TO 2010
CLIMATE RECORD PERIOD 1875 TO 2014


WEATHER ITEM   OBSERVED TIME   RECORD YEAR NORMAL DEPARTURE LAST
                VALUE   (LST)  VALUE       VALUE  FROM      YEAR
                                                  NORMAL
..................................................................
TEMPERATURE (F)
 YESTERDAY
  MAXIMUM         67   1204 AM 101    1978  83    -16       86
  MINIMUM         59    155 PM  36    1993  56      3       61
  AVERAGE         63                        70     -7       74

PRECIPITATION (IN)
  YESTERDAY        T             1.82 1976   0.06  -0.06      T
  MONTH TO DATE    0.69                      0.95  -0.26     0.49
  SINCE SEP 1      0.69                      0.95  -0.26     0.49
  SINCE JAN 1     18.92                     17.54   1.38    15.97

SNOWFALL (IN)
  YESTERDAY        0.0           T    1987   0.0    0.0      0.0
  MONTH TO DATE    0.0                       0.0    0.0      0.0
  SINCE SEP 1      0.0                       0.0    0.0      0.0
  SINCE JUL 1      0.0                       0.0    0.0      0.0
  SNOW DEPTH       0

DEGREE DAYS
 HEATING
  YESTERDAY        2                         2      0        0
  MONTH TO DATE   49                        12     37        1
  SINCE SEP 1     49                        12     37        1
  SINCE JUL 1     62                        16     46        1

 COOLING
  YESTERDAY        0                         6     -6        9
  MONTH TO DATE   86                       123    -37      172
  SINCE SEP 1     86                       123    -37      172
  SINCE JAN 1   1331                      1369    -38     1536
..................................................................


WIND (MPH)
  HIGHEST WIND SPEED    21   HIGHEST WIND DIRECTION    NE (30)
  HIGHEST GUST SPEED    26   HIGHEST GUST DIRECTION    NE (30)
  AVERAGE WIND SPEED    11.3


SKY COVER
  POSSIBLE SUNSHINE  MM
  AVERAGE SKY COVER 0.7


WEATHER CONDITIONS
 THE FOLLOWING WEATHER WAS RECORDED YESTERDAY.
  LIGHT RAIN
  FOG
  HAZE


RELATIVE HUMIDITY (PERCENT)
 HIGHEST    93           800 AM
 LOWEST     67           500 PM
 AVERAGE    80

..........................................................


THE DODGE CITY KS CLIMATE NORMALS FOR TODAY
                         NORMAL    RECORD    YEAR
 MAXIMUM TEMPERATURE (F)   82        99      1905
 MINIMUM TEMPERATURE (F)   56        39      1881


SUNRISE AND SUNSET
SEPTEMBER 16 2014.....SUNRISE   723 AM CDT   SUNSET   746 PM CDT
SEPTEMBER 17 2014.....SUNRISE   723 AM CDT   SUNSET   745 PM CDT


-  INDICATES NEGATIVE NUMBERS.
R  INDICATES RECORD WAS SET OR TIED.
MM INDICATES DATA IS MISSING.
T  INDICATES TRACE AMOUNT.




$$
