000
CDUS43 KDDC 180722
CLIDGC


CLIMATE REPORT
NATIONAL WEATHER SERVICE DODGE CITY KS
221 AM CDT THU AUG 18 2016


...................................

...THE DODGE CITY KS CLIMATE SUMMARY FOR AUGUST 17 2016...

CLIMATE NORMAL PERIOD 1981 TO 2010
CLIMATE RECORD PERIOD 1875 TO 2016


WEATHER ITEM   OBSERVED TIME   RECORD YEAR NORMAL DEPARTURE LAST
                VALUE   (LST)  VALUE       VALUE  FROM      YEAR
                                                  NORMAL
..................................................................
TEMPERATURE (F)
 YESTERDAY
  MAXIMUM         97    408 PM 106    1978  91      6       87
  MINIMUM         63    615 AM  53    2012  66     -3       66
  AVERAGE         80                        78      2       77

PRECIPITATION (IN)
  YESTERDAY        0.00          1.69 1966   0.09  -0.09     0.26
  MONTH TO DATE    1.06                      1.60  -0.54     1.01
  SINCE JUN 1      9.07                      7.92   1.15     5.23
  SINCE JAN 1     20.19                     15.44   4.75    18.95

SNOWFALL (IN)
  YESTERDAY        0.0           0.0  2002   0.0    0.0      0.0
                                      2001
  MONTH TO DATE    0.0                       0.0    0.0      0.0
  SINCE JUN 1      0.0                       0.0    0.0      0.0
  SINCE JUL 1      0.0                       0.0    0.0      0.0
  SNOW DEPTH       0

DEGREE DAYS
 HEATING
  YESTERDAY        0                         0      0        0
  MONTH TO DATE    0                         0      0        0
  SINCE JUN 1      1                        14    -13        1
  SINCE JUL 1      0                         1     -1        1

 COOLING
  YESTERDAY       15                        13      2       12
  MONTH TO DATE  243                       240      3      233
  SINCE JUN 1   1070                       970    100     1032
  SINCE JAN 1   1128                      1079     49     1093
..................................................................


WIND (MPH)
  HIGHEST WIND SPEED    21   HIGHEST WIND DIRECTION     S (160)
  HIGHEST GUST SPEED    26   HIGHEST GUST DIRECTION    SE (150)
  AVERAGE WIND SPEED    11.8


SKY COVER
  POSSIBLE SUNSHINE  MM
  AVERAGE SKY COVER 0.0


WEATHER CONDITIONS
 THE FOLLOWING WEATHER WAS RECORDED YESTERDAY.
  NO SIGNIFICANT WEATHER WAS OBSERVED.


RELATIVE HUMIDITY (PERCENT)
 HIGHEST    78           600 AM
 LOWEST     21           300 PM
 AVERAGE    50

..........................................................


THE DODGE CITY KS CLIMATE NORMALS FOR TODAY
                         NORMAL    RECORD    YEAR
 MAXIMUM TEMPERATURE (F)   91       106      2011
 MINIMUM TEMPERATURE (F)   65        53      1960


SUNRISE AND SUNSET
AUGUST 18 2016........SUNRISE   658 AM CDT   SUNSET   828 PM CDT
AUGUST 19 2016........SUNRISE   659 AM CDT   SUNSET   827 PM CDT


-  INDICATES NEGATIVE NUMBERS.
R  INDICATES RECORD WAS SET OR TIED.
MM INDICATES DATA IS MISSING.
T  INDICATES TRACE AMOUNT.




$$
