000
CDUS43 KDDC 111016
CLIDGC


CLIMATE REPORT
NATIONAL WEATHER SERVICE DODGE CITY KS
413 AM CST TUE NOV 11 2014


...................................

...THE DODGE CITY KS CLIMATE SUMMARY FOR NOVEMBER 10 2014...

CLIMATE NORMAL PERIOD 1981 TO 2010
CLIMATE RECORD PERIOD 1875 TO 2014


WEATHER ITEM   OBSERVED TIME   RECORD YEAR NORMAL DEPARTURE LAST
                VALUE   (LST)  VALUE       VALUE  FROM      YEAR
                                                  NORMAL
..................................................................
TEMPERATURE (F)
 YESTERDAY
  MAXIMUM         80   1238 PM  86    1927  59     21       60
  MINIMUM         22   1159 PM   8    1950  33    -11       35
  AVERAGE         51                        46      5       48

PRECIPITATION (IN)
  YESTERDAY        0.00          0.53 1881   0.03  -0.03     0.00
  MONTH TO DATE    T                         0.33  -0.33     0.62
  SINCE SEP 1      3.80                      3.74   0.06     4.58
  SINCE JAN 1     22.03                     20.33   1.70    20.06

SNOWFALL (IN)
  YESTERDAY        0.0           1.0  1940   0.0    0.0      0.0
  MONTH TO DATE    0.0                       0.2   -0.2      0.0
  SINCE SEP 1      0.0                       0.6   -0.6      2.7
  SINCE JUL 1      0.0                       0.6   -0.6      2.7
  SNOW DEPTH       0

DEGREE DAYS
 HEATING
  YESTERDAY       14                        19     -5       17
  MONTH TO DATE  131                       170    -39      164
  SINCE SEP 1    371                       522   -151      504
  SINCE JUL 1    384                       526   -142      504

 COOLING
  YESTERDAY        0                         0      0        0
  MONTH TO DATE    0                         0      0        0
  SINCE SEP 1    230                       216     14      277
  SINCE JAN 1   1475                      1462     13     1641
..................................................................


WIND (MPH)
  HIGHEST WIND SPEED    41   HIGHEST WIND DIRECTION     N (350)
  HIGHEST GUST SPEED    55   HIGHEST GUST DIRECTION     N (360)
  AVERAGE WIND SPEED    21.8


SKY COVER
  POSSIBLE SUNSHINE  MM
  AVERAGE SKY COVER 0.1


WEATHER CONDITIONS
 THE FOLLOWING WEATHER WAS RECORDED YESTERDAY.
  HAZE


RELATIVE HUMIDITY (PERCENT)
 HIGHEST    74          1100 PM
 LOWEST     16           100 PM
 AVERAGE    45

..........................................................


THE DODGE CITY KS CLIMATE NORMALS FOR TODAY
                         NORMAL    RECORD    YEAR
 MAXIMUM TEMPERATURE (F)   58        82      2005
                                             1989
 MINIMUM TEMPERATURE (F)   32         8      1911


SUNRISE AND SUNSET
NOVEMBER 11 2014......SUNRISE   716 AM CST   SUNSET   532 PM CST
NOVEMBER 12 2014......SUNRISE   717 AM CST   SUNSET   531 PM CST


-  INDICATES NEGATIVE NUMBERS.
R  INDICATES RECORD WAS SET OR TIED.
MM INDICATES DATA IS MISSING.
T  INDICATES TRACE AMOUNT.




$$
