000
CDUS43 KDDC 090817
CLIDGC


CLIMATE REPORT
NATIONAL WEATHER SERVICE DODGE CITY KS
317 AM CDT WED AUG 9 2017


...................................

...THE DODGE CITY KS CLIMATE SUMMARY FOR AUGUST 8 2017...

CLIMATE NORMAL PERIOD 1981 TO 2010
CLIMATE RECORD PERIOD 1875 TO 2017


WEATHER ITEM   OBSERVED TIME   RECORD YEAR NORMAL DEPARTURE LAST
                VALUE   (LST)  VALUE       VALUE  FROM      YEAR
                                                  NORMAL
..................................................................
TEMPERATURE (F)
 YESTERDAY
  MAXIMUM         81    341 PM 106    1969  92    -11       89
  MINIMUM         56    625 AM  50    1989  67    -11       69
  AVERAGE         69                        79    -10       79

PRECIPITATION (IN)
  YESTERDAY        0.00          3.18 1974   0.10  -0.10      T
  MONTH TO DATE    0.26                      0.76  -0.50     1.06
  SINCE JUN 1      5.54                      7.08  -1.54     9.07
  SINCE JAN 1     22.97                     14.60   8.37    20.19

SNOWFALL (IN)
  YESTERDAY        0.0           T    1974   0.0    0.0      0.0
                                      1951
  MONTH TO DATE    0.0                       0.0    0.0      0.0
  SINCE JUN 1      0.0                       0.0    0.0      0.0
  SINCE JUL 1      0.0                       0.0    0.0      0.0
  SNOW DEPTH       0

DEGREE DAYS
 HEATING
  YESTERDAY        0                         0      0        0
  MONTH TO DATE    0                         0      0        0
  SINCE JUN 1      0                        14    -14        1
  SINCE JUL 1      0                         1     -1        0

 COOLING
  YESTERDAY        4                        14    -10       14
  MONTH TO DATE   71                       116    -45      114
  SINCE JUN 1    882                       846     36      941
  SINCE JAN 1    984                       955     29      999
..................................................................


WIND (MPH)
  HIGHEST WIND SPEED    15   HIGHEST WIND DIRECTION    SE (150)
  HIGHEST GUST SPEED    20   HIGHEST GUST DIRECTION    SE (120)
  AVERAGE WIND SPEED     6.6


SKY COVER
  POSSIBLE SUNSHINE  MM
  AVERAGE SKY COVER 0.4


WEATHER CONDITIONS
 THE FOLLOWING WEATHER WAS RECORDED YESTERDAY.
  FOG
  HAZE


RELATIVE HUMIDITY (PERCENT)
 HIGHEST    93           300 AM
 LOWEST     42           400 PM
 AVERAGE    68

..........................................................


THE DODGE CITY KS CLIMATE NORMALS FOR TODAY
                         NORMAL    RECORD    YEAR
 MAXIMUM TEMPERATURE (F)   92       106      1937
 MINIMUM TEMPERATURE (F)   67        52      1888


SUNRISE AND SUNSET
AUGUST  9 2017........SUNRISE   650 AM CDT   SUNSET   840 PM CDT
AUGUST 10 2017........SUNRISE   651 AM CDT   SUNSET   838 PM CDT


-  INDICATES NEGATIVE NUMBERS.
R  INDICATES RECORD WAS SET OR TIED.
MM INDICATES DATA IS MISSING.
T  INDICATES TRACE AMOUNT.




$$
