000
CDUS43 KDDC 131007
CLIDGC


CLIMATE REPORT
NATIONAL WEATHER SERVICE DODGE CITY KS
406 AM CST SAT DEC 13 2014


...................................

...THE DODGE CITY KS CLIMATE SUMMARY FOR DECEMBER 12 2014...

CLIMATE NORMAL PERIOD 1981 TO 2010
CLIMATE RECORD PERIOD 1875 TO 2014


WEATHER ITEM   OBSERVED TIME   RECORD YEAR NORMAL DEPARTURE LAST
                VALUE   (LST)  VALUE       VALUE  FROM      YEAR
                                                  NORMAL
..................................................................
TEMPERATURE (F)
 YESTERDAY
  MAXIMUM         51    254 PM  72    1889  44      7       50
  MINIMUM         45    634 AM -10    1932  21     24       17
  AVERAGE         48                        33     15       34

PRECIPITATION (IN)
  YESTERDAY        0.00          0.53 1958   0.03  -0.03     0.00
  MONTH TO DATE    0.47                      0.31   0.16     0.05
  SINCE DEC 1      0.47                      0.31   0.16     0.05
  SINCE JAN 1     22.65                     21.07   1.58    20.29

SNOWFALL (IN)
  YESTERDAY        0.0           6.6  1958   0.1   -0.1      0.0
  MONTH TO DATE    0.0                       1.6   -1.6      1.9
  SINCE DEC 1      0.0                       1.6   -1.6      1.9
  SINCE JUL 1      2.2                       3.8   -1.6      6.9
  SNOW DEPTH       0

DEGREE DAYS
 HEATING
  YESTERDAY       17                        32    -15       31
  MONTH TO DATE  311                       369    -58      482
  SINCE DEC 1    311                       369    -58      482
  SINCE JUL 1   1309                      1383    -74     1510

 COOLING
  YESTERDAY        0                         0      0        0
  MONTH TO DATE    0                         0      0        0
  SINCE DEC 1      0                         0      0        0
  SINCE JAN 1   1475                      1463     12     1641
..................................................................


WIND (MPH)
  HIGHEST WIND SPEED    17   HIGHEST WIND DIRECTION     S (170)
  HIGHEST GUST SPEED    21   HIGHEST GUST DIRECTION    SE (150)
  AVERAGE WIND SPEED    11.3


SKY COVER
  POSSIBLE SUNSHINE  MM
  AVERAGE SKY COVER 1.0


WEATHER CONDITIONS
 THE FOLLOWING WEATHER WAS RECORDED YESTERDAY.
  FOG
  FOG W/VISIBILITY <= 1/4 MILE


RELATIVE HUMIDITY (PERCENT)
 HIGHEST   100           100 AM
 LOWEST     89           200 PM
 AVERAGE    95

..........................................................


THE DODGE CITY KS CLIMATE NORMALS FOR TODAY
                         NORMAL    RECORD    YEAR
 MAXIMUM TEMPERATURE (F)   44        75      1921
 MINIMUM TEMPERATURE (F)   21        -6      1958
                                             1917


SUNRISE AND SUNSET
DECEMBER 13 2014......SUNRISE   747 AM CST   SUNSET   522 PM CST
DECEMBER 14 2014......SUNRISE   747 AM CST   SUNSET   522 PM CST


-  INDICATES NEGATIVE NUMBERS.
R  INDICATES RECORD WAS SET OR TIED.
MM INDICATES DATA IS MISSING.
T  INDICATES TRACE AMOUNT.




$$
