000
CDUS43 KDDC 221006
CLIDGC


CLIMATE REPORT
NATIONAL WEATHER SERVICE DODGE CITY KS
506 AM CDT SUN MAR 22 2015


...................................

...THE DODGE CITY KS CLIMATE SUMMARY FOR MARCH 21 2015...

CLIMATE NORMAL PERIOD 1981 TO 2010
CLIMATE RECORD PERIOD 1875 TO 2015


WEATHER ITEM   OBSERVED TIME   RECORD YEAR NORMAL DEPARTURE LAST
                VALUE   (LST)  VALUE       VALUE  FROM      YEAR
                                                  NORMAL
..................................................................
TEMPERATURE (F)
 YESTERDAY
  MAXIMUM         70    306 PM  94    1907  60     10       60
  MINIMUM         37    703 AM   6    1913  32      5       36
  AVERAGE         54                        46      8       48

PRECIPITATION (IN)
  YESTERDAY        0.00          1.98 2012   0.05  -0.05     0.00
  MONTH TO DATE    0.27                      0.98  -0.71     0.26
  SINCE MAR 1      0.27                      0.98  -0.71     0.26
  SINCE JAN 1      1.57                      2.24  -0.67     1.10

SNOWFALL (IN)
  YESTERDAY        0.0           2.6  1932   0.2   -0.2      0.0
  MONTH TO DATE    T                         3.4   -3.4      4.4
  SINCE MAR 1      T                         3.4   -3.4      4.4
  SINCE JUL 1     21.4                      18.5    2.9     28.9
  SNOW DEPTH       0

DEGREE DAYS
 HEATING
  YESTERDAY       11                        19     -8       17
  MONTH TO DATE  402                       464    -62      543
  SINCE MAR 1    402                       464    -62      543
  SINCE JUL 1   4150                      4311   -161     4700

 COOLING
  YESTERDAY        0                         0      0        0
  MONTH TO DATE    0                         0      0        0
  SINCE MAR 1      0                         0      0        0
  SINCE JAN 1      0                         0      0        0
..................................................................


WIND (MPH)
  HIGHEST WIND SPEED    20   HIGHEST WIND DIRECTION     S (190)
  HIGHEST GUST SPEED    27   HIGHEST GUST DIRECTION     S (180)
  AVERAGE WIND SPEED     9.8


SKY COVER
  POSSIBLE SUNSHINE  MM
  AVERAGE SKY COVER 0.0


WEATHER CONDITIONS
 THE FOLLOWING WEATHER WAS RECORDED YESTERDAY.
  NO SIGNIFICANT WEATHER WAS OBSERVED.


RELATIVE HUMIDITY (PERCENT)
 HIGHEST    89           800 AM
 LOWEST     20           200 PM
 AVERAGE    55

..........................................................


THE DODGE CITY KS CLIMATE NORMALS FOR TODAY
                         NORMAL    RECORD    YEAR
 MAXIMUM TEMPERATURE (F)   60        89      1907
 MINIMUM TEMPERATURE (F)   33        11      1955


SUNRISE AND SUNSET
MARCH 22 2015.........SUNRISE   741 AM CDT   SUNSET   753 PM CDT
MARCH 23 2015.........SUNRISE   739 AM CDT   SUNSET   754 PM CDT


-  INDICATES NEGATIVE NUMBERS.
R  INDICATES RECORD WAS SET OR TIED.
MM INDICATES DATA IS MISSING.
T  INDICATES TRACE AMOUNT.




$$
