093
CDUS43 KDDC 200725
CLIDGC


CLIMATE REPORT
NATIONAL WEATHER SERVICE DODGE CITY KS
225 AM CDT FRI MAY 20 2016


...................................

...THE DODGE CITY KS CLIMATE SUMMARY FOR MAY 19 2016...

CLIMATE NORMAL PERIOD 1981 TO 2010
CLIMATE RECORD PERIOD 1875 TO 2016


WEATHER ITEM   OBSERVED TIME   RECORD YEAR NORMAL DEPARTURE LAST
                VALUE   (LST)  VALUE       VALUE  FROM      YEAR
                                                  NORMAL
..................................................................
TEMPERATURE (F)
 YESTERDAY
  MAXIMUM         57    331 PM  98    2014  78    -21       53
                                      2006
                                      1933
  MINIMUM         46    430 AM  36    1930  53     -7       43
  AVERAGE         52                        65    -13       48

PRECIPITATION (IN)
  YESTERDAY        0.00          2.46 1955   0.10  -0.10     1.29
  MONTH TO DATE    0.30                      1.61  -1.31     4.91
  SINCE MAR 1      8.42                      5.02   3.40     7.00
  SINCE JAN 1      9.01                      6.28   2.73     8.30

SNOWFALL (IN)
  YESTERDAY        0.0           0.0  2002   0.0    0.0      0.0
                                      2001
  MONTH TO DATE    0.0                       0.0    0.0      0.0
  SINCE MAR 1      0.4                       6.0   -5.6       T
  SINCE JUL 1     10.4                      21.1  -10.7     21.4
  SNOW DEPTH       0

DEGREE DAYS
 HEATING
  YESTERDAY       13                         3     10       17
  MONTH TO DATE  153                        90     63       85
  SINCE MAR 1    968                      1082   -114      846
  SINCE JUL 1   4330                      4929   -599     4594

 COOLING
  YESTERDAY        0                         3     -3        0
  MONTH TO DATE    5                        39    -34       36
  SINCE MAR 1     14                        58    -44       51
  SINCE JAN 1     16                        58    -42       51
..................................................................


WIND (MPH)
  HIGHEST WIND SPEED    18   HIGHEST WIND DIRECTION    SE (150)
  HIGHEST GUST SPEED    22   HIGHEST GUST DIRECTION    SE (150)
  AVERAGE WIND SPEED    11.5


SKY COVER
  POSSIBLE SUNSHINE  MM
  AVERAGE SKY COVER 0.7


WEATHER CONDITIONS
 THE FOLLOWING WEATHER WAS RECORDED YESTERDAY.
  NO SIGNIFICANT WEATHER WAS OBSERVED.


RELATIVE HUMIDITY (PERCENT)
 HIGHEST   100           900 PM
 LOWEST     67           300 PM
 AVERAGE    84

..........................................................


THE DODGE CITY KS CLIMATE NORMALS FOR TODAY
                         NORMAL    RECORD    YEAR
 MAXIMUM TEMPERATURE (F)   78        98      2005
                                             2004
                                             1925
 MINIMUM TEMPERATURE (F)   53        36      1931


SUNRISE AND SUNSET
MAY 20 2016...........SUNRISE   626 AM CDT   SUNSET   848 PM CDT
MAY 21 2016...........SUNRISE   625 AM CDT   SUNSET   848 PM CDT


-  INDICATES NEGATIVE NUMBERS.
R  INDICATES RECORD WAS SET OR TIED.
MM INDICATES DATA IS MISSING.
T  INDICATES TRACE AMOUNT.




$$
