000
CDUS43 KDDC 070706
CLIDGC


CLIMATE REPORT
NATIONAL WEATHER SERVICE DODGE CITY KS
105 AM CST WED DEC 7 2016


...................................

...THE DODGE CITY KS CLIMATE SUMMARY FOR DECEMBER 6 2016...

CLIMATE NORMAL PERIOD 1981 TO 2010
CLIMATE RECORD PERIOD 1875 TO 2016


WEATHER ITEM   OBSERVED TIME   RECORD YEAR NORMAL DEPARTURE LAST
                VALUE   (LST)  VALUE       VALUE  FROM      YEAR
                                                  NORMAL
..................................................................
TEMPERATURE (F)
 YESTERDAY
  MAXIMUM         37    154 PM  81    1939  46     -9       55
  MINIMUM         19    808 AM  -6    1972  23     -4       29
  AVERAGE         28                        34     -6       42

PRECIPITATION (IN)
  YESTERDAY        0.00          0.67 1920   0.03  -0.03     0.00
  MONTH TO DATE    0.34                      0.15   0.19     0.00
  SINCE DEC 1      0.34                      0.15   0.19     0.00
  SINCE JAN 1     23.12                     20.91   2.21    25.89

SNOWFALL (IN)
  YESTERDAY        0.0           1.8  1998   0.2   -0.2      0.0
                                      1909
  MONTH TO DATE    0.1                       0.8   -0.7      0.0
  SINCE DEC 1      0.1                       0.8   -0.7      0.0
  SINCE JUL 1      0.1                       3.0   -2.9      1.1
  SNOW DEPTH       0

DEGREE DAYS
 HEATING
  YESTERDAY       37                        31      6       23
  MONTH TO DATE  173                       179     -6      152
  SINCE DEC 1    173                       179     -6      152
  SINCE JUL 1    769                      1193   -424      982

 COOLING
  YESTERDAY        0                         0      0        0
  MONTH TO DATE    0                         0      0        0
  SINCE DEC 1      0                         0      0        0
  SINCE JAN 1   1580                      1463    117     1512
..................................................................


WIND (MPH)
  HIGHEST WIND SPEED    30   HIGHEST WIND DIRECTION     N (360)
  HIGHEST GUST SPEED    37   HIGHEST GUST DIRECTION     N (360)
  AVERAGE WIND SPEED    10.1


SKY COVER
  POSSIBLE SUNSHINE  MM
  AVERAGE SKY COVER 0.2


WEATHER CONDITIONS
 THE FOLLOWING WEATHER WAS RECORDED YESTERDAY.
  NO SIGNIFICANT WEATHER WAS OBSERVED.


RELATIVE HUMIDITY (PERCENT)
 HIGHEST    77           600 AM
 LOWEST     26           300 PM
 AVERAGE    52

..........................................................


THE DODGE CITY KS CLIMATE NORMALS FOR TODAY
                         NORMAL    RECORD    YEAR
 MAXIMUM TEMPERATURE (F)   46        73      1923
 MINIMUM TEMPERATURE (F)   22        -5      2013


SUNRISE AND SUNSET
DECEMBER  7 2016......SUNRISE   742 AM CST   SUNSET   521 PM CST
DECEMBER  8 2016......SUNRISE   743 AM CST   SUNSET   521 PM CST


-  INDICATES NEGATIVE NUMBERS.
R  INDICATES RECORD WAS SET OR TIED.
MM INDICATES DATA IS MISSING.
T  INDICATES TRACE AMOUNT.




$$
