000
CDUS43 KDDC 261009
CLIDGC


CLIMATE REPORT
NATIONAL WEATHER SERVICE DODGE CITY KS
408 AM CST THU FEB 26 2015


...................................

...THE DODGE CITY KS CLIMATE SUMMARY FOR FEBRUARY 25 2015...

CLIMATE NORMAL PERIOD 1981 TO 2010
CLIMATE RECORD PERIOD 1875 TO 2015


WEATHER ITEM   OBSERVED TIME   RECORD YEAR NORMAL DEPARTURE LAST
                VALUE   (LST)  VALUE       VALUE  FROM      YEAR
                                                  NORMAL
..................................................................
TEMPERATURE (F)
 YESTERDAY
  MAXIMUM         54    333 PM  80    1989  51      3       28
  MINIMUM         21   1159 PM  -4    1960  26     -5       11
  AVERAGE         38                        39     -1       20

PRECIPITATION (IN)
  YESTERDAY        0.00          1.50 1912   0.02  -0.02     0.00
  MONTH TO DATE    0.45                      0.60  -0.15     0.60
  SINCE DEC 1      2.11                      2.02   0.09     1.32
  SINCE JAN 1      1.11                      1.18  -0.07     0.84

SNOWFALL (IN)
  YESTERDAY        0.0          15.0  1912   0.1   -0.1      0.0
  MONTH TO DATE    8.4                       3.5    4.9     10.0
  SINCE DEC 1     16.7                      12.5    4.2     19.5
  SINCE JUL 1     18.9                      14.7    4.2     24.5
  SNOW DEPTH       1

DEGREE DAYS
 HEATING
  YESTERDAY       27                        26      1       45
  MONTH TO DATE  717                       737    -20      929
  SINCE DEC 1   2604                      2755   -151     3036
  SINCE JUL 1   3602                      3769   -167     4064

 COOLING
  YESTERDAY        0                         0      0        0
  MONTH TO DATE    0                         0      0        0
  SINCE DEC 1      0                         0      0        0
  SINCE JAN 1      0                         0      0        0
..................................................................


WIND (MPH)
  HIGHEST WIND SPEED    32   HIGHEST WIND DIRECTION    NE (30)
  HIGHEST GUST SPEED    41   HIGHEST GUST DIRECTION     N (10)
  AVERAGE WIND SPEED    17.4


SKY COVER
  POSSIBLE SUNSHINE  MM
  AVERAGE SKY COVER 0.3


WEATHER CONDITIONS
 THE FOLLOWING WEATHER WAS RECORDED YESTERDAY.
  NO SIGNIFICANT WEATHER WAS OBSERVED.


RELATIVE HUMIDITY (PERCENT)
 HIGHEST    88           300 AM
 LOWEST     45           300 PM
 AVERAGE    67

..........................................................


THE DODGE CITY KS CLIMATE NORMALS FOR TODAY
                         NORMAL    RECORD    YEAR
 MAXIMUM TEMPERATURE (F)   52        76      1981
 MINIMUM TEMPERATURE (F)   26        -3      1890


SUNRISE AND SUNSET
FEBRUARY 26 2015......SUNRISE   716 AM CST   SUNSET   630 PM CST
FEBRUARY 27 2015......SUNRISE   714 AM CST   SUNSET   631 PM CST


-  INDICATES NEGATIVE NUMBERS.
R  INDICATES RECORD WAS SET OR TIED.
MM INDICATES DATA IS MISSING.
T  INDICATES TRACE AMOUNT.




$$
