000
CDUS43 KDDC 212327
CLIDGC


CLIMATE REPORT
NATIONAL WEATHER SERVICE DODGE CITY KS
626 PM CDT TUE JUL 21 2015


...................................

...THE DODGE CITY KS CLIMATE SUMMARY FOR JULY 21 2015...
VALID TODAY AS OF 0500 PM LOCAL TIME.

CLIMATE NORMAL PERIOD 1981 TO 2010
CLIMATE RECORD PERIOD 1875 TO 2015


WEATHER ITEM   OBSERVED TIME   RECORD YEAR NORMAL DEPARTURE LAST
                VALUE   (LST)  VALUE       VALUE  FROM      YEAR
                                                  NORMAL
..................................................................
TEMPERATURE (F)
 TODAY
  MAXIMUM         83    436 PM 105    2011  93    -10       97
                                      2001
                                      1981
  MINIMUM         68    644 AM  50    1877  67      1       71
  AVERAGE         76                        80     -4       84

PRECIPITATION (IN)
  TODAY            0.00          2.66 1925   0.10  -0.10     0.02
  MONTH TO DATE    0.68                      2.07  -1.39     1.53
  SINCE JUN 1      2.76                      5.31  -2.55    10.62
  SINCE JAN 1     16.48                     12.83   3.65    14.14

SNOWFALL (IN)
  TODAY            0.0           0.0  2002   0.0    0.0      0.0
                                      2001
  MONTH TO DATE    0.0                       0.0    0.0      0.0
  SINCE JUN 1      0.0                       0.0    0.0      0.0
  SINCE JUL 1      0.0                       0.0    0.0      0.0
  SNOW DEPTH       0

DEGREE DAYS
 HEATING
  TODAY            0                         0      0        0
  MONTH TO DATE    1                         0      1       12
  SINCE JUN 1      1                        13    -12       19
  SINCE JUL 1      1                         0      1       12

 COOLING
  TODAY           11                        15     -4       19
  MONTH TO DATE  297                       303     -6      214
  SINCE JUN 1    650                       581     69      498
  SINCE JAN 1    711                       690     21      670
..................................................................


WIND (MPH)
  HIGHEST WIND SPEED    23   HIGHEST WIND DIRECTION     E (70)
  HIGHEST GUST SPEED    29   HIGHEST GUST DIRECTION     E (70)
  AVERAGE WIND SPEED    12.2


SKY COVER
  POSSIBLE SUNSHINE  MM
  AVERAGE SKY COVER 0.6


WEATHER CONDITIONS
 THE FOLLOWING WEATHER WAS RECORDED TODAY.
  NO SIGNIFICANT WEATHER WAS OBSERVED.


RELATIVE HUMIDITY (PERCENT)
 HIGHEST    90           200 AM
 LOWEST     51           200 PM
 AVERAGE    71

..........................................................


THE DODGE CITY KS CLIMATE NORMALS FOR TOMORROW
                         NORMAL    RECORD    YEAR
 MAXIMUM TEMPERATURE (F)   93       106      2001
 MINIMUM TEMPERATURE (F)   67        54      1970


SUNRISE AND SUNSET
JULY 21 2015..........SUNRISE   634 AM CDT   SUNSET   858 PM CDT
JULY 22 2015..........SUNRISE   635 AM CDT   SUNSET   857 PM CDT


-  INDICATES NEGATIVE NUMBERS.
R  INDICATES RECORD WAS SET OR TIED.
MM INDICATES DATA IS MISSING.
T  INDICATES TRACE AMOUNT.




$$
