000
CDUS43 KDDC 252331
CLIDGC


CLIMATE REPORT
NATIONAL WEATHER SERVICE DODGE CITY KS
630 PM CDT TUE AUG 25 2015


...................................

...THE DODGE CITY KS CLIMATE SUMMARY FOR AUGUST 25 2015...
VALID TODAY AS OF 0500 PM LOCAL TIME.

CLIMATE NORMAL PERIOD 1981 TO 2010
CLIMATE RECORD PERIOD 1875 TO 2015


WEATHER ITEM   OBSERVED TIME   RECORD YEAR NORMAL DEPARTURE LAST
                VALUE   (LST)  VALUE       VALUE  FROM      YEAR
                                                  NORMAL
..................................................................
TEMPERATURE (F)
 TODAY
  MAXIMUM         88    438 PM 106    1973  90     -2      100
                                      1936
  MINIMUM         60    307 AM  49    1928  64     -4       67
  AVERAGE         74                        77     -3       84

PRECIPITATION (IN)
  TODAY            0.00          0.88 1998   0.09  -0.09     0.17
  MONTH TO DATE    1.64                      2.26  -0.62     2.08
  SINCE JUN 1      5.86                      8.58  -2.72    14.18
  SINCE JAN 1     19.58                     16.10   3.48    17.70

SNOWFALL (IN)
  TODAY            0.0           0.0  2002   0.0    0.0      0.0
                                      2001
  MONTH TO DATE    0.0                       0.0    0.0      0.0
  SINCE JUN 1      0.0                       0.0    0.0      0.0
  SINCE JUL 1      0.0                       0.0    0.0      0.0
  SNOW DEPTH       0

DEGREE DAYS
 HEATING
  TODAY            0                         0      0        0
  MONTH TO DATE    1                         0      1        0
  SINCE JUN 1      2                        14    -12       20
  SINCE JUL 1      2                         1      1       13

 COOLING
  TODAY            9                        12     -3       19
  MONTH TO DATE  268                       341    -73      373
  SINCE JUN 1   1067                      1071     -4     1001
  SINCE JAN 1   1128                      1180    -52     1173
..................................................................


WIND (MPH)
  HIGHEST WIND SPEED    20   HIGHEST WIND DIRECTION     S (180)
  HIGHEST GUST SPEED    23   HIGHEST GUST DIRECTION     S (160)
  AVERAGE WIND SPEED    11.2


SKY COVER
  POSSIBLE SUNSHINE  MM
  AVERAGE SKY COVER 0.1


WEATHER CONDITIONS
 THE FOLLOWING WEATHER WAS RECORDED TODAY.
  NO SIGNIFICANT WEATHER WAS OBSERVED.


RELATIVE HUMIDITY (PERCENT)
 HIGHEST    84           200 AM
 LOWEST     40           300 PM
 AVERAGE    62

..........................................................


THE DODGE CITY KS CLIMATE NORMALS FOR TOMORROW
                         NORMAL    RECORD    YEAR
 MAXIMUM TEMPERATURE (F)   89       106      2011
 MINIMUM TEMPERATURE (F)   64        45      1910


SUNRISE AND SUNSET
AUGUST 25 2015........SUNRISE   704 AM CDT   SUNSET   820 PM CDT
AUGUST 26 2015........SUNRISE   705 AM CDT   SUNSET   818 PM CDT


-  INDICATES NEGATIVE NUMBERS.
R  INDICATES RECORD WAS SET OR TIED.
MM INDICATES DATA IS MISSING.
T  INDICATES TRACE AMOUNT.




$$
