000
CDUS43 KDDC 231006
CLIDGC


CLIMATE REPORT
NATIONAL WEATHER SERVICE DODGE CITY KS
505 AM CDT MON MAR 23 2015


...................................

...THE DODGE CITY KS CLIMATE SUMMARY FOR MARCH 22 2015...

CLIMATE NORMAL PERIOD 1981 TO 2010
CLIMATE RECORD PERIOD 1875 TO 2015


WEATHER ITEM   OBSERVED TIME   RECORD YEAR NORMAL DEPARTURE LAST
                VALUE   (LST)  VALUE       VALUE  FROM      YEAR
                                                  NORMAL
..................................................................
TEMPERATURE (F)
 YESTERDAY
  MAXIMUM         77    503 PM  89    1907  60     17       47
  MINIMUM         41    656 AM  11    1955  33      8       23
  AVERAGE         59                        46     13       35

PRECIPITATION (IN)
  YESTERDAY        0.00          1.09 1987   0.06  -0.06      T
  MONTH TO DATE    0.27                      1.04  -0.77     0.26
  SINCE MAR 1      0.27                      1.04  -0.77     0.26
  SINCE JAN 1      1.57                      2.30  -0.73     1.10

SNOWFALL (IN)
  YESTERDAY        0.0           2.1  1983   0.2   -0.2       T
  MONTH TO DATE    T                         3.6   -3.6      4.4
  SINCE MAR 1      T                         3.6   -3.6      4.4
  SINCE JUL 1     21.4                      18.7    2.7     28.9
  SNOW DEPTH       0

DEGREE DAYS
 HEATING
  YESTERDAY        6                        19    -13       30
  MONTH TO DATE  408                       483    -75      573
  SINCE MAR 1    408                       483    -75      573
  SINCE JUL 1   4156                      4330   -174     4730

 COOLING
  YESTERDAY        0                         0      0        0
  MONTH TO DATE    0                         0      0        0
  SINCE MAR 1      0                         0      0        0
  SINCE JAN 1      0                         0      0        0
..................................................................


WIND (MPH)
  HIGHEST WIND SPEED    25   HIGHEST WIND DIRECTION    NE (30)
  HIGHEST GUST SPEED    32   HIGHEST GUST DIRECTION     N (20)
  AVERAGE WIND SPEED     9.1


SKY COVER
  POSSIBLE SUNSHINE  MM
  AVERAGE SKY COVER 0.0


WEATHER CONDITIONS
 THE FOLLOWING WEATHER WAS RECORDED YESTERDAY.
  FOG


RELATIVE HUMIDITY (PERCENT)
 HIGHEST    93           700 AM
 LOWEST     18           500 PM
 AVERAGE    56

..........................................................


THE DODGE CITY KS CLIMATE NORMALS FOR TODAY
                         NORMAL    RECORD    YEAR
 MAXIMUM TEMPERATURE (F)   60        88      1910
 MINIMUM TEMPERATURE (F)   33         8      1898


SUNRISE AND SUNSET
MARCH 23 2015.........SUNRISE   739 AM CDT   SUNSET   754 PM CDT
MARCH 24 2015.........SUNRISE   738 AM CDT   SUNSET   755 PM CDT


-  INDICATES NEGATIVE NUMBERS.
R  INDICATES RECORD WAS SET OR TIED.
MM INDICATES DATA IS MISSING.
T  INDICATES TRACE AMOUNT.




$$
