000
CDUS43 KDDC 282326
CLIDGC


CLIMATE REPORT
NATIONAL WEATHER SERVICE DODGE CITY KS
525 PM CST TUE NOV 28 2017


...................................

...THE DODGE CITY KS CLIMATE SUMMARY FOR NOVEMBER 28 2017...
VALID TODAY AS OF 0500 PM LOCAL TIME.

CLIMATE NORMAL PERIOD 1981 TO 2010
CLIMATE RECORD PERIOD 1875 TO 2017


WEATHER ITEM   OBSERVED TIME   RECORD YEAR NORMAL DEPARTURE LAST
                VALUE   (LST)  VALUE       VALUE  FROM      YEAR
                                                  NORMAL
..................................................................
TEMPERATURE (F)
 TODAY
  MAXIMUM         60   1222 AM  78    2014  49     11       59
  MINIMUM         44    748 AM   0    1958  25     19       32
  AVERAGE         52                        37     15       46

PRECIPITATION (IN)
  TODAY            0.00          2.08 1909   0.02  -0.02     0.00
  MONTH TO DATE    0.01                      0.72  -0.71     0.37
  SINCE SEP 1      1.92                      4.13  -2.21     0.77
  SINCE JAN 1     25.57                     20.72   4.85    22.78

SNOWFALL (IN)
  TODAY            0.0           1.5  1898   0.1   -0.1      0.0
  MONTH TO DATE    0.0                       1.6   -1.6      0.0
  SINCE SEP 1      0.0                       2.0   -2.0      0.0
  SINCE JUL 1      0.0                       2.0   -2.0      0.0
  SNOW DEPTH       0

DEGREE DAYS
 HEATING
  TODAY           13                        28    -15       19
  MONTH TO DATE  511                       602    -91      396
  SINCE SEP 1    802                       954   -152      544
  SINCE JUL 1    802                       958   -156      544

 COOLING
  TODAY            0                         0      0        0
  MONTH TO DATE    0                         0      0        0
  SINCE SEP 1    288                       216     72      326
  SINCE JAN 1   1520                      1462     58     1580
..................................................................


WIND (MPH)
  HIGHEST WIND SPEED    38   HIGHEST WIND DIRECTION    NE (30)
  HIGHEST GUST SPEED    51   HIGHEST GUST DIRECTION     N (20)
  AVERAGE WIND SPEED    24.9


SKY COVER
  POSSIBLE SUNSHINE  MM
  AVERAGE SKY COVER 0.0


WEATHER CONDITIONS
 THE FOLLOWING WEATHER WAS RECORDED TODAY.
  HAZE


RELATIVE HUMIDITY (PERCENT)
 HIGHEST    60           500 AM
 LOWEST     19           400 PM
 AVERAGE    40

..........................................................


THE DODGE CITY KS CLIMATE NORMALS FOR TOMORROW
                         NORMAL    RECORD    YEAR
 MAXIMUM TEMPERATURE (F)   49        79      2014
 MINIMUM TEMPERATURE (F)   25        -3      1880


SUNRISE AND SUNSET
NOVEMBER 28 2017......SUNRISE   734 AM CST   SUNSET   522 PM CST
NOVEMBER 29 2017......SUNRISE   735 AM CST   SUNSET   522 PM CST


-  INDICATES NEGATIVE NUMBERS.
R  INDICATES RECORD WAS SET OR TIED.
MM INDICATES DATA IS MISSING.
T  INDICATES TRACE AMOUNT.




$$
