000
CDUS43 KDDC 130725
CLIDGC


CLIMATE REPORT
NATIONAL WEATHER SERVICE DODGE CITY KS
225 AM CDT TUE JUN 13 2017


...................................

...THE DODGE CITY KS CLIMATE SUMMARY FOR JUNE 12 2017...

CLIMATE NORMAL PERIOD 1981 TO 2010
CLIMATE RECORD PERIOD 1875 TO 2017


WEATHER ITEM   OBSERVED TIME   RECORD YEAR NORMAL DEPARTURE LAST
                VALUE   (LST)  VALUE       VALUE  FROM      YEAR
                                                  NORMAL
..................................................................
TEMPERATURE (F)
 YESTERDAY
  MAXIMUM         94    227 PM 104    2013  86      8       91
                                      1917
  MINIMUM         68    534 AM  44    1877  60      8       62
  AVERAGE         81                        73      8       77

PRECIPITATION (IN)
  YESTERDAY        0.00          1.63 1912   0.12  -0.12     0.00
  MONTH TO DATE    2.27                      1.38   0.89     0.09
  SINCE JUN 1      2.27                      1.38   0.89     0.09
  SINCE JAN 1     19.70                      8.90  10.80    11.21

SNOWFALL (IN)
  YESTERDAY        0.0           T    1984   0.0    0.0      0.0
  MONTH TO DATE    0.0                       0.0    0.0      0.0
  SINCE JUN 1      0.0                       0.0    0.0      0.0
  SINCE JUL 1      7.5                      21.1  -13.6     10.4
  SNOW DEPTH       0

DEGREE DAYS
 HEATING
  YESTERDAY        0                         0      0        0
  MONTH TO DATE    0                        10    -10        1
  SINCE JUN 1      0                        10    -10        1
  SINCE JUL 1   4170                      4964   -794     4340

 COOLING
  YESTERDAY       16                         8      8       12
  MONTH TO DATE  106                        82     24       91
  SINCE JUN 1    106                        82     24       91
  SINCE JAN 1    208                       191     17      149
..................................................................


WIND (MPH)
  HIGHEST WIND SPEED    30   HIGHEST WIND DIRECTION     S (160)
  HIGHEST GUST SPEED    40   HIGHEST GUST DIRECTION    SE (150)
  AVERAGE WIND SPEED    19.6


SKY COVER
  POSSIBLE SUNSHINE  MM
  AVERAGE SKY COVER 0.0


WEATHER CONDITIONS
 THE FOLLOWING WEATHER WAS RECORDED YESTERDAY.
  NO SIGNIFICANT WEATHER WAS OBSERVED.


RELATIVE HUMIDITY (PERCENT)
 HIGHEST    84           500 AM
 LOWEST     39           200 PM
 AVERAGE    62

..........................................................


THE DODGE CITY KS CLIMATE NORMALS FOR TODAY
                         NORMAL    RECORD    YEAR
 MAXIMUM TEMPERATURE (F)   86       105      1953
 MINIMUM TEMPERATURE (F)   61        41      1947


SUNRISE AND SUNSET
JUNE 13 2017..........SUNRISE   617 AM CDT   SUNSET   903 PM CDT
JUNE 14 2017..........SUNRISE   617 AM CDT   SUNSET   903 PM CDT


-  INDICATES NEGATIVE NUMBERS.
R  INDICATES RECORD WAS SET OR TIED.
MM INDICATES DATA IS MISSING.
T  INDICATES TRACE AMOUNT.




$$
