000
CDUS43 KDDC 230705
CLIDGC


CLIMATE REPORT
NATIONAL WEATHER SERVICE DODGE CITY KS
105 AM CST WED NOV 23 2016


...................................

...THE DODGE CITY KS CLIMATE SUMMARY FOR NOVEMBER 22 2016...

CLIMATE NORMAL PERIOD 1981 TO 2010
CLIMATE RECORD PERIOD 1875 TO 2016


WEATHER ITEM   OBSERVED TIME   RECORD YEAR NORMAL DEPARTURE LAST
                VALUE   (LST)  VALUE       VALUE  FROM      YEAR
                                                  NORMAL
..................................................................
TEMPERATURE (F)
 YESTERDAY
  MAXIMUM         60   1050 AM  80    1924  52      8       57
  MINIMUM         43    859 PM  -3    1880  27     16       21
  AVERAGE         52                        40     12       39

PRECIPITATION (IN)
  YESTERDAY        T             0.64 1941   0.02  -0.02     0.00
  MONTH TO DATE    0.36                      0.59  -0.23     1.21
  SINCE SEP 1      0.76                      4.00  -3.24     5.44
  SINCE JAN 1     22.77                     20.59   2.18    25.13

SNOWFALL (IN)
  YESTERDAY       MM             4.8  1941   0.1   MM        0.0
  MONTH TO DATE    0.0                       1.0   -1.0      0.1
  SINCE SEP 1      0.0                       1.4   -1.4      0.1
  SINCE JUL 1      0.0                       1.4   -1.4      0.1
  SNOW DEPTH       0

DEGREE DAYS
 HEATING
  YESTERDAY       13                        25    -12       26
  MONTH TO DATE  284                       440   -156      361
  SINCE SEP 1    432                       792   -360      585
  SINCE JUL 1    432                       796   -364      587

 COOLING
  YESTERDAY        0                         0      0        0
  MONTH TO DATE    0                         0      0        0
  SINCE SEP 1    326                       216    110      314
  SINCE JAN 1   1580                      1462    118     1512
..................................................................


WIND (MPH)
  HIGHEST WIND SPEED    29   HIGHEST WIND DIRECTION    NW (320)
  HIGHEST GUST SPEED    37   HIGHEST GUST DIRECTION    NW (320)
  AVERAGE WIND SPEED    18.0


SKY COVER
  POSSIBLE SUNSHINE  MM
  AVERAGE SKY COVER 0.5


WEATHER CONDITIONS
 THE FOLLOWING WEATHER WAS RECORDED YESTERDAY.
  NO SIGNIFICANT WEATHER WAS OBSERVED.


RELATIVE HUMIDITY (PERCENT)
 HIGHEST    86           600 AM
 LOWEST     51          1200 PM
 AVERAGE    69

..........................................................


THE DODGE CITY KS CLIMATE NORMALS FOR TODAY
                         NORMAL    RECORD    YEAR
 MAXIMUM TEMPERATURE (F)   52        74      2005
 MINIMUM TEMPERATURE (F)   27         8      1898


SUNRISE AND SUNSET
NOVEMBER 23 2016......SUNRISE   729 AM CST   SUNSET   524 PM CST
NOVEMBER 24 2016......SUNRISE   730 AM CST   SUNSET   523 PM CST


-  INDICATES NEGATIVE NUMBERS.
R  INDICATES RECORD WAS SET OR TIED.
MM INDICATES DATA IS MISSING.
T  INDICATES TRACE AMOUNT.




$$
