000
CDUS43 KDDC 120709
CLIDGC


CLIMATE REPORT
NATIONAL WEATHER SERVICE DODGE CITY KS
207 AM CDT TUE JUL 12 2016


...................................

...THE DODGE CITY KS CLIMATE SUMMARY FOR JULY 11 2016...

CLIMATE NORMAL PERIOD 1981 TO 2010
CLIMATE RECORD PERIOD 1875 TO 2016


WEATHER ITEM   OBSERVED TIME   RECORD YEAR NORMAL DEPARTURE LAST
                VALUE   (LST)  VALUE       VALUE  FROM      YEAR
                                                  NORMAL
..................................................................
TEMPERATURE (F)
 YESTERDAY
  MAXIMUM         95    431 PM 108    1980  93      2       92
  MINIMUM         76    417 AM  48    1999  66     10       69
  AVERAGE         86                        80      6       81

PRECIPITATION (IN)
  YESTERDAY        0.00          1.50 1951   0.09  -0.09     0.00
  MONTH TO DATE    3.93                      1.07   2.86     0.42
  SINCE JUN 1      6.64                      4.31   2.33     2.50
  SINCE JAN 1     17.76                     11.83   5.93    16.22

SNOWFALL (IN)
  YESTERDAY        0.0           T    2006   0.0    0.0      0.0
                                      1951
  MONTH TO DATE    0.0                       0.0    0.0      0.0
  SINCE JUN 1      0.0                       0.0    0.0      0.0
  SINCE JUL 1      0.0                       0.0    0.0      0.0
  SNOW DEPTH       0

DEGREE DAYS
 HEATING
  YESTERDAY        0                         0      0        0
  MONTH TO DATE    0                         0      0        1
  SINCE JUN 1      1                        13    -12        1
  SINCE JUL 1      0                         0      0        1

 COOLING
  YESTERDAY       21                        15      6       16
  MONTH TO DATE  161                       153      8      115
  SINCE JUN 1    512                       431     81      468
  SINCE JAN 1    570                       540     30      529
..................................................................


WIND (MPH)
  HIGHEST WIND SPEED    36   HIGHEST WIND DIRECTION     S (170)
  HIGHEST GUST SPEED    44   HIGHEST GUST DIRECTION     S (170)
  AVERAGE WIND SPEED    18.8


SKY COVER
  POSSIBLE SUNSHINE  MM
  AVERAGE SKY COVER 0.0


WEATHER CONDITIONS
 THE FOLLOWING WEATHER WAS RECORDED YESTERDAY.
  THUNDERSTORM
  LIGHT RAIN


RELATIVE HUMIDITY (PERCENT)
 HIGHEST    82           200 AM
 LOWEST     44           600 PM
 AVERAGE    63

..........................................................


THE DODGE CITY KS CLIMATE NORMALS FOR TODAY
                         NORMAL    RECORD    YEAR
 MAXIMUM TEMPERATURE (F)   93       106      1980
 MINIMUM TEMPERATURE (F)   66        53      1990


SUNRISE AND SUNSET
JULY 12 2016..........SUNRISE   628 AM CDT   SUNSET   903 PM CDT
JULY 13 2016..........SUNRISE   629 AM CDT   SUNSET   902 PM CDT


-  INDICATES NEGATIVE NUMBERS.
R  INDICATES RECORD WAS SET OR TIED.
MM INDICATES DATA IS MISSING.
T  INDICATES TRACE AMOUNT.




$$
