000
CDUS43 KDDC 280710
CLIDGC


CLIMATE REPORT
NATIONAL WEATHER SERVICE DODGE CITY KS
210 AM CDT THU APR 28 2016


...................................

...THE DODGE CITY KS CLIMATE SUMMARY FOR APRIL 27 2016...

CLIMATE NORMAL PERIOD 1981 TO 2010
CLIMATE RECORD PERIOD 1875 TO 2016


WEATHER ITEM   OBSERVED TIME   RECORD YEAR NORMAL DEPARTURE LAST
                VALUE   (LST)  VALUE       VALUE  FROM      YEAR
                                                  NORMAL
..................................................................
TEMPERATURE (F)
 YESTERDAY
  MAXIMUM         63    341 PM  92    1981  71     -8       57
  MINIMUM         41   1120 PM  28    1994  45     -4       38
  AVERAGE         52                        58     -6       48

PRECIPITATION (IN)
  YESTERDAY        T             1.52 1888   0.07  -0.07     0.13
  MONTH TO DATE    5.81                      1.61   4.20     1.80
  SINCE MAR 1      5.85                      3.20   2.65     2.09
  SINCE JAN 1      6.44                      4.46   1.98     3.39

SNOWFALL (IN)
  YESTERDAY        0.0           0.3  1920   0.0    0.0      0.0
  MONTH TO DATE    0.0                       1.1   -1.1      0.0
  SINCE MAR 1      0.4                       6.0   -5.6       T
  SINCE JUL 1     10.4                      21.1  -10.7     21.4
  SNOW DEPTH       0

DEGREE DAYS
 HEATING
  YESTERDAY       13                         8      5       17
  MONTH TO DATE  254                       329    -75      232
  SINCE MAR 1    760                       969   -209      736
  SINCE JUL 1   4122                      4816   -694     4484

 COOLING
  YESTERDAY        0                         1     -1        0
  MONTH TO DATE    7                        12     -5       15
  SINCE MAR 1      9                        13     -4       15
  SINCE JAN 1     11                        13     -2       15
..................................................................


WIND (MPH)
  HIGHEST WIND SPEED    30   HIGHEST WIND DIRECTION    NW (320)
  HIGHEST GUST SPEED    38   HIGHEST GUST DIRECTION    NW (320)
  AVERAGE WIND SPEED    16.8


SKY COVER
  POSSIBLE SUNSHINE  MM
  AVERAGE SKY COVER 0.3


WEATHER CONDITIONS
 THE FOLLOWING WEATHER WAS RECORDED YESTERDAY.
  LIGHT RAIN


RELATIVE HUMIDITY (PERCENT)
 HIGHEST    86           300 AM
 LOWEST     36           200 PM
 AVERAGE    61

..........................................................


THE DODGE CITY KS CLIMATE NORMALS FOR TODAY
                         NORMAL    RECORD    YEAR
 MAXIMUM TEMPERATURE (F)   72        95      1910
 MINIMUM TEMPERATURE (F)   45        30      1965


SUNRISE AND SUNSET
APRIL 28 2016.........SUNRISE   647 AM CDT   SUNSET   828 PM CDT
APRIL 29 2016.........SUNRISE   646 AM CDT   SUNSET   829 PM CDT


-  INDICATES NEGATIVE NUMBERS.
R  INDICATES RECORD WAS SET OR TIED.
MM INDICATES DATA IS MISSING.
T  INDICATES TRACE AMOUNT.




$$
