161
CDUS43 KDDC 182326
CLIDGC


CLIMATE REPORT
NATIONAL WEATHER SERVICE DODGE CITY KS
526 PM CST THU JAN 18 2018


...................................

...THE DODGE CITY KS CLIMATE SUMMARY FOR JANUARY 18 2018...
VALID TODAY AS OF 0500 PM LOCAL TIME.

CLIMATE NORMAL PERIOD 1981 TO 2010
CLIMATE RECORD PERIOD 1875 TO 2018


WEATHER ITEM   OBSERVED TIME   RECORD YEAR NORMAL DEPARTURE LAST
                VALUE   (LST)  VALUE       VALUE  FROM      YEAR
                                                  NORMAL
..................................................................
TEMPERATURE (F)
 TODAY
  MAXIMUM         59    410 PM  68    1951  44     15       56
                                      1920
                                      1880
  MINIMUM         15    732 AM -14    1943  20     -5       30
  AVERAGE         37                        32      5       43

PRECIPITATION (IN)
  TODAY            0.00          0.65 1979   0.02  -0.02     0.00
  MONTH TO DATE    0.09                      0.32  -0.23     2.51
  SINCE DEC 1      0.09                      1.16  -1.07     3.13
  SINCE JAN 1      0.09                      0.32  -0.23     2.51

SNOWFALL (IN)
  TODAY            0.0           2.6  1943   0.1   -0.1      0.0
  MONTH TO DATE    1.2                       2.6   -1.4      2.7
  SINCE DEC 1      1.2                       6.7   -5.5      5.0
  SINCE JUL 1      1.2                       8.9   -7.7      5.0
  SNOW DEPTH       0

DEGREE DAYS
 HEATING
  TODAY           28                        33     -5       22
  MONTH TO DATE  646                       594     52      641
  SINCE DEC 1   1626                      1594     32     1718
  SINCE JUL 1   2480                      2608   -128     2314

 COOLING
  TODAY            0                         0      0        0
  MONTH TO DATE    0                         0      0        0
  SINCE DEC 1      0                         0      0        0
  SINCE JAN 1      0                         0      0        0
..................................................................


WIND (MPH)
  HIGHEST WIND SPEED    16   HIGHEST WIND DIRECTION    SW (210)
  HIGHEST GUST SPEED    20   HIGHEST GUST DIRECTION    SW (210)
  AVERAGE WIND SPEED    11.6


SKY COVER
  POSSIBLE SUNSHINE  MM
  AVERAGE SKY COVER 0.0


WEATHER CONDITIONS
 THE FOLLOWING WEATHER WAS RECORDED TODAY.
  NO SIGNIFICANT WEATHER WAS OBSERVED.


RELATIVE HUMIDITY (PERCENT)
 HIGHEST    67           400 AM
 LOWEST     17           200 PM
 AVERAGE    42

..........................................................


THE DODGE CITY KS CLIMATE NORMALS FOR TOMORROW
                         NORMAL    RECORD    YEAR
 MAXIMUM TEMPERATURE (F)   44        75      1986
 MINIMUM TEMPERATURE (F)   20       -20      1883


SUNRISE AND SUNSET
JANUARY 18 2018.......SUNRISE   753 AM CST   SUNSET   548 PM CST
JANUARY 19 2018.......SUNRISE   752 AM CST   SUNSET   549 PM CST


-  INDICATES NEGATIVE NUMBERS.
R  INDICATES RECORD WAS SET OR TIED.
MM INDICATES DATA IS MISSING.
T  INDICATES TRACE AMOUNT.




$$
