000
CDUS43 KDDC 230709
CLIDGC


CLIMATE REPORT
NATIONAL WEATHER SERVICE DODGE CITY KS
206 AM CDT SAT APR 23 2016


...................................

...THE DODGE CITY KS CLIMATE SUMMARY FOR APRIL 22 2016...

CLIMATE NORMAL PERIOD 1981 TO 2010
CLIMATE RECORD PERIOD 1875 TO 2016


WEATHER ITEM   OBSERVED TIME   RECORD YEAR NORMAL DEPARTURE LAST
                VALUE   (LST)  VALUE       VALUE  FROM      YEAR
                                                  NORMAL
..................................................................
TEMPERATURE (F)
 YESTERDAY
  MAXIMUM         74    518 PM 100    1989  70      4       64
  MINIMUM         42    501 AM  26    1892  43     -1       40
  AVERAGE         58                        56      2       52

PRECIPITATION (IN)
  YESTERDAY        0.00          1.58 1933   0.06  -0.06     0.00
  MONTH TO DATE    5.81                      1.26   4.55     1.49
  SINCE MAR 1      5.85                      2.85   3.00     1.78
  SINCE JAN 1      6.44                      4.11   2.33     3.08

SNOWFALL (IN)
  YESTERDAY        0.0           0.3  1907   0.0    0.0      0.0
  MONTH TO DATE    0.0                       1.0   -1.0      0.0
  SINCE MAR 1      0.4                       5.9   -5.5       T
  SINCE JUL 1     10.4                      21.0  -10.6     21.4
  SNOW DEPTH       0

DEGREE DAYS
 HEATING
  YESTERDAY        7                        10     -3       13
  MONTH TO DATE  235                       285    -50      190
  SINCE MAR 1    741                       925   -184      694
  SINCE JUL 1   4103                      4772   -669     4442

 COOLING
  YESTERDAY        0                         1     -1        0
  MONTH TO DATE    4                         7     -3       12
  SINCE MAR 1      6                         8     -2       12
  SINCE JAN 1      8                         8      0       12
..................................................................


WIND (MPH)
  HIGHEST WIND SPEED    17   HIGHEST WIND DIRECTION     S (160)
  HIGHEST GUST SPEED    22   HIGHEST GUST DIRECTION    SE (150)
  AVERAGE WIND SPEED     8.1


SKY COVER
  POSSIBLE SUNSHINE  MM
  AVERAGE SKY COVER 0.0


WEATHER CONDITIONS
 THE FOLLOWING WEATHER WAS RECORDED YESTERDAY.
  NO SIGNIFICANT WEATHER WAS OBSERVED.


RELATIVE HUMIDITY (PERCENT)
 HIGHEST    83           500 AM
 LOWEST     31           300 PM
 AVERAGE    57

..........................................................


THE DODGE CITY KS CLIMATE NORMALS FOR TODAY
                         NORMAL    RECORD    YEAR
 MAXIMUM TEMPERATURE (F)   70        97      1989
 MINIMUM TEMPERATURE (F)   43        24      2013
                                             1887


SUNRISE AND SUNSET
APRIL 23 2016.........SUNRISE   653 AM CDT   SUNSET   823 PM CDT
APRIL 24 2016.........SUNRISE   652 AM CDT   SUNSET   824 PM CDT


-  INDICATES NEGATIVE NUMBERS.
R  INDICATES RECORD WAS SET OR TIED.
MM INDICATES DATA IS MISSING.
T  INDICATES TRACE AMOUNT.




$$
