000
CDUS43 KDDC 170708
CLIDGC


CLIMATE REPORT
NATIONAL WEATHER SERVICE DODGE CITY KS
207 AM CDT SAT JUN 17 2017


...................................

...THE DODGE CITY KS CLIMATE SUMMARY FOR JUNE 16 2017...

CLIMATE NORMAL PERIOD 1981 TO 2010
CLIMATE RECORD PERIOD 1875 TO 2017


WEATHER ITEM   OBSERVED TIME   RECORD YEAR NORMAL DEPARTURE LAST
                VALUE   (LST)  VALUE       VALUE  FROM      YEAR
                                                  NORMAL
..................................................................
TEMPERATURE (F)
 YESTERDAY
  MAXIMUM         93    404 PM 104    2011  87      6       94
  MINIMUM         67    606 AM  48    1999  61      6       65
  AVERAGE         80                        74      6       80

PRECIPITATION (IN)
  YESTERDAY        0.00          3.00 1887   0.11  -0.11     0.00
  MONTH TO DATE    2.46                      1.81   0.65     0.74
  SINCE JUN 1      2.46                      1.81   0.65     0.74
  SINCE JAN 1     19.89                      9.33  10.56    11.86

SNOWFALL (IN)
  YESTERDAY        0.0           T    2004   0.0    0.0      0.0
                                      1975
                                      1955
  MONTH TO DATE    0.0                       0.0    0.0      0.0
  SINCE JUN 1      0.0                       0.0    0.0      0.0
  SINCE JUL 1      7.5                      21.1  -13.6     10.4
  SNOW DEPTH       0

DEGREE DAYS
 HEATING
  YESTERDAY        0                         0      0        0
  MONTH TO DATE    0                        10    -10        1
  SINCE JUN 1      0                        10    -10        1
  SINCE JUL 1   4170                      4964   -794     4340

 COOLING
  YESTERDAY       15                         9      6       15
  MONTH TO DATE  167                       118     49      143
  SINCE JUN 1    167                       118     49      143
  SINCE JAN 1    269                       227     42      201
..................................................................


WIND (MPH)
  HIGHEST WIND SPEED    20   HIGHEST WIND DIRECTION     S (190)
  HIGHEST GUST SPEED    23   HIGHEST GUST DIRECTION     S (170)
  AVERAGE WIND SPEED    10.7


SKY COVER
  POSSIBLE SUNSHINE  MM
  AVERAGE SKY COVER 0.0


WEATHER CONDITIONS
 THE FOLLOWING WEATHER WAS RECORDED YESTERDAY.
  FOG


RELATIVE HUMIDITY (PERCENT)
 HIGHEST    93           600 AM
 LOWEST     36           500 PM
 AVERAGE    65

..........................................................


THE DODGE CITY KS CLIMATE NORMALS FOR TODAY
                         NORMAL    RECORD    YEAR
 MAXIMUM TEMPERATURE (F)   87       104      1948
                                             1939
 MINIMUM TEMPERATURE (F)   62        44      1999


SUNRISE AND SUNSET
JUNE 17 2017..........SUNRISE   618 AM CDT   SUNSET   904 PM CDT
JUNE 18 2017..........SUNRISE   618 AM CDT   SUNSET   904 PM CDT


-  INDICATES NEGATIVE NUMBERS.
R  INDICATES RECORD WAS SET OR TIED.
MM INDICATES DATA IS MISSING.
T  INDICATES TRACE AMOUNT.




$$
