000
CDUS43 KDDC 070728
CLIDGC


CLIMATE REPORT
NATIONAL WEATHER SERVICE DODGE CITY KS
228 AM CDT MON AUG 7 2017


...................................

...THE DODGE CITY KS CLIMATE SUMMARY FOR AUGUST 6 2017...

CLIMATE NORMAL PERIOD 1981 TO 2010
CLIMATE RECORD PERIOD 1875 TO 2017


WEATHER ITEM   OBSERVED TIME   RECORD YEAR NORMAL DEPARTURE LAST
                VALUE   (LST)  VALUE       VALUE  FROM      YEAR
                                                  NORMAL
..................................................................
TEMPERATURE (F)
 YESTERDAY
  MAXIMUM         85    333 PM 105    1956  92     -7       84
                                      1937
                                      1934
  MINIMUM         65   1159 PM  51    1990  67     -2       67
  AVERAGE         75                        79     -4       76

PRECIPITATION (IN)
  YESTERDAY        T             3.08 1997   0.10  -0.10     0.12
  MONTH TO DATE    T                         0.57  -0.57     0.12
  SINCE JUN 1      5.28                      6.89  -1.61     8.13
  SINCE JAN 1     22.71                     14.41   8.30    19.25

SNOWFALL (IN)
  YESTERDAY        0.0           0.0  2002   0.0    0.0      0.0
                                      2001
  MONTH TO DATE    0.0                       0.0    0.0      0.0
  SINCE JUN 1      0.0                       0.0    0.0      0.0
  SINCE JUL 1      0.0                       0.0    0.0      0.0
  SNOW DEPTH       0

DEGREE DAYS
 HEATING
  YESTERDAY        0                         0      0        0
  MONTH TO DATE    0                         0      0        0
  SINCE JUN 1      0                        14    -14        1
  SINCE JUL 1      0                         1     -1        0

 COOLING
  YESTERDAY       10                        14     -4       11
  MONTH TO DATE   61                        88    -27       91
  SINCE JUN 1    872                       818     54      918
  SINCE JAN 1    974                       927     47      976
..................................................................


WIND (MPH)
  HIGHEST WIND SPEED    16   HIGHEST WIND DIRECTION    NE (30)
  HIGHEST GUST SPEED    23   HIGHEST GUST DIRECTION    NE (40)
  AVERAGE WIND SPEED     9.0


SKY COVER
  POSSIBLE SUNSHINE  MM
  AVERAGE SKY COVER 0.5


WEATHER CONDITIONS
 THE FOLLOWING WEATHER WAS RECORDED YESTERDAY.
  FOG
  FOG W/VISIBILITY <= 1/4 MILE


RELATIVE HUMIDITY (PERCENT)
 HIGHEST   100           400 AM
 LOWEST     47           500 PM
 AVERAGE    74

..........................................................


THE DODGE CITY KS CLIMATE NORMALS FOR TODAY
                         NORMAL    RECORD    YEAR
 MAXIMUM TEMPERATURE (F)   92       106      2011
                                             1970
                                             1946
 MINIMUM TEMPERATURE (F)   67        50      1997


SUNRISE AND SUNSET
AUGUST  7 2017........SUNRISE   649 AM CDT   SUNSET   842 PM CDT
AUGUST  8 2017........SUNRISE   650 AM CDT   SUNSET   841 PM CDT


-  INDICATES NEGATIVE NUMBERS.
R  INDICATES RECORD WAS SET OR TIED.
MM INDICATES DATA IS MISSING.
T  INDICATES TRACE AMOUNT.




$$
