000
CDUS43 KDDC 092333
CLIDGC


CLIMATE REPORT
NATIONAL WEATHER SERVICE DODGE CITY KS
632 PM CDT TUE SEP 9 2014


...................................

...THE DODGE CITY KS CLIMATE SUMMARY FOR SEPTEMBER 9 2014...
VALID TODAY AS OF 0500 PM LOCAL TIME.

CLIMATE NORMAL PERIOD 1981 TO 2010
CLIMATE RECORD PERIOD 1875 TO 2014


WEATHER ITEM   OBSERVED TIME   RECORD YEAR NORMAL DEPARTURE LAST
                VALUE   (LST)  VALUE       VALUE  FROM      YEAR
                                                  NORMAL
..................................................................
TEMPERATURE (F)
 TODAY
  MAXIMUM        100R   322 PM 100    1990  85     15       94
  MINIMUM         69    606 AM  41    1962  59     10       64
  AVERAGE         85                        72     13       79

PRECIPITATION (IN)
  TODAY            0.00          1.09 1894   0.06  -0.06     0.00
  MONTH TO DATE    0.44                      0.61  -0.17     0.08
  SINCE SEP 1      0.44                      0.61  -0.17     0.08
  SINCE JAN 1     18.67                     17.20   1.47    15.56

SNOWFALL (IN)
  TODAY            0.0           T    1987   0.0    0.0      0.0
  MONTH TO DATE    0.0                       0.0    0.0      0.0
  SINCE SEP 1      0.0                       0.0    0.0      0.0
  SINCE JUL 1      0.0                       0.0    0.0      0.0
  SNOW DEPTH       0

DEGREE DAYS
 HEATING
  TODAY            0                         1     -1        0
  MONTH TO DATE    5                         5      0        0
  SINCE SEP 1      5                         5      0        0
  SINCE JUL 1     18                         9      9        0

 COOLING
  TODAY           20                         8     12       14
  MONTH TO DATE   84                        82      2      124
  SINCE SEP 1     84                        82      2      124
  SINCE JAN 1   1329                      1328      1     1488
..................................................................


WIND (MPH)
  HIGHEST WIND SPEED    33   HIGHEST WIND DIRECTION     S (180)
  HIGHEST GUST SPEED    42   HIGHEST GUST DIRECTION     S (180)
  AVERAGE WIND SPEED    16.2


SKY COVER
  POSSIBLE SUNSHINE  MM
  AVERAGE SKY COVER 0.1


WEATHER CONDITIONS
 THE FOLLOWING WEATHER WAS RECORDED TODAY.
  NO SIGNIFICANT WEATHER WAS OBSERVED.


RELATIVE HUMIDITY (PERCENT)
 HIGHEST    78           300 AM
 LOWEST     26           500 PM
 AVERAGE    52

..........................................................


THE DODGE CITY KS CLIMATE NORMALS FOR TOMORROW
                         NORMAL    RECORD    YEAR
 MAXIMUM TEMPERATURE (F)   85       104      1984
 MINIMUM TEMPERATURE (F)   59        38      1907


SUNRISE AND SUNSET
SEPTEMBER  9 2014.....SUNRISE   717 AM CDT   SUNSET   757 PM CDT
SEPTEMBER 10 2014.....SUNRISE   717 AM CDT   SUNSET   755 PM CDT


-  INDICATES NEGATIVE NUMBERS.
R  INDICATES RECORD WAS SET OR TIED.
MM INDICATES DATA IS MISSING.
T  INDICATES TRACE AMOUNT.




$$
