000
CDUS43 KDDC 042327
CLIDGC


CLIMATE REPORT
NATIONAL WEATHER SERVICE DODGE CITY KS
625 PM CDT WED OCT 4 2017


...................................

...THE DODGE CITY KS CLIMATE SUMMARY FOR OCTOBER 4 2017...
VALID TODAY AS OF 0500 PM LOCAL TIME.

CLIMATE NORMAL PERIOD 1981 TO 2010
CLIMATE RECORD PERIOD 1875 TO 2017


WEATHER ITEM   OBSERVED TIME   RECORD YEAR NORMAL DEPARTURE LAST
                VALUE   (LST)  VALUE       VALUE  FROM      YEAR
                                                  NORMAL
..................................................................
TEMPERATURE (F)
 TODAY
  MAXIMUM         64    355 PM  94    1937  74    -10       78
  MINIMUM         56    655 AM  26    1877  48      8       45
  AVERAGE         60                        61     -1       62

PRECIPITATION (IN)
  TODAY            0.12          1.95 1930   0.06   0.06     0.00
  MONTH TO DATE    0.12                      0.23  -0.11     0.00
  SINCE SEP 1      1.66                      1.90  -0.24     0.31
  SINCE JAN 1     25.31                     18.49   6.82    22.32

SNOWFALL (IN)
  TODAY            0.0           T    1932   0.0    0.0      0.0
  MONTH TO DATE    0.0                       0.0    0.0      0.0
  SINCE SEP 1      0.0                       0.0    0.0      0.0
  SINCE JUL 1      0.0                       0.0    0.0      0.0
  SNOW DEPTH       0

DEGREE DAYS
 HEATING
  TODAY            5                         6     -1        3
  MONTH TO DATE    6                        22    -16        3
  SINCE SEP 1     36                        83    -47       29
  SINCE JUL 1     36                        87    -51       29

 COOLING
  TODAY            0                         2     -2        0
  MONTH TO DATE   16                         9      7       19
  SINCE SEP 1    263                       196     67      261
  SINCE JAN 1   1495                      1442     53     1515
..................................................................


WIND (MPH)
  HIGHEST WIND SPEED    16   HIGHEST WIND DIRECTION    NE (40)
  HIGHEST GUST SPEED    21   HIGHEST GUST DIRECTION    NE (30)
  AVERAGE WIND SPEED     8.2


SKY COVER
  POSSIBLE SUNSHINE  MM
  AVERAGE SKY COVER 1.0


WEATHER CONDITIONS
 THE FOLLOWING WEATHER WAS RECORDED TODAY.
  HEAVY RAIN
  LIGHT RAIN
  FOG


RELATIVE HUMIDITY (PERCENT)
 HIGHEST   100           600 AM
 LOWEST     87           400 PM
 AVERAGE    94

..........................................................


THE DODGE CITY KS CLIMATE NORMALS FOR TOMORROW
                         NORMAL    RECORD    YEAR
 MAXIMUM TEMPERATURE (F)   74        95      1947
 MINIMUM TEMPERATURE (F)   48        29      1932


SUNRISE AND SUNSET
OCTOBER  4 2017.......SUNRISE   738 AM CDT   SUNSET   718 PM CDT
OCTOBER  5 2017.......SUNRISE   739 AM CDT   SUNSET   716 PM CDT


-  INDICATES NEGATIVE NUMBERS.
R  INDICATES RECORD WAS SET OR TIED.
MM INDICATES DATA IS MISSING.
T  INDICATES TRACE AMOUNT.




$$
