329
CDUS43 KDDC 190706
CLIDGC


CLIMATE REPORT
NATIONAL WEATHER SERVICE DODGE CITY KS
206 AM CDT FRI MAY 19 2017


...................................

...THE DODGE CITY KS CLIMATE SUMMARY FOR MAY 18 2017...

CLIMATE NORMAL PERIOD 1981 TO 2010
CLIMATE RECORD PERIOD 1875 TO 2017


WEATHER ITEM   OBSERVED TIME   RECORD YEAR NORMAL DEPARTURE LAST
                VALUE   (LST)  VALUE       VALUE  FROM      YEAR
                                                  NORMAL
..................................................................
TEMPERATURE (F)
 YESTERDAY
  MAXIMUM         81    218 PM 102    2013  78      3       65
                                      1996
  MINIMUM         52    642 AM  35    1986  52      0       38
  AVERAGE         67                        65      2       52

PRECIPITATION (IN)
  YESTERDAY        1.29          2.44 1915   0.09   1.20     0.00
  MONTH TO DATE    3.44                      1.51   1.93     0.30
  SINCE MAR 1     13.68                      4.92   8.76     8.42
  SINCE JAN 1     16.25                      6.18  10.07     9.01

SNOWFALL (IN)
  YESTERDAY        0.0           0.0  2002   0.0    0.0      0.0
                                      2001
  MONTH TO DATE    0.0                       0.0    0.0      0.0
  SINCE MAR 1      2.5                       6.0   -3.5      0.4
  SINCE JUL 1      7.5                      21.1  -13.6     10.4
  SNOW DEPTH       0

DEGREE DAYS
 HEATING
  YESTERDAY        0                         3     -3       13
  MONTH TO DATE   79                        87     -8      140
  SINCE MAR 1    873                      1079   -206      955
  SINCE JUL 1   4107                      4926   -819     4317

 COOLING
  YESTERDAY        2                         3     -1        0
  MONTH TO DATE   41                        36      5        5
  SINCE MAR 1     82                        55     27       14
  SINCE JAN 1     82                        55     27       16
..................................................................


WIND (MPH)
  HIGHEST WIND SPEED    35   HIGHEST WIND DIRECTION     N (10)
  HIGHEST GUST SPEED    44   HIGHEST GUST DIRECTION     N (10)
  AVERAGE WIND SPEED    16.4


SKY COVER
  POSSIBLE SUNSHINE  MM
  AVERAGE SKY COVER 0.6


WEATHER CONDITIONS
 THE FOLLOWING WEATHER WAS RECORDED YESTERDAY.
  THUNDERSTORM
  HEAVY RAIN
  RAIN
  LIGHT RAIN
  FOG


RELATIVE HUMIDITY (PERCENT)
 HIGHEST   100           800 PM
 LOWEST     42           200 PM
 AVERAGE    71

..........................................................


THE DODGE CITY KS CLIMATE NORMALS FOR TODAY
                         NORMAL    RECORD    YEAR
 MAXIMUM TEMPERATURE (F)   78        98      2014
                                             2006
                                             1933
 MINIMUM TEMPERATURE (F)   53        36      1930


SUNRISE AND SUNSET
MAY 19 2017...........SUNRISE   627 AM CDT   SUNSET   846 PM CDT
MAY 20 2017...........SUNRISE   626 AM CDT   SUNSET   847 PM CDT


-  INDICATES NEGATIVE NUMBERS.
R  INDICATES RECORD WAS SET OR TIED.
MM INDICATES DATA IS MISSING.
T  INDICATES TRACE AMOUNT.




$$
