000
CDUS43 KDDC 210706
CLIDGC


CLIMATE REPORT
NATIONAL WEATHER SERVICE DODGE CITY KS
105 AM CST TUE FEB 21 2017


...................................

...THE DODGE CITY KS CLIMATE SUMMARY FOR FEBRUARY 20 2017...

CLIMATE NORMAL PERIOD 1981 TO 2010
CLIMATE RECORD PERIOD 1875 TO 2017


WEATHER ITEM   OBSERVED TIME   RECORD YEAR NORMAL DEPARTURE LAST
                VALUE   (LST)  VALUE       VALUE  FROM      YEAR
                                                  NORMAL
..................................................................
TEMPERATURE (F)
 YESTERDAY
  MAXIMUM         67    337 PM  84    1981  50     17       72
  MINIMUM         37   1159 PM  -2    1918  25     12       36
  AVERAGE         52                        37     15       54

PRECIPITATION (IN)
  YESTERDAY        0.00          0.77 1878   0.03  -0.03     0.00
  MONTH TO DATE    0.01                      0.47  -0.46     0.31
  SINCE DEC 1      3.19                      1.89   1.30     3.02
  SINCE JAN 1      2.57                      1.05   1.52     0.59

SNOWFALL (IN)
  YESTERDAY        0.0           4.6  1924   0.1   -0.1      0.0
  MONTH TO DATE    0.0                       2.9   -2.9      0.1
  SINCE DEC 1      5.0                      11.9   -6.9      8.9
  SINCE JUL 1      5.0                      14.1   -9.1     10.0
  SNOW DEPTH       0

DEGREE DAYS
 HEATING
  YESTERDAY       13                        28    -15       11
  MONTH TO DATE  418                       602   -184      494
  SINCE DEC 1   2468                      2620   -152     2341
  SINCE JUL 1   3064                      3634   -570     3171

 COOLING
  YESTERDAY        0                         0      0        0
  MONTH TO DATE    0                         0      0        2
  SINCE DEC 1      0                         0      0        2
  SINCE JAN 1      0                         0      0        2
..................................................................


WIND (MPH)
  HIGHEST WIND SPEED    32   HIGHEST WIND DIRECTION    NW (320)
  HIGHEST GUST SPEED    40   HIGHEST GUST DIRECTION    NW (320)
  AVERAGE WIND SPEED    13.4


SKY COVER
  POSSIBLE SUNSHINE  MM
  AVERAGE SKY COVER 0.0


WEATHER CONDITIONS
 THE FOLLOWING WEATHER WAS RECORDED YESTERDAY.
  NO SIGNIFICANT WEATHER WAS OBSERVED.


RELATIVE HUMIDITY (PERCENT)
 HIGHEST    71          1200 AM
 LOWEST     15          1200 PM
 AVERAGE    43

..........................................................


THE DODGE CITY KS CLIMATE NORMALS FOR TODAY
                         NORMAL    RECORD    YEAR
 MAXIMUM TEMPERATURE (F)   50        79      2000
                                             1977
 MINIMUM TEMPERATURE (F)   25        -3      1978


SUNRISE AND SUNSET
FEBRUARY 21 2017......SUNRISE   722 AM CST   SUNSET   626 PM CST
FEBRUARY 22 2017......SUNRISE   720 AM CST   SUNSET   627 PM CST


-  INDICATES NEGATIVE NUMBERS.
R  INDICATES RECORD WAS SET OR TIED.
MM INDICATES DATA IS MISSING.
T  INDICATES TRACE AMOUNT.




$$
