162
CDUS43 KDDC 050725
CLIDGC


CLIMATE REPORT
NATIONAL WEATHER SERVICE DODGE CITY KS
125 AM CST FRI FEB 5 2016


...................................

...THE DODGE CITY KS CLIMATE SUMMARY FOR FEBRUARY 4 2016...

CLIMATE NORMAL PERIOD 1981 TO 2010
CLIMATE RECORD PERIOD 1875 TO 2016


WEATHER ITEM   OBSERVED TIME   RECORD YEAR NORMAL DEPARTURE LAST
                VALUE   (LST)  VALUE       VALUE  FROM      YEAR
                                                  NORMAL
..................................................................
TEMPERATURE (F)
 YESTERDAY
  MAXIMUM         40    348 PM  78    1890  46     -6       39
  MINIMUM         15    734 AM -20    1883  21     -6       12
  AVERAGE         28                        34     -6       26

PRECIPITATION (IN)
  YESTERDAY        0.00          0.33 2014   0.03  -0.03      T
  MONTH TO DATE    0.31                      0.09   0.22     0.03
  SINCE DEC 1      3.02                      1.51   1.51     1.69
  SINCE JAN 1      0.59                      0.67  -0.08     0.69

SNOWFALL (IN)
  YESTERDAY        0.0           5.5  2014   0.1   -0.1       T
  MONTH TO DATE    0.1                       0.6   -0.5       T
  SINCE DEC 1      8.9                       9.6   -0.7      8.3
  SINCE JUL 1     10.0                      11.8   -1.8     10.5
  SNOW DEPTH       0

DEGREE DAYS
 HEATING
  YESTERDAY       37                        31      6       39
  MONTH TO DATE  141                       127     14      143
  SINCE DEC 1   1988                      2145   -157     2030
  SINCE JUL 1   2818                      3159   -341     3028

 COOLING
  YESTERDAY        0                         0      0        0
  MONTH TO DATE    0                         0      0        0
  SINCE DEC 1      0                         0      0        0
  SINCE JAN 1      0                         0      0        0
..................................................................


WIND (MPH)
  HIGHEST WIND SPEED    21   HIGHEST WIND DIRECTION     W (270)
  HIGHEST GUST SPEED    24   HIGHEST GUST DIRECTION     W (260)
  AVERAGE WIND SPEED     9.0


SKY COVER
  POSSIBLE SUNSHINE  MM
  AVERAGE SKY COVER 0.0


WEATHER CONDITIONS
 THE FOLLOWING WEATHER WAS RECORDED YESTERDAY.
  NO SIGNIFICANT WEATHER WAS OBSERVED.


RELATIVE HUMIDITY (PERCENT)
 HIGHEST    74           300 AM
 LOWEST     25           200 PM
 AVERAGE    50

..........................................................


THE DODGE CITY KS CLIMATE NORMALS FOR TODAY
                         NORMAL    RECORD    YEAR
 MAXIMUM TEMPERATURE (F)   46        76      1963
 MINIMUM TEMPERATURE (F)   21       -13      1982
                                             1883


SUNRISE AND SUNSET
FEBRUARY  5 2016......SUNRISE   741 AM CST   SUNSET   607 PM CST
FEBRUARY  6 2016......SUNRISE   740 AM CST   SUNSET   609 PM CST


-  INDICATES NEGATIVE NUMBERS.
R  INDICATES RECORD WAS SET OR TIED.
MM INDICATES DATA IS MISSING.
T  INDICATES TRACE AMOUNT.




$$
