081
CDUS43 KDDC 170720
CLIDGC


CLIMATE REPORT
NATIONAL WEATHER SERVICE DODGE CITY KS
219 AM CDT WED MAY 17 2017


...................................

...THE DODGE CITY KS CLIMATE SUMMARY FOR MAY 16 2017...

CLIMATE NORMAL PERIOD 1981 TO 2010
CLIMATE RECORD PERIOD 1875 TO 2017


WEATHER ITEM   OBSERVED TIME   RECORD YEAR NORMAL DEPARTURE LAST
                VALUE   (LST)  VALUE       VALUE  FROM      YEAR
                                                  NORMAL
..................................................................
TEMPERATURE (F)
 YESTERDAY
  MAXIMUM         84    122 PM 105    1996  77      7       61
  MINIMUM         62    553 PM  32    1923  52     10       46
  AVERAGE         73                        64      9       54

PRECIPITATION (IN)
  YESTERDAY        0.54          2.42 1883   0.09   0.45     0.26
  MONTH TO DATE    2.15                      1.32   0.83     0.27
  SINCE MAR 1     12.39                      4.73   7.66     8.39
  SINCE JAN 1     14.96                      5.99   8.97     8.98

SNOWFALL (IN)
  YESTERDAY        0.0           T    1997   0.0    0.0      0.0
  MONTH TO DATE    0.0                       0.0    0.0      0.0
  SINCE MAR 1      2.5                       6.0   -3.5      0.4
  SINCE JUL 1      7.5                      21.1  -13.6     10.4
  SNOW DEPTH       0

DEGREE DAYS
 HEATING
  YESTERDAY        0                         3     -3       11
  MONTH TO DATE   78                        81     -3      115
  SINCE MAR 1    872                      1073   -201      930
  SINCE JUL 1   4106                      4920   -814     4292

 COOLING
  YESTERDAY        8                         3      5        0
  MONTH TO DATE   39                        30      9        5
  SINCE MAR 1     80                        49     31       14
  SINCE JAN 1     80                        49     31       16
..................................................................


WIND (MPH)
  HIGHEST WIND SPEED    39   HIGHEST WIND DIRECTION     S (200)
  HIGHEST GUST SPEED    53   HIGHEST GUST DIRECTION     S (200)
  AVERAGE WIND SPEED    16.1


SKY COVER
  POSSIBLE SUNSHINE  MM
  AVERAGE SKY COVER 0.2


WEATHER CONDITIONS
 THE FOLLOWING WEATHER WAS RECORDED YESTERDAY.
  THUNDERSTORM
  HEAVY RAIN
  RAIN
  LIGHT RAIN
  FOG


RELATIVE HUMIDITY (PERCENT)
 HIGHEST    93           900 PM
 LOWEST     51           100 PM
 AVERAGE    72

..........................................................


THE DODGE CITY KS CLIMATE NORMALS FOR TODAY
                         NORMAL    RECORD    YEAR
 MAXIMUM TEMPERATURE (F)   77       103      1996
 MINIMUM TEMPERATURE (F)   52        35      1895


SUNRISE AND SUNSET
MAY 17 2017...........SUNRISE   628 AM CDT   SUNSET   845 PM CDT
MAY 18 2017...........SUNRISE   627 AM CDT   SUNSET   846 PM CDT


-  INDICATES NEGATIVE NUMBERS.
R  INDICATES RECORD WAS SET OR TIED.
MM INDICATES DATA IS MISSING.
T  INDICATES TRACE AMOUNT.




$$
