000
CDUS43 KDDC 240710
CLIDGC


CLIMATE REPORT
NATIONAL WEATHER SERVICE DODGE CITY KS
209 AM CDT TUE MAY 24 2016


...................................

...THE DODGE CITY KS CLIMATE SUMMARY FOR MAY 23 2016...

CLIMATE NORMAL PERIOD 1981 TO 2010
CLIMATE RECORD PERIOD 1875 TO 2016


WEATHER ITEM   OBSERVED TIME   RECORD YEAR NORMAL DEPARTURE LAST
                VALUE   (LST)  VALUE       VALUE  FROM      YEAR
                                                  NORMAL
..................................................................
TEMPERATURE (F)
 YESTERDAY
  MAXIMUM         81    351 PM 100    2012  79      2       61
  MINIMUM         58    548 AM  33    1893  54      4       53
  AVERAGE         70                        66      4       57

PRECIPITATION (IN)
  YESTERDAY        0.00          1.91 1936   0.09  -0.09     0.67
  MONTH TO DATE    0.32                      2.00  -1.68     6.68
  SINCE MAR 1      8.44                      5.41   3.03     8.77
  SINCE JAN 1      9.03                      6.67   2.36    10.07

SNOWFALL (IN)
  YESTERDAY        0.0           0.0  2002   0.0    0.0      0.0
  MONTH TO DATE    0.0                       0.0    0.0      0.0
  SINCE MAR 1      0.4                       6.0   -5.6       T
  SINCE JUL 1     10.4                      21.1  -10.7     21.4
  SNOW DEPTH       0

DEGREE DAYS
 HEATING
  YESTERDAY        0                         2     -2        8
  MONTH TO DATE  160                       101     59      133
  SINCE MAR 1    975                      1093   -118      894
  SINCE JUL 1   4337                      4940   -603     4642

 COOLING
  YESTERDAY        5                         4      1        0
  MONTH TO DATE   19                        53    -34       36
  SINCE MAR 1     28                        72    -44       51
  SINCE JAN 1     30                        72    -42       51
..................................................................


WIND (MPH)
  HIGHEST WIND SPEED    26   HIGHEST WIND DIRECTION    SE (150)
  HIGHEST GUST SPEED    36   HIGHEST GUST DIRECTION    SE (150)
  AVERAGE WIND SPEED    13.9


SKY COVER
  POSSIBLE SUNSHINE  MM
  AVERAGE SKY COVER 0.3


WEATHER CONDITIONS
 THE FOLLOWING WEATHER WAS RECORDED YESTERDAY.
  NO SIGNIFICANT WEATHER WAS OBSERVED.


RELATIVE HUMIDITY (PERCENT)
 HIGHEST    97           900 PM
 LOWEST     54           300 PM
 AVERAGE    76

..........................................................


THE DODGE CITY KS CLIMATE NORMALS FOR TODAY
                         NORMAL    RECORD    YEAR
 MAXIMUM TEMPERATURE (F)   79       102      1967
 MINIMUM TEMPERATURE (F)   54        39      2001


SUNRISE AND SUNSET
MAY 24 2016...........SUNRISE   623 AM CDT   SUNSET   851 PM CDT
MAY 25 2016...........SUNRISE   623 AM CDT   SUNSET   851 PM CDT


-  INDICATES NEGATIVE NUMBERS.
R  INDICATES RECORD WAS SET OR TIED.
MM INDICATES DATA IS MISSING.
T  INDICATES TRACE AMOUNT.




$$
