000
CDUS43 KDDC 222331
CLIDGC


CLIMATE REPORT
NATIONAL WEATHER SERVICE DODGE CITY KS
631 PM CDT SAT AUG 22 2015


...................................

...THE DODGE CITY KS CLIMATE SUMMARY FOR AUGUST 22 2015...
VALID TODAY AS OF 0500 PM LOCAL TIME.

CLIMATE NORMAL PERIOD 1981 TO 2010
CLIMATE RECORD PERIOD 1875 TO 2015


WEATHER ITEM   OBSERVED TIME   RECORD YEAR NORMAL DEPARTURE LAST
                VALUE   (LST)  VALUE       VALUE  FROM      YEAR
                                                  NORMAL
..................................................................
TEMPERATURE (F)
 TODAY
  MAXIMUM         92    459 PM 104    1910  90      2      101
  MINIMUM         65    641 AM  50    1923  65      0       74
  AVERAGE         79                        77      2       88

PRECIPITATION (IN)
  TODAY            0.00          0.92 1882   0.08  -0.08     0.03
  MONTH TO DATE    1.64                      2.00  -0.36     1.89
  SINCE JUN 1      5.86                      8.32  -2.46    13.99
  SINCE JAN 1     19.58                     15.84   3.74    17.51

SNOWFALL (IN)
  TODAY            0.0           T    2005   0.0    0.0      0.0
  MONTH TO DATE    0.0                       0.0    0.0      0.0
  SINCE JUN 1      0.0                       0.0    0.0      0.0
  SINCE JUL 1      0.0                       0.0    0.0      0.0
  SNOW DEPTH       0

DEGREE DAYS
 HEATING
  TODAY            0                         0      0        0
  MONTH TO DATE    1                         0      1        0
  SINCE JUN 1      2                        14    -12       20
  SINCE JUL 1      2                         1      1       13

 COOLING
  TODAY           14                        13      1       23
  MONTH TO DATE  257                       305    -48      322
  SINCE JUN 1   1056                      1035     21      950
  SINCE JAN 1   1117                      1144    -27     1122
..................................................................


WIND (MPH)
  HIGHEST WIND SPEED    26   HIGHEST WIND DIRECTION     S (180)
  HIGHEST GUST SPEED    33   HIGHEST GUST DIRECTION     S (170)
  AVERAGE WIND SPEED    18.3


SKY COVER
  POSSIBLE SUNSHINE  MM
  AVERAGE SKY COVER 0.1


WEATHER CONDITIONS
 THE FOLLOWING WEATHER WAS RECORDED TODAY.
  FOG


RELATIVE HUMIDITY (PERCENT)
 HIGHEST    93           400 AM
 LOWEST     38           300 PM
 AVERAGE    66

..........................................................


THE DODGE CITY KS CLIMATE NORMALS FOR TOMORROW
                         NORMAL    RECORD    YEAR
 MAXIMUM TEMPERATURE (F)   90       108      2011
 MINIMUM TEMPERATURE (F)   64        46      1891


SUNRISE AND SUNSET
AUGUST 22 2015........SUNRISE   701 AM CDT   SUNSET   824 PM CDT
AUGUST 23 2015........SUNRISE   702 AM CDT   SUNSET   822 PM CDT


-  INDICATES NEGATIVE NUMBERS.
R  INDICATES RECORD WAS SET OR TIED.
MM INDICATES DATA IS MISSING.
T  INDICATES TRACE AMOUNT.




$$
