000
CDUS43 KDDC 132327
CLIDGC


CLIMATE REPORT
NATIONAL WEATHER SERVICE DODGE CITY KS
527 PM CST THU NOV 13 2014


...................................

...THE DODGE CITY KS CLIMATE SUMMARY FOR NOVEMBER 13 2014...
VALID TODAY AS OF 0500 PM LOCAL TIME.

CLIMATE NORMAL PERIOD 1981 TO 2010
CLIMATE RECORD PERIOD 1875 TO 2014


WEATHER ITEM   OBSERVED TIME   RECORD YEAR NORMAL DEPARTURE LAST
                VALUE   (LST)  VALUE       VALUE  FROM      YEAR
                                                  NORMAL
..................................................................
TEMPERATURE (F)
 TODAY
  MAXIMUM         27    349 PM  79    2007  57    -30       63
  MINIMUM          6    741 AM   2    1940  31    -25       26
                                      1916
  AVERAGE         17                        44    -27       45

PRECIPITATION (IN)
  TODAY            0.00          0.38 1909   0.02  -0.02     0.00
  MONTH TO DATE    T                         0.40  -0.40     0.62
  SINCE SEP 1      3.80                      3.81  -0.01     4.58
  SINCE JAN 1     22.03                     20.40   1.63    20.06

SNOWFALL (IN)
  TODAY            0.0           2.2  1909   0.1   -0.1      0.0
  MONTH TO DATE    T                         0.4   -0.4      0.0
  SINCE SEP 1      T                         0.8   -0.8      2.7
  SINCE JUL 1      T                         0.8   -0.8      2.7
  SNOW DEPTH       0

DEGREE DAYS
 HEATING
  TODAY           48                        21     27       20
  MONTH TO DATE  271                       231     40      243
  SINCE SEP 1    511                       583    -72      583
  SINCE JUL 1    524                       587    -63      583

 COOLING
  TODAY            0                         0      0        0
  MONTH TO DATE    0                         0      0        0
  SINCE SEP 1    230                       216     14      277
  SINCE JAN 1   1475                      1462     13     1641
..................................................................


WIND (MPH)
  HIGHEST WIND SPEED    21   HIGHEST WIND DIRECTION     N (360)
  HIGHEST GUST SPEED    26   HIGHEST GUST DIRECTION     N (340)
  AVERAGE WIND SPEED    10.2


SKY COVER
  POSSIBLE SUNSHINE  MM
  AVERAGE SKY COVER 0.3


WEATHER CONDITIONS
 THE FOLLOWING WEATHER WAS RECORDED TODAY.
  NO SIGNIFICANT WEATHER WAS OBSERVED.


RELATIVE HUMIDITY (PERCENT)
 HIGHEST    76           800 AM
 LOWEST     32           400 PM
 AVERAGE    54

..........................................................


THE DODGE CITY KS CLIMATE NORMALS FOR TOMORROW
                         NORMAL    RECORD    YEAR
 MAXIMUM TEMPERATURE (F)   57        82      1988
 MINIMUM TEMPERATURE (F)   31         2      1940
                                             1916


SUNRISE AND SUNSET
NOVEMBER 13 2014......SUNRISE   718 AM CST   SUNSET   530 PM CST
NOVEMBER 14 2014......SUNRISE   719 AM CST   SUNSET   529 PM CST


-  INDICATES NEGATIVE NUMBERS.
R  INDICATES RECORD WAS SET OR TIED.
MM INDICATES DATA IS MISSING.
T  INDICATES TRACE AMOUNT.




$$
