000
CDUS43 KDDC 160706
CLIDGC


CLIMATE REPORT
NATIONAL WEATHER SERVICE DODGE CITY KS
205 AM CDT MON MAY 16 2016


...................................

...THE DODGE CITY KS CLIMATE SUMMARY FOR MAY 15 2016...

CLIMATE NORMAL PERIOD 1981 TO 2010
CLIMATE RECORD PERIOD 1875 TO 2016


WEATHER ITEM   OBSERVED TIME   RECORD YEAR NORMAL DEPARTURE LAST
                VALUE   (LST)  VALUE       VALUE  FROM      YEAR
                                                  NORMAL
..................................................................
TEMPERATURE (F)
 YESTERDAY
  MAXIMUM         61    218 PM  98    1996  77    -16       83
  MINIMUM         47   1159 PM  30    1907  51     -4       58
  AVERAGE         54                        64    -10       71

PRECIPITATION (IN)
  YESTERDAY        T             2.04 1951   0.09  -0.09     0.00
  MONTH TO DATE    0.01                      1.23  -1.22     2.34
  SINCE MAR 1      8.13                      4.64   3.49     4.43
  SINCE JAN 1      8.72                      5.90   2.82     5.73

SNOWFALL (IN)
  YESTERDAY        0.0           0.0  2002   0.0    0.0      0.0
  MONTH TO DATE    0.0                       0.0    0.0      0.0
  SINCE MAR 1      0.4                       6.0   -5.6       T
  SINCE JUL 1     10.4                      21.1  -10.7     21.4
  SNOW DEPTH       0

DEGREE DAYS
 HEATING
  YESTERDAY       11                         4      7        0
  MONTH TO DATE  104                        78     26       58
  SINCE MAR 1    919                      1070   -151      819
  SINCE JUL 1   4281                      4917   -636     4567

 COOLING
  YESTERDAY        0                         3     -3        6
  MONTH TO DATE    5                        27    -22       36
  SINCE MAR 1     14                        46    -32       51
  SINCE JAN 1     16                        46    -30       51
..................................................................


WIND (MPH)
  HIGHEST WIND SPEED    23   HIGHEST WIND DIRECTION    SE (140)
  HIGHEST GUST SPEED    29   HIGHEST GUST DIRECTION    SE (150)
  AVERAGE WIND SPEED    10.9


SKY COVER
  POSSIBLE SUNSHINE  MM
  AVERAGE SKY COVER 1.0


WEATHER CONDITIONS
 THE FOLLOWING WEATHER WAS RECORDED YESTERDAY.
  FOG


RELATIVE HUMIDITY (PERCENT)
 HIGHEST    80          1100 PM
 LOWEST     43          1200 PM
 AVERAGE    62

..........................................................


THE DODGE CITY KS CLIMATE NORMALS FOR TODAY
                         NORMAL    RECORD    YEAR
 MAXIMUM TEMPERATURE (F)   77       105      1996
 MINIMUM TEMPERATURE (F)   52        32      1923


SUNRISE AND SUNSET
MAY 16 2016...........SUNRISE   629 AM CDT   SUNSET   844 PM CDT
MAY 17 2016...........SUNRISE   628 AM CDT   SUNSET   845 PM CDT


-  INDICATES NEGATIVE NUMBERS.
R  INDICATES RECORD WAS SET OR TIED.
MM INDICATES DATA IS MISSING.
T  INDICATES TRACE AMOUNT.




$$
