000
CDUS43 KDDC 161021
CLIDGC


CLIMATE REPORT
NATIONAL WEATHER SERVICE DODGE CITY KS
418 AM CST SUN NOV 16 2014


...................................

...THE DODGE CITY KS CLIMATE SUMMARY FOR NOVEMBER 15 2014...

CLIMATE NORMAL PERIOD 1981 TO 2010
CLIMATE RECORD PERIOD 1875 TO 2014


WEATHER ITEM   OBSERVED TIME   RECORD YEAR NORMAL DEPARTURE LAST
                VALUE   (LST)  VALUE       VALUE  FROM      YEAR
                                                  NORMAL
..................................................................
TEMPERATURE (F)
 YESTERDAY
  MAXIMUM         43    304 PM  83    1894  56    -13       65
  MINIMUM         18   1159 PM  10    1955  30    -12       27
  AVERAGE         31                        43    -12       46

PRECIPITATION (IN)
  YESTERDAY        0.01          1.21 1996   0.02  -0.01     0.00
  MONTH TO DATE    0.01                      0.45  -0.44     0.62
  SINCE SEP 1      3.81                      3.86  -0.05     4.58
  SINCE JAN 1     22.04                     20.45   1.59    20.06

SNOWFALL (IN)
  YESTERDAY        0.1           2.5  1962   0.1    0.0      0.0
  MONTH TO DATE    0.1                       0.5   -0.4      0.0
  SINCE SEP 1      0.1                       0.9   -0.8      2.7
  SINCE JUL 1      0.1                       0.9   -0.8      2.7
  SNOW DEPTH       0

DEGREE DAYS
 HEATING
  YESTERDAY       34                        22     12       19
  MONTH TO DATE  345                       274     71      284
  SINCE SEP 1    585                       626    -41      624
  SINCE JUL 1    598                       630    -32      624

 COOLING
  YESTERDAY        0                         0      0        0
  MONTH TO DATE    0                         0      0        0
  SINCE SEP 1    230                       216     14      277
  SINCE JAN 1   1475                      1462     13     1641
..................................................................


WIND (MPH)
  HIGHEST WIND SPEED    26   HIGHEST WIND DIRECTION     N (350)
  HIGHEST GUST SPEED    37   HIGHEST GUST DIRECTION     N (350)
  AVERAGE WIND SPEED    16.7


SKY COVER
  POSSIBLE SUNSHINE  MM
  AVERAGE SKY COVER 0.4


WEATHER CONDITIONS
 THE FOLLOWING WEATHER WAS RECORDED YESTERDAY.
  LIGHT SNOW


RELATIVE HUMIDITY (PERCENT)
 HIGHEST    68          1000 PM
 LOWEST     39           200 PM
 AVERAGE    54

..........................................................


THE DODGE CITY KS CLIMATE NORMALS FOR TODAY
                         NORMAL    RECORD    YEAR
 MAXIMUM TEMPERATURE (F)   56        79      1963
 MINIMUM TEMPERATURE (F)   30         2      1955


SUNRISE AND SUNSET
NOVEMBER 16 2014......SUNRISE   721 AM CST   SUNSET   528 PM CST
NOVEMBER 17 2014......SUNRISE   722 AM CST   SUNSET   527 PM CST


-  INDICATES NEGATIVE NUMBERS.
R  INDICATES RECORD WAS SET OR TIED.
MM INDICATES DATA IS MISSING.
T  INDICATES TRACE AMOUNT.




$$
