000
CDUS43 KDDC 140707
CLIDGC


CLIMATE REPORT
NATIONAL WEATHER SERVICE DODGE CITY KS
207 AM CDT FRI APR 14 2017


...................................

...THE DODGE CITY KS CLIMATE SUMMARY FOR APRIL 13 2017...

CLIMATE NORMAL PERIOD 1981 TO 2010
CLIMATE RECORD PERIOD 1875 TO 2017


WEATHER ITEM   OBSERVED TIME   RECORD YEAR NORMAL DEPARTURE LAST
                VALUE   (LST)  VALUE       VALUE  FROM      YEAR
                                                  NORMAL
..................................................................
TEMPERATURE (F)
 YESTERDAY
  MAXIMUM         69    425 PM  92    2006  67      2       71
  MINIMUM         57    448 AM  13    1881  39     18       40
  AVERAGE         63                        53     10       56

PRECIPITATION (IN)
  YESTERDAY        T             1.65 1894   0.06  -0.06     0.00
  MONTH TO DATE    3.67                      0.73   2.94     0.49
  SINCE MAR 1      6.25                      2.32   3.93     0.53
  SINCE JAN 1      8.82                      3.58   5.24     1.12

SNOWFALL (IN)
  YESTERDAY        0.0          10.5  2007   0.0    0.0      0.0
  MONTH TO DATE    0.0                       0.8   -0.8      0.0
  SINCE MAR 1      0.0                       5.7   -5.7      0.4
  SINCE JUL 1      5.0                      20.8  -15.8     10.4
  SNOW DEPTH       0

DEGREE DAYS
 HEATING
  YESTERDAY        2                        13    -11        9
  MONTH TO DATE  135                       186    -51      138
  SINCE MAR 1    619                       826   -207      644
  SINCE JUL 1   3853                      4673   -820     4006

 COOLING
  YESTERDAY        0                         0      0        0
  MONTH TO DATE    4                         0      4        4
  SINCE MAR 1     13                         1     12        6
  SINCE JAN 1     13                         1     12        8
..................................................................


WIND (MPH)
  HIGHEST WIND SPEED    26   HIGHEST WIND DIRECTION    SE (140)
  HIGHEST GUST SPEED    32   HIGHEST GUST DIRECTION    SE (150)
  AVERAGE WIND SPEED    14.8


SKY COVER
  POSSIBLE SUNSHINE  MM
  AVERAGE SKY COVER 0.5


WEATHER CONDITIONS
 THE FOLLOWING WEATHER WAS RECORDED YESTERDAY.
  LIGHT RAIN


RELATIVE HUMIDITY (PERCENT)
 HIGHEST    93           300 AM
 LOWEST     58           500 PM
 AVERAGE    76

..........................................................


THE DODGE CITY KS CLIMATE NORMALS FOR TODAY
                         NORMAL    RECORD    YEAR
 MAXIMUM TEMPERATURE (F)   67        91      2003
                                             2002
 MINIMUM TEMPERATURE (F)   40        20      1928


SUNRISE AND SUNSET
APRIL 14 2017.........SUNRISE   706 AM CDT   SUNSET   815 PM CDT
APRIL 15 2017.........SUNRISE   704 AM CDT   SUNSET   816 PM CDT


-  INDICATES NEGATIVE NUMBERS.
R  INDICATES RECORD WAS SET OR TIED.
MM INDICATES DATA IS MISSING.
T  INDICATES TRACE AMOUNT.




$$
