000
CDUS43 KDDC 051006
CLIDGC


CLIMATE REPORT
NATIONAL WEATHER SERVICE DODGE CITY KS
505 AM CDT SAT APR 5 2014


...................................

...THE DODGE CITY KS CLIMATE SUMMARY FOR APRIL 4 2014...

CLIMATE NORMAL PERIOD 1981 TO 2010
CLIMATE RECORD PERIOD 1875 TO 2014


WEATHER ITEM   OBSERVED TIME   RECORD YEAR NORMAL DEPARTURE LAST
                VALUE   (LST)  VALUE       VALUE  FROM      YEAR
                                                  NORMAL
..................................................................
TEMPERATURE (F)
 YESTERDAY
  MAXIMUM         58    518 PM  90    1929  64     -6       62
                                      1888
  MINIMUM         26    610 AM  17    1945  36    -10       32
  AVERAGE         42                        50     -8       47

PRECIPITATION (IN)
  YESTERDAY        0.00          1.25 1916   0.05  -0.05     0.00
  MONTH TO DATE    0.05                      0.22  -0.17     0.19
  SINCE MAR 1      0.32                      1.81  -1.49     0.45
  SINCE JAN 1      1.16                      3.07  -1.91     1.83

SNOWFALL (IN)
  YESTERDAY        0.0           4.6  1983   0.0    0.0      0.0
  MONTH TO DATE    0.0                       0.3   -0.3       T
  SINCE MAR 1      4.4                       5.2   -0.8      2.1
  SINCE JUL 1     28.9                      20.3    8.6     25.5
  SNOW DEPTH       0

DEGREE DAYS
 HEATING
  YESTERDAY       23                        15      8       18
  MONTH TO DATE   89                        62     27      103
  SINCE MAR 1    841                       702    139      801
  SINCE JUL 1   4998                      4549    449     4512

 COOLING
  YESTERDAY        0                         0      0        0
  MONTH TO DATE    0                         0      0        0
  SINCE MAR 1      0                         1     -1        0
  SINCE JAN 1      0                         1     -1        0
..................................................................


WIND (MPH)
  HIGHEST WIND SPEED    17   HIGHEST WIND DIRECTION     N (360)
  HIGHEST GUST SPEED    20   HIGHEST GUST DIRECTION     N (360)
  AVERAGE WIND SPEED     9.6


SKY COVER
  POSSIBLE SUNSHINE  MM
  AVERAGE SKY COVER 0.0


WEATHER CONDITIONS
 THE FOLLOWING WEATHER WAS RECORDED YESTERDAY.
  NO SIGNIFICANT WEATHER WAS OBSERVED.


RELATIVE HUMIDITY (PERCENT)
 HIGHEST    89          1200 AM
 LOWEST     28           400 PM
 AVERAGE    59

..........................................................


THE DODGE CITY KS CLIMATE NORMALS FOR TODAY
                         NORMAL    RECORD    YEAR
 MAXIMUM TEMPERATURE (F)   64        92      1967
 MINIMUM TEMPERATURE (F)   37        20      1936


SUNRISE AND SUNSET
APRIL  5 2014.........SUNRISE   719 AM CDT   SUNSET   806 PM CDT
APRIL  6 2014.........SUNRISE   718 AM CDT   SUNSET   807 PM CDT


-  INDICATES NEGATIVE NUMBERS.
R  INDICATES RECORD WAS SET OR TIED.
MM INDICATES DATA IS MISSING.
T  INDICATES TRACE AMOUNT.




$$
