000
CDUS43 KDDC 070717
CLIDGC


CLIMATE REPORT
NATIONAL WEATHER SERVICE DODGE CITY KS
216 AM CDT THU SEP 7 2017


...................................

...THE DODGE CITY KS CLIMATE SUMMARY FOR SEPTEMBER 6 2017...

CLIMATE NORMAL PERIOD 1981 TO 2010
CLIMATE RECORD PERIOD 1875 TO 2017


WEATHER ITEM   OBSERVED TIME   RECORD YEAR NORMAL DEPARTURE LAST
                VALUE   (LST)  VALUE       VALUE  FROM      YEAR
                                                  NORMAL
..................................................................
TEMPERATURE (F)
 YESTERDAY
  MAXIMUM         83    410 PM 102    2000  86     -3       92
                                      1998
                                      1947
  MINIMUM         45    556 AM  42    1956  60    -15       70
  AVERAGE         64                        73     -9       81

PRECIPITATION (IN)
  YESTERDAY        0.00          2.24 1881   0.07  -0.07     0.00
  MONTH TO DATE    T                         0.42  -0.42      T
  SINCE SEP 1      T                         0.42  -0.42      T
  SINCE JAN 1     23.65                     17.01   6.64    22.01

SNOWFALL (IN)
  YESTERDAY        0.0           0.0  2002   0.0    0.0      0.0
                                      2001
  MONTH TO DATE    0.0                       0.0    0.0      0.0
  SINCE SEP 1      0.0                       0.0    0.0      0.0
  SINCE JUL 1      0.0                       0.0    0.0      0.0
  SNOW DEPTH       0

DEGREE DAYS
 HEATING
  YESTERDAY        1                         1      0        0
  MONTH TO DATE    4                         2      2        0
  SINCE SEP 1      4                         2      2        0
  SINCE JUL 1      4                         6     -2        0

 COOLING
  YESTERDAY        0                         9     -9       16
  MONTH TO DATE   47                        57    -10       69
  SINCE SEP 1     47                        57    -10       69
  SINCE JAN 1   1279                      1303    -24     1323
..................................................................


WIND (MPH)
  HIGHEST WIND SPEED    14   HIGHEST WIND DIRECTION     S (160)
  HIGHEST GUST SPEED    18   HIGHEST GUST DIRECTION    SW (240)
  AVERAGE WIND SPEED     5.9


SKY COVER
  POSSIBLE SUNSHINE  MM
  AVERAGE SKY COVER 0.0


WEATHER CONDITIONS
 THE FOLLOWING WEATHER WAS RECORDED YESTERDAY.
  HAZE


RELATIVE HUMIDITY (PERCENT)
 HIGHEST    76           600 AM
 LOWEST     21           600 PM
 AVERAGE    49

..........................................................


THE DODGE CITY KS CLIMATE NORMALS FOR TODAY
                         NORMAL    RECORD    YEAR
 MAXIMUM TEMPERATURE (F)   86       102      1971
 MINIMUM TEMPERATURE (F)   60        36      1898


SUNRISE AND SUNSET
SEPTEMBER  7 2017.....SUNRISE   715 AM CDT   SUNSET   800 PM CDT
SEPTEMBER  8 2017.....SUNRISE   716 AM CDT   SUNSET   758 PM CDT


-  INDICATES NEGATIVE NUMBERS.
R  INDICATES RECORD WAS SET OR TIED.
MM INDICATES DATA IS MISSING.
T  INDICATES TRACE AMOUNT.




$$
