000
CDUS43 KDDC 120709
CLIDGC


CLIMATE REPORT
NATIONAL WEATHER SERVICE DODGE CITY KS
209 AM CDT MON JUN 12 2017


...................................

...THE DODGE CITY KS CLIMATE SUMMARY FOR JUNE 11 2017...

CLIMATE NORMAL PERIOD 1981 TO 2010
CLIMATE RECORD PERIOD 1875 TO 2017


WEATHER ITEM   OBSERVED TIME   RECORD YEAR NORMAL DEPARTURE LAST
                VALUE   (LST)  VALUE       VALUE  FROM      YEAR
                                                  NORMAL
..................................................................
TEMPERATURE (F)
 YESTERDAY
  MAXIMUM         93    402 PM 104    2013  85      8       92
  MINIMUM         70    614 AM  41    1903  60     10       67
  AVERAGE         82                        72     10       80

PRECIPITATION (IN)
  YESTERDAY        0.00          1.70 1912   0.11  -0.11     0.00
  MONTH TO DATE    2.27                      1.26   1.01     0.09
  SINCE JUN 1      2.27                      1.26   1.01     0.09
  SINCE JAN 1     19.70                      8.78  10.92    11.21

SNOWFALL (IN)
  YESTERDAY        0.0           T    1954   0.0    0.0      0.0
  MONTH TO DATE    0.0                       0.0    0.0      0.0
  SINCE JUN 1      0.0                       0.0    0.0      0.0
  SINCE JUL 1      7.5                      21.1  -13.6     10.4
  SNOW DEPTH       0

DEGREE DAYS
 HEATING
  YESTERDAY        0                         0      0        0
  MONTH TO DATE    0                        10    -10        1
  SINCE JUN 1      0                        10    -10        1
  SINCE JUL 1   4170                      4964   -794     4340

 COOLING
  YESTERDAY       17                         8      9       15
  MONTH TO DATE   90                        74     16       79
  SINCE JUN 1     90                        74     16       79
  SINCE JAN 1    192                       183      9      137
..................................................................


WIND (MPH)
  HIGHEST WIND SPEED    33   HIGHEST WIND DIRECTION     S (160)
  HIGHEST GUST SPEED    42   HIGHEST GUST DIRECTION    SE (150)
  AVERAGE WIND SPEED    22.9


SKY COVER
  POSSIBLE SUNSHINE  MM
  AVERAGE SKY COVER 0.0


WEATHER CONDITIONS
 THE FOLLOWING WEATHER WAS RECORDED YESTERDAY.
  NO SIGNIFICANT WEATHER WAS OBSERVED.


RELATIVE HUMIDITY (PERCENT)
 HIGHEST    90           600 AM
 LOWEST     44           200 PM
 AVERAGE    67

..........................................................


THE DODGE CITY KS CLIMATE NORMALS FOR TODAY
                         NORMAL    RECORD    YEAR
 MAXIMUM TEMPERATURE (F)   86       104      2013
                                             1917
 MINIMUM TEMPERATURE (F)   60        44      1877


SUNRISE AND SUNSET
JUNE 12 2017..........SUNRISE   617 AM CDT   SUNSET   902 PM CDT
JUNE 13 2017..........SUNRISE   617 AM CDT   SUNSET   903 PM CDT


-  INDICATES NEGATIVE NUMBERS.
R  INDICATES RECORD WAS SET OR TIED.
MM INDICATES DATA IS MISSING.
T  INDICATES TRACE AMOUNT.




$$
