000
CDUS43 KDDC 201010
CLIDGC


CLIMATE REPORT
NATIONAL WEATHER SERVICE DODGE CITY KS
510 AM CDT FRI MAR 20 2015


...................................

...THE DODGE CITY KS CLIMATE SUMMARY FOR MARCH 19 2015...

CLIMATE NORMAL PERIOD 1981 TO 2010
CLIMATE RECORD PERIOD 1875 TO 2015


WEATHER ITEM   OBSERVED TIME   RECORD YEAR NORMAL DEPARTURE LAST
                VALUE   (LST)  VALUE       VALUE  FROM      YEAR
                                                  NORMAL
..................................................................
TEMPERATURE (F)
 YESTERDAY
  MAXIMUM         45    628 PM  98    1907  59    -14       57
  MINIMUM         37    124 AM   3    1923  32      5       25
  AVERAGE         41                        45     -4       41

PRECIPITATION (IN)
  YESTERDAY        0.26          1.29 2003   0.06   0.20     0.00
  MONTH TO DATE    0.27                      0.87  -0.60     0.26
  SINCE MAR 1      0.27                      0.87  -0.60     0.26
  SINCE JAN 1      1.57                      2.13  -0.56     1.10

SNOWFALL (IN)
  YESTERDAY        0.0           8.1  1998   0.2   -0.2      0.0
  MONTH TO DATE    T                         3.1   -3.1      4.4
  SINCE MAR 1      T                         3.1   -3.1      4.4
  SINCE JUL 1     21.4                      18.2    3.2     28.9
  SNOW DEPTH       0

DEGREE DAYS
 HEATING
  YESTERDAY       24                        20      4       24
  MONTH TO DATE  378                       426    -48      513
  SINCE MAR 1    378                       426    -48      513
  SINCE JUL 1   4126                      4273   -147     4670

 COOLING
  YESTERDAY        0                         0      0        0
  MONTH TO DATE    0                         0      0        0
  SINCE MAR 1      0                         0      0        0
  SINCE JAN 1      0                         0      0        0
..................................................................


WIND (MPH)
  HIGHEST WIND SPEED    15   HIGHEST WIND DIRECTION     W (270)
  HIGHEST GUST SPEED    18   HIGHEST GUST DIRECTION     W (280)
  AVERAGE WIND SPEED     7.9


SKY COVER
  POSSIBLE SUNSHINE  MM
  AVERAGE SKY COVER 0.8


WEATHER CONDITIONS
 THE FOLLOWING WEATHER WAS RECORDED YESTERDAY.
  LIGHT RAIN
  FOG
  FOG W/VISIBILITY <= 1/4 MILE


RELATIVE HUMIDITY (PERCENT)
 HIGHEST   100           800 AM
 LOWEST     85          1200 AM
 AVERAGE    93

..........................................................


THE DODGE CITY KS CLIMATE NORMALS FOR TODAY
                         NORMAL    RECORD    YEAR
 MAXIMUM TEMPERATURE (F)   59        91      1907
 MINIMUM TEMPERATURE (F)   32        -1      1876


SUNRISE AND SUNSET
MARCH 20 2015.........SUNRISE   744 AM CDT   SUNSET   752 PM CDT
MARCH 21 2015.........SUNRISE   742 AM CDT   SUNSET   752 PM CDT


-  INDICATES NEGATIVE NUMBERS.
R  INDICATES RECORD WAS SET OR TIED.
MM INDICATES DATA IS MISSING.
T  INDICATES TRACE AMOUNT.




$$
