000
CDUS43 KDDC 141445
CLIDGC


CLIMATE REPORT
NATIONAL WEATHER SERVICE DODGE CITY KS
945 AM CDT FRI APR 14 2017


...................................

...THE DODGE CITY KS CLIMATE SUMMARY FOR APRIL 14 2017...
VALID AS OF 0800 AM LOCAL TIME.

CLIMATE NORMAL PERIOD 1981 TO 2010
CLIMATE RECORD PERIOD 1875 TO 2017


WEATHER ITEM   OBSERVED TIME   RECORD YEAR NORMAL DEPARTURE LAST
                VALUE   (LST)  VALUE       VALUE  FROM      YEAR
                                                  NORMAL
..................................................................
TEMPERATURE (F)
 TODAY
  MAXIMUM         63    759 AM  91    2003  67     -4       73
                                      2002
  MINIMUM         56    346 AM  20    1928  40     16       50
  AVERAGE         60                        53      7       62

PRECIPITATION (IN)
  TODAY            0.00          1.29 1999   0.05  -0.05     0.00
  MONTH TO DATE    3.67                      0.78   2.89     0.49
  SINCE MAR 1      6.25                      2.37   3.88     0.53
  SINCE JAN 1      8.82                      3.63   5.19     1.12

SNOWFALL (IN)
  TODAY            0.0           1.4  2014   0.1   -0.1      0.0
  MONTH TO DATE    0.0                       0.9   -0.9      0.0
  SINCE MAR 1      0.0                       5.8   -5.8      0.4
  SINCE JUL 1      5.0                      20.9  -15.9     10.4
  SNOW DEPTH       0

..................................................................


WIND (MPH)
  HIGHEST WIND SPEED    25   HIGHEST WIND DIRECTION     S (180)
  HIGHEST GUST SPEED    31   HIGHEST GUST DIRECTION     S (170)
  AVERAGE WIND SPEED    20.1



WEATHER CONDITIONS
 THE FOLLOWING WEATHER WAS RECORDED TODAY.
  FOG


RELATIVE HUMIDITY (PERCENT)
 HIGHEST    93          1200 AM
 LOWEST     84           800 AM

..........................................................


THE DODGE CITY KS CLIMATE NORMALS FOR TOMORROW
                         NORMAL    RECORD    YEAR
 MAXIMUM TEMPERATURE (F)   67        97      2002
 MINIMUM TEMPERATURE (F)   40        21      1905


SUNRISE AND SUNSET
APRIL 14 2017.........SUNRISE   706 AM CDT   SUNSET   815 PM CDT
APRIL 15 2017.........SUNRISE   704 AM CDT   SUNSET   816 PM CDT


-  INDICATES NEGATIVE NUMBERS.
R  INDICATES RECORD WAS SET OR TIED.
MM INDICATES DATA IS MISSING.
T  INDICATES TRACE AMOUNT.




$$
