000
CDUS43 KDDC 060706
CLIDGC


CLIMATE REPORT
NATIONAL WEATHER SERVICE DODGE CITY KS
106 AM CST TUE FEB 6 2018


...................................

...THE DODGE CITY KS CLIMATE SUMMARY FOR FEBRUARY 5 2018...

CLIMATE NORMAL PERIOD 1981 TO 2010
CLIMATE RECORD PERIOD 1875 TO 2018


WEATHER ITEM   OBSERVED TIME   RECORD YEAR NORMAL DEPARTURE LAST
                VALUE   (LST)  VALUE       VALUE  FROM      YEAR
                                                  NORMAL
..................................................................
TEMPERATURE (F)
 YESTERDAY
  MAXIMUM         56    155 PM  76    1963  46     10       60
  MINIMUM         10    616 AM -13    1982  21    -11       26
                                      1883
  AVERAGE         33                        34     -1       43

PRECIPITATION (IN)
  YESTERDAY        0.00          1.06 1881   0.02  -0.02     0.00
  MONTH TO DATE    0.04                      0.11  -0.07     0.00
  SINCE DEC 1      0.13                      1.53  -1.40     3.18
  SINCE JAN 1      0.13                      0.69  -0.56     2.56

SNOWFALL (IN)
  YESTERDAY        0.0           4.5  2002   0.2   -0.2      0.0
  MONTH TO DATE    T                         0.8   -0.8      0.0
  SINCE DEC 1      1.2                       9.8   -8.6      5.0
  SINCE JUL 1      1.2                      12.0  -10.8      5.0
  SNOW DEPTH       0

DEGREE DAYS
 HEATING
  YESTERDAY       32                        31      1       22
  MONTH TO DATE  162                       158      4      157
  SINCE DEC 1   2107                      2176    -69     2207
  SINCE JUL 1   2961                      3190   -229     2803

 COOLING
  YESTERDAY        0                         0      0        0
  MONTH TO DATE    0                         0      0        0
  SINCE DEC 1      0                         0      0        0
  SINCE JAN 1      0                         0      0        0
..................................................................


WIND (MPH)
  HIGHEST WIND SPEED    37   HIGHEST WIND DIRECTION     N (360)
  HIGHEST GUST SPEED    48   HIGHEST GUST DIRECTION     N (350)
  AVERAGE WIND SPEED    19.6


SKY COVER
  POSSIBLE SUNSHINE  MM
  AVERAGE SKY COVER 0.1


WEATHER CONDITIONS
 THE FOLLOWING WEATHER WAS RECORDED YESTERDAY.
  NO SIGNIFICANT WEATHER WAS OBSERVED.


RELATIVE HUMIDITY (PERCENT)
 HIGHEST    68           800 PM
 LOWEST     35           100 PM
 AVERAGE    52

..........................................................


THE DODGE CITY KS CLIMATE NORMALS FOR TODAY
                         NORMAL    RECORD    YEAR
 MAXIMUM TEMPERATURE (F)   46        82      2009
 MINIMUM TEMPERATURE (F)   22       -10      1982


SUNRISE AND SUNSET
FEBRUARY  6 2018......SUNRISE   739 AM CST   SUNSET   609 PM CST
FEBRUARY  7 2018......SUNRISE   738 AM CST   SUNSET   610 PM CST


-  INDICATES NEGATIVE NUMBERS.
R  INDICATES RECORD WAS SET OR TIED.
MM INDICATES DATA IS MISSING.
T  INDICATES TRACE AMOUNT.




$$
