000
CDUS43 KDDC 011438
CLIDGC


CLIMATE REPORT
NATIONAL WEATHER SERVICE DODGE CITY KS
929 AM CDT TUE APR 1 2014


...................................

...THE DODGE CITY KS CLIMATE SUMMARY FOR APRIL 1 2014...
VALID AS OF 0800 AM LOCAL TIME.

CLIMATE NORMAL PERIOD 1981 TO 2010
CLIMATE RECORD PERIOD 1875 TO 2014


WEATHER ITEM   OBSERVED TIME   RECORD YEAR NORMAL DEPARTURE LAST
                VALUE   (LST)  VALUE       VALUE  FROM      YEAR
                                                  NORMAL
..................................................................
TEMPERATURE (F)
 TODAY
  MAXIMUM         35   1208 AM  89    2012  63    -28       49
  MINIMUM         24    601 AM  14    1881  35    -11       31
  AVERAGE         30                        49    -19       40

PRECIPITATION (IN)
  TODAY            0.00          1.21 1988   0.06  -0.06     0.00
  MONTH TO DATE    0.00                      0.06  -0.06     0.00
  SINCE MAR 1      0.27                      1.65  -1.38     0.26
  SINCE JAN 1      1.11                      2.91  -1.80     1.64

SNOWFALL (IN)
  TODAY            0.0           4.0  1901   0.1   -0.1      0.0
  MONTH TO DATE    0.0                       0.1   -0.1      0.0
  SINCE MAR 1      4.4                       5.0   -0.6      2.1
  SINCE JUL 1     28.9                      20.1    8.8     25.5
  SNOW DEPTH       0

..................................................................


WIND (MPH)
  HIGHEST WIND SPEED    16   HIGHEST WIND DIRECTION     N (20)
  HIGHEST GUST SPEED    19   HIGHEST GUST DIRECTION     N (20)
  AVERAGE WIND SPEED     8.1



WEATHER CONDITIONS
 THE FOLLOWING WEATHER WAS RECORDED TODAY.
  NO SIGNIFICANT WEATHER WAS OBSERVED.


RELATIVE HUMIDITY (PERCENT)
 HIGHEST    75           200 AM
 LOWEST     59          1200 AM

..........................................................


THE DODGE CITY KS CLIMATE NORMALS FOR TOMORROW
                         NORMAL    RECORD    YEAR
 MAXIMUM TEMPERATURE (F)   63        89      2003
 MINIMUM TEMPERATURE (F)   36         9      1936


SUNRISE AND SUNSET
APRIL  1 2014.........SUNRISE   725 AM CDT   SUNSET   803 PM CDT
APRIL  2 2014.........SUNRISE   724 AM CDT   SUNSET   804 PM CDT


-  INDICATES NEGATIVE NUMBERS.
R  INDICATES RECORD WAS SET OR TIED.
MM INDICATES DATA IS MISSING.
T  INDICATES TRACE AMOUNT.




$$
