000
CDUS43 KDDC 100712
CLIDGC


CLIMATE REPORT
NATIONAL WEATHER SERVICE DODGE CITY KS
211 AM CDT WED AUG 10 2016


...................................

...THE DODGE CITY KS CLIMATE SUMMARY FOR AUGUST 9 2016...

CLIMATE NORMAL PERIOD 1981 TO 2010
CLIMATE RECORD PERIOD 1875 TO 2016


WEATHER ITEM   OBSERVED TIME   RECORD YEAR NORMAL DEPARTURE LAST
                VALUE   (LST)  VALUE       VALUE  FROM      YEAR
                                                  NORMAL
..................................................................
TEMPERATURE (F)
 YESTERDAY
  MAXIMUM         89    202 PM 106    1937  92     -3       91
  MINIMUM         69    633 AM  52    1888  67      2       69
  AVERAGE         79                        79      0       80

PRECIPITATION (IN)
  YESTERDAY        0.00          2.42 1884   0.10  -0.10     0.11
  MONTH TO DATE    1.06                      0.86   0.20     0.29
  SINCE JUN 1      9.07                      7.18   1.89     4.51
  SINCE JAN 1     20.19                     14.70   5.49    18.23

SNOWFALL (IN)
  YESTERDAY        0.0           0.0  2002   0.0    0.0      0.0
                                      2001
  MONTH TO DATE    0.0                       0.0    0.0      0.0
  SINCE JUN 1      0.0                       0.0    0.0      0.0
  SINCE JUL 1      0.0                       0.0    0.0      0.0
  SNOW DEPTH       0

DEGREE DAYS
 HEATING
  YESTERDAY        0                         0      0        0
  MONTH TO DATE    0                         0      0        0
  SINCE JUN 1      1                        14    -13        1
  SINCE JUL 1      0                         1     -1        1

 COOLING
  YESTERDAY       14                        14      0       15
  MONTH TO DATE  128                       130     -2      137
  SINCE JUN 1    955                       860     95      936
  SINCE JAN 1   1013                       969     44      997
..................................................................


WIND (MPH)
  HIGHEST WIND SPEED    18   HIGHEST WIND DIRECTION     S (190)
  HIGHEST GUST SPEED    23   HIGHEST GUST DIRECTION     S (190)
  AVERAGE WIND SPEED     9.9


SKY COVER
  POSSIBLE SUNSHINE  MM
  AVERAGE SKY COVER 0.1


WEATHER CONDITIONS
 THE FOLLOWING WEATHER WAS RECORDED YESTERDAY.
  NO SIGNIFICANT WEATHER WAS OBSERVED.


RELATIVE HUMIDITY (PERCENT)
 HIGHEST    90           400 AM
 LOWEST     43           200 PM
 AVERAGE    67

..........................................................


THE DODGE CITY KS CLIMATE NORMALS FOR TODAY
                         NORMAL    RECORD    YEAR
 MAXIMUM TEMPERATURE (F)   92       107      1964
                                             1937
 MINIMUM TEMPERATURE (F)   66        53      2012
                                             1876


SUNRISE AND SUNSET
AUGUST 10 2016........SUNRISE   652 AM CDT   SUNSET   838 PM CDT
AUGUST 11 2016........SUNRISE   652 AM CDT   SUNSET   837 PM CDT


-  INDICATES NEGATIVE NUMBERS.
R  INDICATES RECORD WAS SET OR TIED.
MM INDICATES DATA IS MISSING.
T  INDICATES TRACE AMOUNT.




$$
