000
CDUS43 KDDC 192332
CLIDGC


CLIMATE REPORT
NATIONAL WEATHER SERVICE DODGE CITY KS
531 PM CST THU FEB 19 2015


...................................

...THE DODGE CITY KS CLIMATE SUMMARY FOR FEBRUARY 19 2015...
VALID TODAY AS OF 0500 PM LOCAL TIME.

CLIMATE NORMAL PERIOD 1981 TO 2010
CLIMATE RECORD PERIOD 1875 TO 2015


WEATHER ITEM   OBSERVED TIME   RECORD YEAR NORMAL DEPARTURE LAST
                VALUE   (LST)  VALUE       VALUE  FROM      YEAR
                                                  NORMAL
..................................................................
TEMPERATURE (F)
 TODAY
  MAXIMUM         55    445 PM  78    1930  49      6       56
  MINIMUM         20    426 AM  -5    1889  24     -4       31
  AVERAGE         38                        37      1       44

PRECIPITATION (IN)
  TODAY            0.00          0.53 1954   0.02  -0.02     0.00
  MONTH TO DATE    0.13                      0.44  -0.31     0.55
  SINCE DEC 1      1.79                      1.86  -0.07     1.27
  SINCE JAN 1      0.79                      1.02  -0.23     0.79

SNOWFALL (IN)
  TODAY            0.0           2.7  1969   0.1   -0.1      0.0
  MONTH TO DATE    2.0                       2.8   -0.8      9.0
  SINCE DEC 1     10.3                      11.8   -1.5     18.5
  SINCE JUL 1     12.5                      14.0   -1.5     23.5
  SNOW DEPTH       0

DEGREE DAYS
 HEATING
  TODAY           27                        28     -1       21
  MONTH TO DATE  502                       574    -72      734
  SINCE DEC 1   2389                      2592   -203     2841
  SINCE JUL 1   3387                      3606   -219     3869

 COOLING
  TODAY            0                         0      0        0
  MONTH TO DATE    0                         0      0        0
  SINCE DEC 1      0                         0      0        0
  SINCE JAN 1      0                         0      0        0
..................................................................


WIND (MPH)
  HIGHEST WIND SPEED    33   HIGHEST WIND DIRECTION     S (190)
  HIGHEST GUST SPEED    39   HIGHEST GUST DIRECTION     S (190)
  AVERAGE WIND SPEED    18.7


SKY COVER
  POSSIBLE SUNSHINE  MM
  AVERAGE SKY COVER 0.0


WEATHER CONDITIONS
 THE FOLLOWING WEATHER WAS RECORDED TODAY.
  NO SIGNIFICANT WEATHER WAS OBSERVED.


RELATIVE HUMIDITY (PERCENT)
 HIGHEST    68           100 AM
 LOWEST     29           300 PM
 AVERAGE    49

..........................................................


THE DODGE CITY KS CLIMATE NORMALS FOR TOMORROW
                         NORMAL    RECORD    YEAR
 MAXIMUM TEMPERATURE (F)   50        84      1981
 MINIMUM TEMPERATURE (F)   25        -2      1918


SUNRISE AND SUNSET
FEBRUARY 19 2015......SUNRISE   725 AM CST   SUNSET   623 PM CST
FEBRUARY 20 2015......SUNRISE   724 AM CST   SUNSET   624 PM CST


-  INDICATES NEGATIVE NUMBERS.
R  INDICATES RECORD WAS SET OR TIED.
MM INDICATES DATA IS MISSING.
T  INDICATES TRACE AMOUNT.




$$
