000
CDUS43 KDDC 232330
CLIDGC


CLIMATE REPORT
NATIONAL WEATHER SERVICE DODGE CITY KS
628 PM CDT TUE JUN 23 2015


...................................

...THE DODGE CITY KS CLIMATE SUMMARY FOR JUNE 23 2015...
VALID TODAY AS OF 0500 PM LOCAL TIME.

CLIMATE NORMAL PERIOD 1981 TO 2010
CLIMATE RECORD PERIOD 1875 TO 2015


WEATHER ITEM   OBSERVED TIME   RECORD YEAR NORMAL DEPARTURE LAST
                VALUE   (LST)  VALUE       VALUE  FROM      YEAR
                                                  NORMAL
..................................................................
TEMPERATURE (F)
 TODAY
  MAXIMUM         92    442 PM 106    1934  89      3       83
                                      1893
  MINIMUM         68    543 AM  49    1989  63      5       61
                                      1926
  AVERAGE         80                        76      4       72

PRECIPITATION (IN)
  TODAY            0.00          1.14 1975   0.11  -0.11      T
  MONTH TO DATE    2.06                      2.55  -0.49     6.12
  SINCE JUN 1      2.06                      2.55  -0.49     6.12
  SINCE JAN 1     15.78                     10.07   5.71     9.64

SNOWFALL (IN)
  TODAY            0.0          90.0  2001   0.0    0.0      0.0
  MONTH TO DATE    0.0                       0.0    0.0      0.0
  SINCE JUN 1      0.0                       0.0    0.0      0.0
  SINCE JUL 1     21.4                      21.1    0.3     31.1
  SNOW DEPTH       0

DEGREE DAYS
 HEATING
  TODAY            0                         0      0        0
  MONTH TO DATE    0                        10    -10        7
  SINCE JUN 1      0                        10    -10        7
  SINCE JUL 1   4655                      4964   -309     5378

 COOLING
  TODAY           15                        11      4        7
  MONTH TO DATE  261                       192     69      211
  SINCE JUN 1    261                       192     69      211
  SINCE JAN 1    322                       301     21      383
..................................................................


WIND (MPH)
  HIGHEST WIND SPEED    28   HIGHEST WIND DIRECTION    SW (210)
  HIGHEST GUST SPEED    36   HIGHEST GUST DIRECTION    SW (210)
  AVERAGE WIND SPEED    15.3


SKY COVER
  POSSIBLE SUNSHINE  MM
  AVERAGE SKY COVER 0.1


WEATHER CONDITIONS
 THE FOLLOWING WEATHER WAS RECORDED TODAY.
  NO SIGNIFICANT WEATHER WAS OBSERVED.


RELATIVE HUMIDITY (PERCENT)
 HIGHEST    84           100 AM
 LOWEST     30           400 PM
 AVERAGE    57

..........................................................


THE DODGE CITY KS CLIMATE NORMALS FOR TOMORROW
                         NORMAL    RECORD    YEAR
 MAXIMUM TEMPERATURE (F)   90       107      2012
 MINIMUM TEMPERATURE (F)   63        48      1940


SUNRISE AND SUNSET
JUNE 23 2015..........SUNRISE   619 AM CDT   SUNSET   905 PM CDT
JUNE 24 2015..........SUNRISE   619 AM CDT   SUNSET   906 PM CDT


-  INDICATES NEGATIVE NUMBERS.
R  INDICATES RECORD WAS SET OR TIED.
MM INDICATES DATA IS MISSING.
T  INDICATES TRACE AMOUNT.




$$
