000
CDUS43 KDDC 161011
CLIDGC


CLIMATE REPORT
NATIONAL WEATHER SERVICE DODGE CITY KS
510 AM CDT SAT MAY 16 2015


...................................

...THE DODGE CITY KS CLIMATE SUMMARY FOR MAY 15 2015...

CLIMATE NORMAL PERIOD 1981 TO 2010
CLIMATE RECORD PERIOD 1875 TO 2015


WEATHER ITEM   OBSERVED TIME   RECORD YEAR NORMAL DEPARTURE LAST
                VALUE   (LST)  VALUE       VALUE  FROM      YEAR
                                                  NORMAL
..................................................................
TEMPERATURE (F)
 YESTERDAY
  MAXIMUM         83    441 PM  98    1996  77      6       65
  MINIMUM         58    610 AM  30    1907  51      7       38
  AVERAGE         71                        64      7       52

PRECIPITATION (IN)
  YESTERDAY        0.00          2.04 1951   0.09  -0.09     0.00
  MONTH TO DATE    2.34                      1.23   1.11     1.45
  SINCE MAR 1      4.43                      4.64  -0.21     2.46
  SINCE JAN 1      5.73                      5.90  -0.17     3.30

SNOWFALL (IN)
  YESTERDAY        0.0           0.0  2002   0.0    0.0      0.0
  MONTH TO DATE    0.0                       0.0    0.0      0.0
  SINCE MAR 1      T                         6.0   -6.0      6.6
  SINCE JUL 1     21.4                      21.1    0.3     31.1
  SNOW DEPTH       0

DEGREE DAYS
 HEATING
  YESTERDAY        0                         4     -4       13
  MONTH TO DATE   58                        78    -20      101
  SINCE MAR 1    819                      1070   -251     1199
  SINCE JUL 1   4567                      4917   -350     5356

 COOLING
  YESTERDAY        6                         3      3        0
  MONTH TO DATE   36                        27      9       40
  SINCE MAR 1     51                        46      5       63
  SINCE JAN 1     51                        46      5       63
..................................................................


WIND (MPH)
  HIGHEST WIND SPEED    25   HIGHEST WIND DIRECTION     S (190)
  HIGHEST GUST SPEED    32   HIGHEST GUST DIRECTION     S (160)
  AVERAGE WIND SPEED    16.1


SKY COVER
  POSSIBLE SUNSHINE  MM
  AVERAGE SKY COVER 0.1


WEATHER CONDITIONS
 THE FOLLOWING WEATHER WAS RECORDED YESTERDAY.
  THUNDERSTORM


RELATIVE HUMIDITY (PERCENT)
 HIGHEST    90           400 AM
 LOWEST     37           400 PM
 AVERAGE    64

..........................................................


THE DODGE CITY KS CLIMATE NORMALS FOR TODAY
                         NORMAL    RECORD    YEAR
 MAXIMUM TEMPERATURE (F)   77       105      1996
 MINIMUM TEMPERATURE (F)   52        32      1923


SUNRISE AND SUNSET
MAY 16 2015...........SUNRISE   629 AM CDT   SUNSET   844 PM CDT
MAY 17 2015...........SUNRISE   629 AM CDT   SUNSET   844 PM CDT


-  INDICATES NEGATIVE NUMBERS.
R  INDICATES RECORD WAS SET OR TIED.
MM INDICATES DATA IS MISSING.
T  INDICATES TRACE AMOUNT.




$$
