000
CDUS43 KDDC 092325
CLIDGC


CLIMATE REPORT
NATIONAL WEATHER SERVICE DODGE CITY KS
625 PM CDT TUE MAY 9 2017


...................................

...THE DODGE CITY KS CLIMATE SUMMARY FOR MAY 9 2017...
VALID TODAY AS OF 0500 PM LOCAL TIME.

CLIMATE NORMAL PERIOD 1981 TO 2010
CLIMATE RECORD PERIOD 1875 TO 2017


WEATHER ITEM   OBSERVED TIME   RECORD YEAR NORMAL DEPARTURE LAST
                VALUE   (LST)  VALUE       VALUE  FROM      YEAR
                                                  NORMAL
..................................................................
TEMPERATURE (F)
 TODAY
  MAXIMUM         80    409 PM  97    2011  75      5       75
                                      1963
  MINIMUM         56    608 AM  34    1997  49      7       47
  AVERAGE         68                        62      6       61

PRECIPITATION (IN)
  TODAY            0.00          0.91 1981   0.08  -0.08     0.00
  MONTH TO DATE    0.57                      0.70  -0.13     0.01
  SINCE MAR 1     10.81                      4.11   6.70     8.13
  SINCE JAN 1     13.38                      5.37   8.01     8.72

SNOWFALL (IN)
  TODAY            0.0           0.0  2002   0.0    0.0      0.0
                                      2001
  MONTH TO DATE    0.0                       0.0    0.0      0.0
  SINCE MAR 1      2.5                       6.0   -3.5      0.4
  SINCE JUL 1      7.5                      21.1  -13.6     10.4
  SNOW DEPTH       0

DEGREE DAYS
 HEATING
  TODAY            0                         5     -5        4
  MONTH TO DATE   56                        53      3       63
  SINCE MAR 1    850                      1045   -195      878
  SINCE JUL 1   4084                      4892   -808     4240

 COOLING
  TODAY            3                         2      1        0
  MONTH TO DATE   12                        14     -2        4
  SINCE MAR 1     53                        33     20       13
  SINCE JAN 1     53                        33     20       15
..................................................................


WIND (MPH)
  HIGHEST WIND SPEED    21   HIGHEST WIND DIRECTION     S (180)
  HIGHEST GUST SPEED    26   HIGHEST GUST DIRECTION     S (170)
  AVERAGE WIND SPEED     8.8


SKY COVER
  POSSIBLE SUNSHINE  MM
  AVERAGE SKY COVER 0.4


WEATHER CONDITIONS
 THE FOLLOWING WEATHER WAS RECORDED TODAY.
  NO SIGNIFICANT WEATHER WAS OBSERVED.


RELATIVE HUMIDITY (PERCENT)
 HIGHEST    93           600 AM
 LOWEST     48           500 PM
 AVERAGE    71

..........................................................


THE DODGE CITY KS CLIMATE NORMALS FOR TOMORROW
                         NORMAL    RECORD    YEAR
 MAXIMUM TEMPERATURE (F)   75        98      1879
 MINIMUM TEMPERATURE (F)   50        31      1981
                                             1924


SUNRISE AND SUNSET
MAY  9 2017...........SUNRISE   635 AM CDT   SUNSET   838 PM CDT
MAY 10 2017...........SUNRISE   634 AM CDT   SUNSET   839 PM CDT


-  INDICATES NEGATIVE NUMBERS.
R  INDICATES RECORD WAS SET OR TIED.
MM INDICATES DATA IS MISSING.
T  INDICATES TRACE AMOUNT.




$$
