000
CDUS43 KDDC 280725
CLIDGC


CLIMATE REPORT
NATIONAL WEATHER SERVICE DODGE CITY KS
125 AM CST MON NOV 28 2016


...................................

...THE DODGE CITY KS CLIMATE SUMMARY FOR NOVEMBER 27 2016...

CLIMATE NORMAL PERIOD 1981 TO 2010
CLIMATE RECORD PERIOD 1875 TO 2016


WEATHER ITEM   OBSERVED TIME   RECORD YEAR NORMAL DEPARTURE LAST
                VALUE   (LST)  VALUE       VALUE  FROM      YEAR
                                                  NORMAL
..................................................................
TEMPERATURE (F)
 YESTERDAY
  MAXIMUM         68    340 PM  81    1933  50     18       24
  MINIMUM         39   1036 PM -13    1887  25     14       20
  AVERAGE         54                        38     16       22

PRECIPITATION (IN)
  YESTERDAY        0.01          0.51 1948   0.03  -0.02     0.15
                                      1934
  MONTH TO DATE    0.37                      0.70  -0.33     1.89
  SINCE SEP 1      0.77                      4.11  -3.34     6.12
  SINCE JAN 1     22.78                     20.70   2.08    25.81

SNOWFALL (IN)
  YESTERDAY       MM             5.0  1982   0.1   MM        0.6
                                      1948
  MONTH TO DATE    0.0                       1.5   -1.5      0.7
  SINCE SEP 1      0.0                       1.9   -1.9      0.7
  SINCE JUL 1      0.0                       1.9   -1.9      0.7
  SNOW DEPTH       0

DEGREE DAYS
 HEATING
  YESTERDAY       11                        28    -17       43
  MONTH TO DATE  377                       574   -197      491
  SINCE SEP 1    525                       926   -401      715
  SINCE JUL 1    525                       930   -405      717

 COOLING
  YESTERDAY        0                         0      0        0
  MONTH TO DATE    0                         0      0        0
  SINCE SEP 1    326                       216    110      314
  SINCE JAN 1   1580                      1462    118     1512
..................................................................


WIND (MPH)
  HIGHEST WIND SPEED    39   HIGHEST WIND DIRECTION    SW (220)
  HIGHEST GUST SPEED    53   HIGHEST GUST DIRECTION    SW (220)
  AVERAGE WIND SPEED    21.9


SKY COVER
  POSSIBLE SUNSHINE  MM
  AVERAGE SKY COVER 0.4


WEATHER CONDITIONS
 THE FOLLOWING WEATHER WAS RECORDED YESTERDAY.
  LIGHT RAIN
  FOG


RELATIVE HUMIDITY (PERCENT)
 HIGHEST    93           300 AM
 LOWEST     12           400 PM
 AVERAGE    53

..........................................................


THE DODGE CITY KS CLIMATE NORMALS FOR TODAY
                         NORMAL    RECORD    YEAR
 MAXIMUM TEMPERATURE (F)   49        78      2014
 MINIMUM TEMPERATURE (F)   25         0      1958


SUNRISE AND SUNSET
NOVEMBER 28 2016......SUNRISE   734 AM CST   SUNSET   522 PM CST
NOVEMBER 29 2016......SUNRISE   735 AM CST   SUNSET   522 PM CST


-  INDICATES NEGATIVE NUMBERS.
R  INDICATES RECORD WAS SET OR TIED.
MM INDICATES DATA IS MISSING.
T  INDICATES TRACE AMOUNT.




$$
