000
CDUS43 KDDC 221007
CLIDGC


CLIMATE REPORT
NATIONAL WEATHER SERVICE DODGE CITY KS
406 AM CST THU JAN 22 2015


...................................

...THE DODGE CITY KS CLIMATE SUMMARY FOR JANUARY 21 2015...

CLIMATE NORMAL PERIOD 1981 TO 2010
CLIMATE RECORD PERIOD 1875 TO 2015


WEATHER ITEM   OBSERVED TIME   RECORD YEAR NORMAL DEPARTURE LAST
                VALUE   (LST)  VALUE       VALUE  FROM      YEAR
                                                  NORMAL
..................................................................
TEMPERATURE (F)
 YESTERDAY
  MAXIMUM         41    448 PM  70    1964  45     -4       44
                                      1953
                                      1943
  MINIMUM         30   1159 PM -13    1883  20     10       10
  AVERAGE         36                        32      4       27

PRECIPITATION (IN)
  YESTERDAY        0.00          0.11 1898   0.01  -0.01     0.00
  MONTH TO DATE    0.29                      0.37  -0.08     0.16
  SINCE DEC 1      1.29                      1.21   0.08     0.64
  SINCE JAN 1      0.29                      0.37  -0.08     0.16

SNOWFALL (IN)
  YESTERDAY        0.0           1.3  1898   0.1   -0.1      0.0
  MONTH TO DATE    3.3                       3.1    0.2      2.8
  SINCE DEC 1      7.1                       7.2   -0.1      8.3
  SINCE JUL 1      9.3                       9.4   -0.1     13.3
  SNOW DEPTH       0

DEGREE DAYS
 HEATING
  YESTERDAY       29                        33     -4       38
  MONTH TO DATE  737                       693     44      672
  SINCE DEC 1   1669                      1693    -24     1752
  SINCE JUL 1   2667                      2707    -40     2780

 COOLING
  YESTERDAY        0                         0      0        0
  MONTH TO DATE    0                         0      0        0
  SINCE DEC 1      0                         0      0        0
  SINCE JAN 1      0                         0      0        0
..................................................................


WIND (MPH)
  HIGHEST WIND SPEED    15   HIGHEST WIND DIRECTION     N (20)
  HIGHEST GUST SPEED    17   HIGHEST GUST DIRECTION    NE (30)
  AVERAGE WIND SPEED     6.9


SKY COVER
  POSSIBLE SUNSHINE  MM
  AVERAGE SKY COVER 0.9


WEATHER CONDITIONS
 THE FOLLOWING WEATHER WAS RECORDED YESTERDAY.
  NO SIGNIFICANT WEATHER WAS OBSERVED.


RELATIVE HUMIDITY (PERCENT)
 HIGHEST    78          1200 AM
 LOWEST     45           300 PM
 AVERAGE    62

..........................................................


THE DODGE CITY KS CLIMATE NORMALS FOR TODAY
                         NORMAL    RECORD    YEAR
 MAXIMUM TEMPERATURE (F)   45        78      1967
 MINIMUM TEMPERATURE (F)   20       -10      1966


SUNRISE AND SUNSET
JANUARY 22 2015.......SUNRISE   751 AM CST   SUNSET   552 PM CST
JANUARY 23 2015.......SUNRISE   750 AM CST   SUNSET   553 PM CST


-  INDICATES NEGATIVE NUMBERS.
R  INDICATES RECORD WAS SET OR TIED.
MM INDICATES DATA IS MISSING.
T  INDICATES TRACE AMOUNT.




$$
