037
CDUS43 KDDC 150707
CLIDGC


CLIMATE REPORT
NATIONAL WEATHER SERVICE DODGE CITY KS
106 AM CST SUN JAN 15 2017


...................................

...THE DODGE CITY KS CLIMATE SUMMARY FOR JANUARY 14 2017...

CLIMATE NORMAL PERIOD 1981 TO 2010
CLIMATE RECORD PERIOD 1875 TO 2017


WEATHER ITEM   OBSERVED TIME   RECORD YEAR NORMAL DEPARTURE LAST
                VALUE   (LST)  VALUE       VALUE  FROM      YEAR
                                                  NORMAL
..................................................................
TEMPERATURE (F)
 YESTERDAY
  MAXIMUM         34    203 PM  76    1928  44    -10       60
  MINIMUM         25    236 AM -14    1888  20      5       30
                                      1875
  AVERAGE         30                        32     -2       45

PRECIPITATION (IN)
  YESTERDAY        0.44          0.59 1898   0.02   0.42     0.00
  MONTH TO DATE    0.59                      0.25   0.34     0.25
  SINCE DEC 1      1.21                      1.09   0.12     2.68
  SINCE JAN 1      0.59                      0.25   0.34     0.25

SNOWFALL (IN)
  YESTERDAY        0.0           6.0  1898   0.2   -0.2      0.0
  MONTH TO DATE    2.5                       2.0    0.5      0.1
  SINCE DEC 1      4.8                       6.1   -1.3      8.2
  SINCE JUL 1      4.8                       8.3   -3.5      9.3
  SNOW DEPTH       0

DEGREE DAYS
 HEATING
  YESTERDAY       35                        33      2       20
  MONTH TO DATE  527                       462     65      446
  SINCE DEC 1   1604                      1462    142     1323
  SINCE JUL 1   2200                      2476   -276     2153

 COOLING
  YESTERDAY        0                         0      0        0
  MONTH TO DATE    0                         0      0        0
  SINCE DEC 1      0                         0      0        0
  SINCE JAN 1      0                         0      0        0
..................................................................


WIND (MPH)
  HIGHEST WIND SPEED     9   HIGHEST WIND DIRECTION     N (10)
  HIGHEST GUST SPEED    12   HIGHEST GUST DIRECTION    NE (30)
  AVERAGE WIND SPEED     4.7


SKY COVER
  POSSIBLE SUNSHINE  MM
  AVERAGE SKY COVER 1.0


WEATHER CONDITIONS
 THE FOLLOWING WEATHER WAS RECORDED YESTERDAY.
  FREEZING RAIN
  LT FREEZING RAIN
  FOG


RELATIVE HUMIDITY (PERCENT)
 HIGHEST    92          1100 PM
 LOWEST     41          1200 PM
 AVERAGE    67

..........................................................


THE DODGE CITY KS CLIMATE NORMALS FOR TODAY
                         NORMAL    RECORD    YEAR
 MAXIMUM TEMPERATURE (F)   44        73      2006
 MINIMUM TEMPERATURE (F)   20       -18      1888


SUNRISE AND SUNSET
JANUARY 15 2017.......SUNRISE   754 AM CST   SUNSET   545 PM CST
JANUARY 16 2017.......SUNRISE   754 AM CST   SUNSET   546 PM CST


-  INDICATES NEGATIVE NUMBERS.
R  INDICATES RECORD WAS SET OR TIED.
MM INDICATES DATA IS MISSING.
T  INDICATES TRACE AMOUNT.




$$
