000
CDUS43 KDDC 131009
CLIDGC


CLIMATE REPORT
NATIONAL WEATHER SERVICE DODGE CITY KS
508 AM CDT SAT SEP 13 2014


...................................

...THE DODGE CITY KS CLIMATE SUMMARY FOR SEPTEMBER 12 2014...

CLIMATE NORMAL PERIOD 1981 TO 2010
CLIMATE RECORD PERIOD 1875 TO 2014


WEATHER ITEM   OBSERVED TIME   RECORD YEAR NORMAL DEPARTURE LAST
                VALUE   (LST)  VALUE       VALUE  FROM      YEAR
                                                  NORMAL
..................................................................
TEMPERATURE (F)
 YESTERDAY
  MAXIMUM         52    119 AM 102    1984  84    -32       72
  MINIMUM         39   1110 PM  37    1902  58    -19       67
  AVERAGE         46                        71    -25       70

PRECIPITATION (IN)
  YESTERDAY        0.19          2.15 1989   0.06   0.13     0.12
  MONTH TO DATE    0.69                      0.79  -0.10     0.39
  SINCE SEP 1      0.69                      0.79  -0.10     0.39
  SINCE JAN 1     18.92                     17.38   1.54    15.87

SNOWFALL (IN)
  YESTERDAY        0.0           0.0  2002   0.0    0.0      0.0
                                      2001
  MONTH TO DATE    0.0                       0.0    0.0      0.0
  SINCE SEP 1      0.0                       0.0    0.0      0.0
  SINCE JUL 1      0.0                       0.0    0.0      0.0
  SNOW DEPTH       0

DEGREE DAYS
 HEATING
  YESTERDAY       19                         1     18        0
  MONTH TO DATE   32                         8     24        0
  SINCE SEP 1     32                         8     24        0
  SINCE JUL 1     45                        12     33        0

 COOLING
  YESTERDAY        0                         7     -7        5
  MONTH TO DATE   84                       104    -20      157
  SINCE SEP 1     84                       104    -20      157
  SINCE JAN 1   1329                      1350    -21     1521
..................................................................


WIND (MPH)
  HIGHEST WIND SPEED    28   HIGHEST WIND DIRECTION     N (360)
  HIGHEST GUST SPEED    35   HIGHEST GUST DIRECTION     N (360)
  AVERAGE WIND SPEED    15.2


SKY COVER
  POSSIBLE SUNSHINE  MM
  AVERAGE SKY COVER 0.9


WEATHER CONDITIONS
 THE FOLLOWING WEATHER WAS RECORDED YESTERDAY.
  HEAVY RAIN
  RAIN
  LIGHT RAIN
  FOG


RELATIVE HUMIDITY (PERCENT)
 HIGHEST    93           800 AM
 LOWEST     65           900 PM
 AVERAGE    79

..........................................................


THE DODGE CITY KS CLIMATE NORMALS FOR TODAY
                         NORMAL    RECORD    YEAR
 MAXIMUM TEMPERATURE (F)   84       100      1911
 MINIMUM TEMPERATURE (F)   57        36      1890


SUNRISE AND SUNSET
SEPTEMBER 13 2014.....SUNRISE   720 AM CDT   SUNSET   751 PM CDT
SEPTEMBER 14 2014.....SUNRISE   721 AM CDT   SUNSET   749 PM CDT


-  INDICATES NEGATIVE NUMBERS.
R  INDICATES RECORD WAS SET OR TIED.
MM INDICATES DATA IS MISSING.
T  INDICATES TRACE AMOUNT.




$$
