000
CDUS43 KDDC 261013
CLIDGC


CLIMATE REPORT
NATIONAL WEATHER SERVICE DODGE CITY KS
506 AM CDT TUE MAY 26 2015


...................................

...THE DODGE CITY KS CLIMATE SUMMARY FOR MAY 25 2015...

CLIMATE NORMAL PERIOD 1981 TO 2010
CLIMATE RECORD PERIOD 1875 TO 2015


WEATHER ITEM   OBSERVED TIME   RECORD YEAR NORMAL DEPARTURE LAST
                VALUE   (LST)  VALUE       VALUE  FROM      YEAR
                                                  NORMAL
..................................................................
TEMPERATURE (F)
 YESTERDAY
  MAXIMUM         76    313 PM 101    2012  80     -4       78
  MINIMUM         53    131 AM  37    2001  55     -2       59
  AVERAGE         65                        67     -2       69

PRECIPITATION (IN)
  YESTERDAY        1.36          2.72 1965   0.10   1.26     0.12
  MONTH TO DATE    8.95                      2.20   6.75     1.64
  SINCE MAR 1     11.04                      5.61   5.43     2.65
  SINCE JAN 1     12.34                      6.87   5.47     3.49

SNOWFALL (IN)
  YESTERDAY        0.0           T    1955   0.0    0.0      0.0
  MONTH TO DATE    0.0                       0.0    0.0      0.0
  SINCE MAR 1      T                         6.0   -6.0      6.6
  SINCE JUL 1     21.4                      21.1    0.3     31.1
  SNOW DEPTH       0

DEGREE DAYS
 HEATING
  YESTERDAY        0                         2     -2        0
  MONTH TO DATE  138                       105     33      116
  SINCE MAR 1    899                      1097   -198     1214
  SINCE JUL 1   4647                      4944   -297     5371

 COOLING
  YESTERDAY        0                         4     -4        4
  MONTH TO DATE   36                        61    -25       96
  SINCE MAR 1     51                        80    -29      119
  SINCE JAN 1     51                        80    -29      119
..................................................................


WIND (MPH)
  HIGHEST WIND SPEED    23   HIGHEST WIND DIRECTION     S (200)
  HIGHEST GUST SPEED    36   HIGHEST GUST DIRECTION     S (190)
  AVERAGE WIND SPEED     9.4


SKY COVER
  POSSIBLE SUNSHINE  MM
  AVERAGE SKY COVER 0.4


WEATHER CONDITIONS
 THE FOLLOWING WEATHER WAS RECORDED YESTERDAY.
  THUNDERSTORM
  HEAVY RAIN
  RAIN
  LIGHT RAIN
  FOG
  FOG W/VISIBILITY <= 1/4 MILE


RELATIVE HUMIDITY (PERCENT)
 HIGHEST   100           700 AM
 LOWEST     49           400 PM
 AVERAGE    75

..........................................................


THE DODGE CITY KS CLIMATE NORMALS FOR TODAY
                         NORMAL    RECORD    YEAR
 MAXIMUM TEMPERATURE (F)   80       101      1953
 MINIMUM TEMPERATURE (F)   55        35      1901


SUNRISE AND SUNSET
MAY 26 2015...........SUNRISE   623 AM CDT   SUNSET   852 PM CDT
MAY 27 2015...........SUNRISE   622 AM CDT   SUNSET   852 PM CDT


-  INDICATES NEGATIVE NUMBERS.
R  INDICATES RECORD WAS SET OR TIED.
MM INDICATES DATA IS MISSING.
T  INDICATES TRACE AMOUNT.




$$
