000
CDUS43 KDDC 221008
CLIDGC


CLIMATE REPORT
NATIONAL WEATHER SERVICE DODGE CITY KS
407 AM CST SUN FEB 22 2015


...................................

...THE DODGE CITY KS CLIMATE SUMMARY FOR FEBRUARY 21 2015...

CLIMATE NORMAL PERIOD 1981 TO 2010
CLIMATE RECORD PERIOD 1875 TO 2015


WEATHER ITEM   OBSERVED TIME   RECORD YEAR NORMAL DEPARTURE LAST
                VALUE   (LST)  VALUE       VALUE  FROM      YEAR
                                                  NORMAL
..................................................................
TEMPERATURE (F)
 YESTERDAY
  MAXIMUM         52   1239 PM  79    2000  50      2       59
                                      1977
  MINIMUM         24    746 AM  -3    1978  25     -1       25
  AVERAGE         38                        37      1       42

PRECIPITATION (IN)
  YESTERDAY        0.21          1.03 1971   0.03   0.18     0.00
  MONTH TO DATE    0.34                      0.50  -0.16     0.60
  SINCE DEC 1      2.00                      1.92   0.08     1.32
  SINCE JAN 1      1.00                      1.08  -0.08     0.84

SNOWFALL (IN)
  YESTERDAY        1.4          10.3  1971   0.2    1.2      0.0
  MONTH TO DATE    3.4                       3.1    0.3     10.0
  SINCE DEC 1     11.7                      12.1   -0.4     19.5
  SINCE JUL 1     13.9                      14.3   -0.4     24.5
  SNOW DEPTH       0

DEGREE DAYS
 HEATING
  YESTERDAY       27                        28     -1       23
  MONTH TO DATE  554                       630    -76      783
  SINCE DEC 1   2441                      2648   -207     2890
  SINCE JUL 1   3439                      3662   -223     3918

 COOLING
  YESTERDAY        0                         0      0        0
  MONTH TO DATE    0                         0      0        0
  SINCE DEC 1      0                         0      0        0
  SINCE JAN 1      0                         0      0        0
..................................................................


WIND (MPH)
  HIGHEST WIND SPEED    29   HIGHEST WIND DIRECTION    NE (40)
  HIGHEST GUST SPEED    37   HIGHEST GUST DIRECTION    NE (40)
  AVERAGE WIND SPEED     9.0


SKY COVER
  POSSIBLE SUNSHINE  MM
  AVERAGE SKY COVER 0.5


WEATHER CONDITIONS
 THE FOLLOWING WEATHER WAS RECORDED YESTERDAY.
  LIGHT RAIN
  LIGHT SNOW
  FOG


RELATIVE HUMIDITY (PERCENT)
 HIGHEST    92          1100 PM
 LOWEST     42           200 PM
 AVERAGE    67

..........................................................


THE DODGE CITY KS CLIMATE NORMALS FOR TODAY
                         NORMAL    RECORD    YEAR
 MAXIMUM TEMPERATURE (F)   50        84      1982
 MINIMUM TEMPERATURE (F)   25        -3      1911


SUNRISE AND SUNSET
FEBRUARY 22 2015......SUNRISE   721 AM CST   SUNSET   626 PM CST
FEBRUARY 23 2015......SUNRISE   720 AM CST   SUNSET   627 PM CST


-  INDICATES NEGATIVE NUMBERS.
R  INDICATES RECORD WAS SET OR TIED.
MM INDICATES DATA IS MISSING.
T  INDICATES TRACE AMOUNT.




$$
