000
CDUS43 KDDC 261008
CLIDGC


CLIMATE REPORT
NATIONAL WEATHER SERVICE DODGE CITY KS
407 AM CST WED NOV 26 2014


...................................

...THE DODGE CITY KS CLIMATE SUMMARY FOR NOVEMBER 25 2014...

CLIMATE NORMAL PERIOD 1981 TO 2010
CLIMATE RECORD PERIOD 1875 TO 2014


WEATHER ITEM   OBSERVED TIME   RECORD YEAR NORMAL DEPARTURE LAST
                VALUE   (LST)  VALUE       VALUE  FROM      YEAR
                                                  NORMAL
..................................................................
TEMPERATURE (F)
 YESTERDAY
  MAXIMUM         51    418 PM  82    1995  51      0       34
                                      1990
  MINIMUM         21    750 AM   3    1993  26     -5       24
  AVERAGE         36                        38     -2       29

PRECIPITATION (IN)
  YESTERDAY        0.00          1.32 1940   0.02  -0.02     0.00
  MONTH TO DATE    0.15                      0.65  -0.50     0.80
  SINCE SEP 1      3.95                      4.06  -0.11     4.76
  SINCE JAN 1     22.18                     20.65   1.53    20.24

SNOWFALL (IN)
  YESTERDAY        0.0           3.8  1952   0.1   -0.1      0.0
  MONTH TO DATE    2.2                       1.3    0.9      2.3
  SINCE SEP 1      2.2                       1.7    0.5      5.0
  SINCE JUL 1      2.2                       1.7    0.5      5.0
  SNOW DEPTH       0

DEGREE DAYS
 HEATING
  YESTERDAY       29                        27      2       36
  MONTH TO DATE  640                       519    121      546
  SINCE SEP 1    880                       871      9      886
  SINCE JUL 1    893                       875     18      886

 COOLING
  YESTERDAY        0                         0      0        0
  MONTH TO DATE    0                         0      0        0
  SINCE SEP 1    230                       216     14      277
  SINCE JAN 1   1475                      1462     13     1641
..................................................................


WIND (MPH)
  HIGHEST WIND SPEED    23   HIGHEST WIND DIRECTION    SW (220)
  HIGHEST GUST SPEED    29   HIGHEST GUST DIRECTION    SW (220)
  AVERAGE WIND SPEED    12.1


SKY COVER
  POSSIBLE SUNSHINE  MM
  AVERAGE SKY COVER 0.1


WEATHER CONDITIONS
 THE FOLLOWING WEATHER WAS RECORDED YESTERDAY.
  NO SIGNIFICANT WEATHER WAS OBSERVED.


RELATIVE HUMIDITY (PERCENT)
 HIGHEST    84           800 AM
 LOWEST     21           200 PM
 AVERAGE    53

..........................................................


THE DODGE CITY KS CLIMATE NORMALS FOR TODAY
                         NORMAL    RECORD    YEAR
 MAXIMUM TEMPERATURE (F)   50        80      1910
                                             1894
 MINIMUM TEMPERATURE (F)   26         0      1887
                                             1880


SUNRISE AND SUNSET
NOVEMBER 26 2014......SUNRISE   732 AM CST   SUNSET   523 PM CST
NOVEMBER 27 2014......SUNRISE   733 AM CST   SUNSET   522 PM CST


-  INDICATES NEGATIVE NUMBERS.
R  INDICATES RECORD WAS SET OR TIED.
MM INDICATES DATA IS MISSING.
T  INDICATES TRACE AMOUNT.




$$
