000
CDUS43 KDDC 211007
CLIDGC


CLIMATE REPORT
NATIONAL WEATHER SERVICE DODGE CITY KS
506 AM CDT TUE OCT 21 2014


...................................

...THE DODGE CITY KS CLIMATE SUMMARY FOR OCTOBER 20 2014...

CLIMATE NORMAL PERIOD 1981 TO 2010
CLIMATE RECORD PERIOD 1875 TO 2014


WEATHER ITEM   OBSERVED TIME   RECORD YEAR NORMAL DEPARTURE LAST
                VALUE   (LST)  VALUE       VALUE  FROM      YEAR
                                                  NORMAL
..................................................................
TEMPERATURE (F)
 YESTERDAY
  MAXIMUM         78    337 PM  92    1975  68     10       67
  MINIMUM         48    342 AM  19    1905  42      6       37
  AVERAGE         63                        55      8       52

PRECIPITATION (IN)
  YESTERDAY        0.00          0.69 1920   0.06  -0.06     0.00
  MONTH TO DATE    2.12                      1.18   0.94     1.06
  SINCE SEP 1      3.78                      2.85   0.93     2.18
  SINCE JAN 1     22.01                     19.44   2.57    17.66

SNOWFALL (IN)
  YESTERDAY        0.0           0.3  1910   0.1   -0.1      0.0
  MONTH TO DATE    0.0                       0.2   -0.2      2.7
  SINCE SEP 1      0.0                       0.2   -0.2      2.7
  SINCE JUL 1      0.0                       0.2   -0.2      2.7
  SNOW DEPTH       0

DEGREE DAYS
 HEATING
  YESTERDAY        2                        10     -8       13
  MONTH TO DATE  121                       152    -31      174
  SINCE SEP 1    170                       213    -43      190
  SINCE JUL 1    183                       217    -34      190

 COOLING
  YESTERDAY        0                         0      0        0
  MONTH TO DATE   14                        27    -13       31
  SINCE SEP 1    208                       214     -6      277
  SINCE JAN 1   1453                      1460     -7     1641
..................................................................


WIND (MPH)
  HIGHEST WIND SPEED    15   HIGHEST WIND DIRECTION     E (100)
  HIGHEST GUST SPEED    20   HIGHEST GUST DIRECTION     E (80)
  AVERAGE WIND SPEED     9.4


SKY COVER
  POSSIBLE SUNSHINE  MM
  AVERAGE SKY COVER 0.3


WEATHER CONDITIONS
 THE FOLLOWING WEATHER WAS RECORDED YESTERDAY.
  FOG
  FOG W/VISIBILITY <= 1/4 MILE


RELATIVE HUMIDITY (PERCENT)
 HIGHEST   100           600 AM
 LOWEST     26           400 PM
 AVERAGE    63

..........................................................


THE DODGE CITY KS CLIMATE NORMALS FOR TODAY
                         NORMAL    RECORD    YEAR
 MAXIMUM TEMPERATURE (F)   68        87      2003
                                             1975
                                             1947
 MINIMUM TEMPERATURE (F)   42        23      1898


SUNRISE AND SUNSET
OCTOBER 21 2014.......SUNRISE   754 AM CDT   SUNSET   654 PM CDT
OCTOBER 22 2014.......SUNRISE   755 AM CDT   SUNSET   653 PM CDT


-  INDICATES NEGATIVE NUMBERS.
R  INDICATES RECORD WAS SET OR TIED.
MM INDICATES DATA IS MISSING.
T  INDICATES TRACE AMOUNT.




$$
