000
CDUS43 KDDC 221006
CLIDGC


CLIMATE REPORT
NATIONAL WEATHER SERVICE DODGE CITY KS
505 AM CDT WED OCT 22 2014


...................................

...THE DODGE CITY KS CLIMATE SUMMARY FOR OCTOBER 21 2014...

CLIMATE NORMAL PERIOD 1981 TO 2010
CLIMATE RECORD PERIOD 1875 TO 2014


WEATHER ITEM   OBSERVED TIME   RECORD YEAR NORMAL DEPARTURE LAST
                VALUE   (LST)  VALUE       VALUE  FROM      YEAR
                                                  NORMAL
..................................................................
TEMPERATURE (F)
 YESTERDAY
  MAXIMUM         81    226 PM  87    2003  68     13       63
                                      1975
                                      1947
  MINIMUM         52    355 AM  23    1898  42     10       34
  AVERAGE         67                        55     12       49

PRECIPITATION (IN)
  YESTERDAY        0.00          1.95 1941   0.07  -0.07     0.00
  MONTH TO DATE    2.12                      1.25   0.87     1.06
  SINCE SEP 1      3.78                      2.92   0.86     2.18
  SINCE JAN 1     22.01                     19.51   2.50    17.66

SNOWFALL (IN)
  YESTERDAY        0.0           4.3  1996   0.0    0.0      0.0
  MONTH TO DATE    0.0                       0.2   -0.2      2.7
  SINCE SEP 1      0.0                       0.2   -0.2      2.7
  SINCE JUL 1      0.0                       0.2   -0.2      2.7
  SNOW DEPTH       0

DEGREE DAYS
 HEATING
  YESTERDAY        0                        11    -11       16
  MONTH TO DATE  121                       163    -42      190
  SINCE SEP 1    170                       224    -54      206
  SINCE JUL 1    183                       228    -45      206

 COOLING
  YESTERDAY        2                         0      2        0
  MONTH TO DATE   16                        27    -11       31
  SINCE SEP 1    210                       214     -4      277
  SINCE JAN 1   1455                      1460     -5     1641
..................................................................


WIND (MPH)
  HIGHEST WIND SPEED    21   HIGHEST WIND DIRECTION     S (190)
  HIGHEST GUST SPEED    25   HIGHEST GUST DIRECTION     S (180)
  AVERAGE WIND SPEED    10.6


SKY COVER
  POSSIBLE SUNSHINE  MM
  AVERAGE SKY COVER 0.3


WEATHER CONDITIONS
 THE FOLLOWING WEATHER WAS RECORDED YESTERDAY.
  FOG
  FOG W/VISIBILITY <= 1/4 MILE
  HAZE


RELATIVE HUMIDITY (PERCENT)
 HIGHEST   100           900 AM
 LOWEST     35           300 PM
 AVERAGE    68

..........................................................


THE DODGE CITY KS CLIMATE NORMALS FOR TODAY
                         NORMAL    RECORD    YEAR
 MAXIMUM TEMPERATURE (F)   68        88      1927
 MINIMUM TEMPERATURE (F)   41        23      1936


SUNRISE AND SUNSET
OCTOBER 22 2014.......SUNRISE   755 AM CDT   SUNSET   653 PM CDT
OCTOBER 23 2014.......SUNRISE   756 AM CDT   SUNSET   652 PM CDT


-  INDICATES NEGATIVE NUMBERS.
R  INDICATES RECORD WAS SET OR TIED.
MM INDICATES DATA IS MISSING.
T  INDICATES TRACE AMOUNT.




$$
