000
CDUS43 KDDC 282331
CLIDGC


CLIMATE REPORT
NATIONAL WEATHER SERVICE DODGE CITY KS
531 PM CST WED JAN 28 2015


...................................

...THE DODGE CITY KS CLIMATE SUMMARY FOR JANUARY 28 2015...
VALID TODAY AS OF 0500 PM LOCAL TIME.

CLIMATE NORMAL PERIOD 1981 TO 2010
CLIMATE RECORD PERIOD 1875 TO 2015


WEATHER ITEM   OBSERVED TIME   RECORD YEAR NORMAL DEPARTURE LAST
                VALUE   (LST)  VALUE       VALUE  FROM      YEAR
                                                  NORMAL
..................................................................
TEMPERATURE (F)
 TODAY
  MAXIMUM         73    214 PM  74    2008  45     28       26
  MINIMUM         42    742 AM -11    1948  20     22       10
  AVERAGE         58                        33     25       18

PRECIPITATION (IN)
  TODAY            0.00          0.63 2001   0.02  -0.02     0.01
  MONTH TO DATE    0.29                      0.51  -0.22     0.24
  SINCE DEC 1      1.29                      1.35  -0.06     0.72
  SINCE JAN 1      0.29                      0.51  -0.22     0.24

SNOWFALL (IN)
  TODAY            0.0           5.8  2010   0.2   -0.2      0.1
                                      1999
  MONTH TO DATE    3.3                       4.4   -1.1      4.0
  SINCE DEC 1      7.1                       8.5   -1.4      9.5
  SINCE JUL 1      9.3                      10.7   -1.4     14.5
  SNOW DEPTH       0

DEGREE DAYS
 HEATING
  TODAY            7                        32    -25       47
  MONTH TO DATE  867                       921    -54      923
  SINCE DEC 1   1799                      1921   -122     2003
  SINCE JUL 1   2797                      2935   -138     3031

 COOLING
  TODAY            0                         0      0        0
  MONTH TO DATE    0                         0      0        0
  SINCE DEC 1      0                         0      0        0
  SINCE JAN 1      0                         0      0        0
..................................................................


WIND (MPH)
  HIGHEST WIND SPEED    32   HIGHEST WIND DIRECTION     N (350)
  HIGHEST GUST SPEED    43   HIGHEST GUST DIRECTION     N (350)
  AVERAGE WIND SPEED    15.7


SKY COVER
  POSSIBLE SUNSHINE  MM
  AVERAGE SKY COVER 0.0


WEATHER CONDITIONS
 THE FOLLOWING WEATHER WAS RECORDED TODAY.
  NO SIGNIFICANT WEATHER WAS OBSERVED.


RELATIVE HUMIDITY (PERCENT)
 HIGHEST    70           800 AM
 LOWEST     17           300 PM
 AVERAGE    44

..........................................................


THE DODGE CITY KS CLIMATE NORMALS FOR TOMORROW
                         NORMAL    RECORD    YEAR
 MAXIMUM TEMPERATURE (F)   45        73      1911
 MINIMUM TEMPERATURE (F)   21        -7      1966


SUNRISE AND SUNSET
JANUARY 28 2015.......SUNRISE   747 AM CST   SUNSET   559 PM CST
JANUARY 29 2015.......SUNRISE   746 AM CST   SUNSET   600 PM CST


-  INDICATES NEGATIVE NUMBERS.
R  INDICATES RECORD WAS SET OR TIED.
MM INDICATES DATA IS MISSING.
T  INDICATES TRACE AMOUNT.




$$
