000
CDUS43 KDDC 092331
CLIDGC


CLIMATE REPORT
NATIONAL WEATHER SERVICE DODGE CITY KS
530 PM CST TUE DEC 9 2014


...................................

...THE DODGE CITY KS CLIMATE SUMMARY FOR DECEMBER 9 2014...
VALID TODAY AS OF 0500 PM LOCAL TIME.

CLIMATE NORMAL PERIOD 1981 TO 2010
CLIMATE RECORD PERIOD 1875 TO 2014


WEATHER ITEM   OBSERVED TIME   RECORD YEAR NORMAL DEPARTURE LAST
                VALUE   (LST)  VALUE       VALUE  FROM      YEAR
                                                  NORMAL
..................................................................
TEMPERATURE (F)
 TODAY
  MAXIMUM         49    301 PM  75    1939  45      4       19
  MINIMUM         26    805 AM -10    1919  22      4        1
  AVERAGE         38                        33      5       10

PRECIPITATION (IN)
  TODAY            0.00          0.57 1943   0.03  -0.03     0.00
  MONTH TO DATE    0.47                      0.23   0.24     0.05
  SINCE DEC 1      0.47                      0.23   0.24     0.05
  SINCE JAN 1     22.65                     20.99   1.66    20.29

SNOWFALL (IN)
  TODAY            0.0           5.4  1943   0.2   -0.2      0.0
  MONTH TO DATE    0.0                       1.2   -1.2      1.9
  SINCE DEC 1      0.0                       1.2   -1.2      1.9
  SINCE JUL 1      2.2                       3.4   -1.2      6.9
  SNOW DEPTH       0

DEGREE DAYS
 HEATING
  TODAY           27                        32     -5       55
  MONTH TO DATE  244                       273    -29      374
  SINCE DEC 1    244                       273    -29      374
  SINCE JUL 1   1242                      1287    -45     1402

 COOLING
  TODAY            0                         0      0        0
  MONTH TO DATE    0                         0      0        0
  SINCE DEC 1      0                         0      0        0
  SINCE JAN 1   1475                      1463     12     1641
..................................................................


WIND (MPH)
  HIGHEST WIND SPEED    17   HIGHEST WIND DIRECTION    SE (140)
  HIGHEST GUST SPEED    20   HIGHEST GUST DIRECTION    SE (130)
  AVERAGE WIND SPEED     8.3


SKY COVER
  POSSIBLE SUNSHINE  MM
  AVERAGE SKY COVER 0.0


WEATHER CONDITIONS
 THE FOLLOWING WEATHER WAS RECORDED TODAY.
  FOG
  HAZE


RELATIVE HUMIDITY (PERCENT)
 HIGHEST    85           400 AM
 LOWEST     50           300 PM
 AVERAGE    68

..........................................................


THE DODGE CITY KS CLIMATE NORMALS FOR TOMORROW
                         NORMAL    RECORD    YEAR
 MAXIMUM TEMPERATURE (F)   45        75      1996
 MINIMUM TEMPERATURE (F)   22        -6      1919


SUNRISE AND SUNSET
DECEMBER  9 2014......SUNRISE   744 AM CST   SUNSET   521 PM CST
DECEMBER 10 2014......SUNRISE   744 AM CST   SUNSET   521 PM CST


-  INDICATES NEGATIVE NUMBERS.
R  INDICATES RECORD WAS SET OR TIED.
MM INDICATES DATA IS MISSING.
T  INDICATES TRACE AMOUNT.




$$
