000
CDUS43 KDDC 162334
CLIDGC


CLIMATE REPORT
NATIONAL WEATHER SERVICE DODGE CITY KS
533 PM CST FRI JAN 16 2015


...................................

...THE DODGE CITY KS CLIMATE SUMMARY FOR JANUARY 16 2015...
VALID TODAY AS OF 0500 PM LOCAL TIME.

CLIMATE NORMAL PERIOD 1981 TO 2010
CLIMATE RECORD PERIOD 1875 TO 2015


WEATHER ITEM   OBSERVED TIME   RECORD YEAR NORMAL DEPARTURE LAST
                VALUE   (LST)  VALUE       VALUE  FROM      YEAR
                                                  NORMAL
..................................................................
TEMPERATURE (F)
 TODAY
  MAXIMUM         65    338 PM  69    1952  44     21       51
  MINIMUM         26    412 AM  -9    1930  20      6       30
                                      1885
  AVERAGE         46                        32     14       41

PRECIPITATION (IN)
  TODAY            0.00          0.62 1915   0.01  -0.01     0.00
  MONTH TO DATE    0.23                      0.28  -0.05     0.16
  SINCE DEC 1      1.23                      1.12   0.11     0.64
  SINCE JAN 1      0.23                      0.28  -0.05     0.16

SNOWFALL (IN)
  TODAY            0.0           5.3  2001   0.2   -0.2      0.0
  MONTH TO DATE    3.3                       2.3    1.0      2.8
  SINCE DEC 1      7.1                       6.4    0.7      8.3
  SINCE JUL 1      9.3                       8.6    0.7     13.3
  SNOW DEPTH       T

DEGREE DAYS
 HEATING
  TODAY           19                        33    -14       24
  MONTH TO DATE  630                       528    102      535
  SINCE DEC 1   1562                      1528     34     1615
  SINCE JUL 1   2560                      2542     18     2643

 COOLING
  TODAY            0                         0      0        0
  MONTH TO DATE    0                         0      0        0
  SINCE DEC 1      0                         0      0        0
  SINCE JAN 1      0                         0      0        0
..................................................................


WIND (MPH)
  HIGHEST WIND SPEED    22   HIGHEST WIND DIRECTION    SW (210)
  HIGHEST GUST SPEED    26   HIGHEST GUST DIRECTION    SW (210)
  AVERAGE WIND SPEED    13.9


SKY COVER
  POSSIBLE SUNSHINE  MM
  AVERAGE SKY COVER 0.0


WEATHER CONDITIONS
 THE FOLLOWING WEATHER WAS RECORDED TODAY.
  NO SIGNIFICANT WEATHER WAS OBSERVED.


RELATIVE HUMIDITY (PERCENT)
 HIGHEST    69           400 AM
 LOWEST     16           300 PM
 AVERAGE    43

..........................................................


THE DODGE CITY KS CLIMATE NORMALS FOR TOMORROW
                         NORMAL    RECORD    YEAR
 MAXIMUM TEMPERATURE (F)   44        73      1923
 MINIMUM TEMPERATURE (F)   20       -12      1930


SUNRISE AND SUNSET
JANUARY 16 2015.......SUNRISE   754 AM CST   SUNSET   546 PM CST
JANUARY 17 2015.......SUNRISE   753 AM CST   SUNSET   547 PM CST


-  INDICATES NEGATIVE NUMBERS.
R  INDICATES RECORD WAS SET OR TIED.
MM INDICATES DATA IS MISSING.
T  INDICATES TRACE AMOUNT.




$$
