000
CDUS43 KDDC 041018
CLIDGC


CLIMATE REPORT
NATIONAL WEATHER SERVICE DODGE CITY KS
516 AM CDT FRI APR 4 2014


...................................

...THE DODGE CITY KS CLIMATE SUMMARY FOR APRIL 3 2014...

CLIMATE NORMAL PERIOD 1981 TO 2010
CLIMATE RECORD PERIOD 1875 TO 2014


WEATHER ITEM   OBSERVED TIME   RECORD YEAR NORMAL DEPARTURE LAST
                VALUE   (LST)  VALUE       VALUE  FROM      YEAR
                                                  NORMAL
..................................................................
TEMPERATURE (F)
 YESTERDAY
  MAXIMUM         41    218 PM  94    2011  64    -23       40
  MINIMUM         33   1131 PM  16    1926  36     -3       32
  AVERAGE         37                        50    -13       36

PRECIPITATION (IN)
  YESTERDAY        0.05          1.44 1897   0.06  -0.01      T
  MONTH TO DATE    0.05                      0.17  -0.12     0.19
  SINCE MAR 1      0.32                      1.76  -1.44     0.45
  SINCE JAN 1      1.16                      3.02  -1.86     1.83

SNOWFALL (IN)
  YESTERDAY        0.0           3.3  1979   0.1   -0.1       T
  MONTH TO DATE    0.0                       0.3   -0.3       T
  SINCE MAR 1      4.4                       5.2   -0.8      2.1
  SINCE JUL 1     28.9                      20.3    8.6     25.5
  SNOW DEPTH       0

DEGREE DAYS
 HEATING
  YESTERDAY       28                        15     13       29
  MONTH TO DATE   66                        47     19       85
  SINCE MAR 1    818                       687    131      783
  SINCE JUL 1   4975                      4534    441     4494

 COOLING
  YESTERDAY        0                         0      0        0
  MONTH TO DATE    0                         0      0        0
  SINCE MAR 1      0                         1     -1        0
  SINCE JAN 1      0                         1     -1        0
..................................................................


WIND (MPH)
  HIGHEST WIND SPEED    26   HIGHEST WIND DIRECTION    NW (320)
  HIGHEST GUST SPEED    34   HIGHEST GUST DIRECTION    NW (320)
  AVERAGE WIND SPEED    15.6


SKY COVER
  POSSIBLE SUNSHINE  MM
  AVERAGE SKY COVER 0.8


WEATHER CONDITIONS
 THE FOLLOWING WEATHER WAS RECORDED YESTERDAY.
  LIGHT RAIN
  FOG
  FOG W/VISIBILITY <= 1/4 MILE


RELATIVE HUMIDITY (PERCENT)
 HIGHEST   100           200 AM
 LOWEST     85          1100 AM
 AVERAGE    93

..........................................................


THE DODGE CITY KS CLIMATE NORMALS FOR TODAY
                         NORMAL    RECORD    YEAR
 MAXIMUM TEMPERATURE (F)   64        90      1929
                                             1888
 MINIMUM TEMPERATURE (F)   36        17      1945


SUNRISE AND SUNSET
APRIL  4 2014.........SUNRISE   721 AM CDT   SUNSET   806 PM CDT
APRIL  5 2014.........SUNRISE   719 AM CDT   SUNSET   806 PM CDT


-  INDICATES NEGATIVE NUMBERS.
R  INDICATES RECORD WAS SET OR TIED.
MM INDICATES DATA IS MISSING.
T  INDICATES TRACE AMOUNT.




$$
