000
CDUS43 KDDC 131011
CLIDGC


CLIMATE REPORT
NATIONAL WEATHER SERVICE DODGE CITY KS
509 AM CDT SUN JUL 13 2014


...................................

...THE DODGE CITY KS CLIMATE SUMMARY FOR JULY 12 2014...

CLIMATE NORMAL PERIOD 1981 TO 2010
CLIMATE RECORD PERIOD 1875 TO 2014


WEATHER ITEM   OBSERVED TIME   RECORD YEAR NORMAL DEPARTURE LAST
                VALUE   (LST)  VALUE       VALUE  FROM      YEAR
                                                  NORMAL
..................................................................
TEMPERATURE (F)
 YESTERDAY
  MAXIMUM         94    444 PM 106    1980  93      1      104
  MINIMUM         67    556 AM  53    1990  66      1       71
  AVERAGE         81                        80      1       88

PRECIPITATION (IN)
  YESTERDAY        0.00          0.82 1967   0.10  -0.10     0.00
  MONTH TO DATE    0.15                      1.17  -1.02      T
  SINCE JUN 1      9.24                      4.41   4.83     2.61
  SINCE JAN 1     12.76                     11.93   0.83     6.04

SNOWFALL (IN)
  YESTERDAY        0.0           0.0  2002   0.0    0.0      0.0
                                      2001
  MONTH TO DATE    0.0                       0.0    0.0      0.0
  SINCE JUN 1      0.0                       0.0    0.0      0.0
  SINCE JUL 1      0.0                       0.0    0.0      0.0
  SNOW DEPTH       0

DEGREE DAYS
 HEATING
  YESTERDAY        0                         0      0        0
  MONTH TO DATE    0                         0      0        0
  SINCE JUN 1      7                        13     -6       12
  SINCE JUL 1      0                         0      0        0

 COOLING
  YESTERDAY       16                        15      1       23
  MONTH TO DATE  140                       168    -28      193
  SINCE JUN 1    424                       446    -22      581
  SINCE JAN 1    596                       555     41      743
..................................................................


WIND (MPH)
  HIGHEST WIND SPEED    25   HIGHEST WIND DIRECTION     S (200)
  HIGHEST GUST SPEED    33   HIGHEST GUST DIRECTION    SW (210)
  AVERAGE WIND SPEED    13.6


SKY COVER
  POSSIBLE SUNSHINE  MM
  AVERAGE SKY COVER 0.1


WEATHER CONDITIONS
 THE FOLLOWING WEATHER WAS RECORDED YESTERDAY.
  NO SIGNIFICANT WEATHER WAS OBSERVED.


RELATIVE HUMIDITY (PERCENT)
 HIGHEST    81           600 AM
 LOWEST     32           500 PM
 AVERAGE    57

..........................................................


THE DODGE CITY KS CLIMATE NORMALS FOR TODAY
                         NORMAL    RECORD    YEAR
 MAXIMUM TEMPERATURE (F)   93       107      1985
                                             1980
                                             1934
 MINIMUM TEMPERATURE (F)   66        46      1990


SUNRISE AND SUNSET
JULY 13 2014..........SUNRISE   629 AM CDT   SUNSET   902 PM CDT
JULY 14 2014..........SUNRISE   629 AM CDT   SUNSET   902 PM CDT


-  INDICATES NEGATIVE NUMBERS.
R  INDICATES RECORD WAS SET OR TIED.
MM INDICATES DATA IS MISSING.
T  INDICATES TRACE AMOUNT.




$$
