000
CDUS43 KDDC 111431
CLIDGC


CLIMATE REPORT
NATIONAL WEATHER SERVICE DODGE CITY KS
931 AM CDT MON AUG 11 2014


...................................

...THE DODGE CITY KS CLIMATE SUMMARY FOR AUGUST 11 2014...
VALID AS OF 0800 AM LOCAL TIME.

CLIMATE NORMAL PERIOD 1981 TO 2010
CLIMATE RECORD PERIOD 1875 TO 2014


WEATHER ITEM   OBSERVED TIME   RECORD YEAR NORMAL DEPARTURE LAST
                VALUE   (LST)  VALUE       VALUE  FROM      YEAR
                                                  NORMAL
..................................................................
TEMPERATURE (F)
 TODAY
  MAXIMUM         70    759 AM 108    1936  92    -22       82
  MINIMUM         63    550 AM  50    1979  66     -3       63
  AVERAGE         67                        79    -12       73

PRECIPITATION (IN)
  TODAY            0.00          1.44 2002   0.10  -0.10      T
  MONTH TO DATE    1.72                      1.06   0.66     4.43
  SINCE JUN 1     13.82                      7.38   6.44     9.56
  SINCE JAN 1     17.34                     14.90   2.44    12.99

SNOWFALL (IN)
  TODAY            0.0           0.0  2002   0.0    0.0      0.0
                                      2001
  MONTH TO DATE    0.0                       0.0    0.0      0.0
  SINCE JUN 1      0.0                       0.0    0.0      0.0
  SINCE JUL 1      0.0                       0.0    0.0      0.0
  SNOW DEPTH       0

..................................................................


WIND (MPH)
  HIGHEST WIND SPEED    12   HIGHEST WIND DIRECTION     N (10)
  HIGHEST GUST SPEED    13   HIGHEST GUST DIRECTION     N (10)
  AVERAGE WIND SPEED     5.2



WEATHER CONDITIONS
 THE FOLLOWING WEATHER WAS RECORDED TODAY.
  FOG


RELATIVE HUMIDITY (PERCENT)
 HIGHEST    93           400 AM
 LOWEST     84           100 AM

..........................................................


THE DODGE CITY KS CLIMATE NORMALS FOR TOMORROW
                         NORMAL    RECORD    YEAR
 MAXIMUM TEMPERATURE (F)   92       109      1936
 MINIMUM TEMPERATURE (F)   66        54      1967


SUNRISE AND SUNSET
AUGUST 11 2014........SUNRISE   652 AM CDT   SUNSET   838 PM CDT
AUGUST 12 2014........SUNRISE   653 AM CDT   SUNSET   836 PM CDT


-  INDICATES NEGATIVE NUMBERS.
R  INDICATES RECORD WAS SET OR TIED.
MM INDICATES DATA IS MISSING.
T  INDICATES TRACE AMOUNT.




$$
