000
CDUS43 KDDC 100718
CLIDGC


CLIMATE REPORT
NATIONAL WEATHER SERVICE DODGE CITY KS
210 AM CDT SAT JUN 10 2017


...................................

...THE DODGE CITY KS CLIMATE SUMMARY FOR JUNE 9 2017...

CLIMATE NORMAL PERIOD 1981 TO 2010
CLIMATE RECORD PERIOD 1875 TO 2017


WEATHER ITEM   OBSERVED TIME   RECORD YEAR NORMAL DEPARTURE LAST
                VALUE   (LST)  VALUE       VALUE  FROM      YEAR
                                                  NORMAL
..................................................................
TEMPERATURE (F)
 YESTERDAY
  MAXIMUM         85    444 PM 102    1953  85      0       90
  MINIMUM         59    513 AM  42    1877  59      0       66
  AVERAGE         72                        72      0       78

PRECIPITATION (IN)
  YESTERDAY        0.00          2.61 1899   0.12  -0.12     0.03
  MONTH TO DATE    2.27                      1.04   1.23     0.09
  SINCE JUN 1      2.27                      1.04   1.23     0.09
  SINCE JAN 1     19.70                      8.56  11.14    11.21

SNOWFALL (IN)
  YESTERDAY        0.0           T    1986   0.0    0.0      0.0
  MONTH TO DATE    0.0                       0.0    0.0      0.0
  SINCE JUN 1      0.0                       0.0    0.0      0.0
  SINCE JUL 1      7.5                      21.1  -13.6     10.4
  SNOW DEPTH       0

DEGREE DAYS
 HEATING
  YESTERDAY        0                         1     -1        0
  MONTH TO DATE    0                         9     -9        1
  SINCE JUN 1      0                         9     -9        1
  SINCE JUL 1   4170                      4963   -793     4340

 COOLING
  YESTERDAY        7                         7      0       13
  MONTH TO DATE   57                        58     -1       51
  SINCE JUN 1     57                        58     -1       51
  SINCE JAN 1    159                       167     -8      109
..................................................................


WIND (MPH)
  HIGHEST WIND SPEED    23   HIGHEST WIND DIRECTION     S (170)
  HIGHEST GUST SPEED    31   HIGHEST GUST DIRECTION     S (170)
  AVERAGE WIND SPEED    14.0


SKY COVER
  POSSIBLE SUNSHINE  MM
  AVERAGE SKY COVER 0.1


WEATHER CONDITIONS
 THE FOLLOWING WEATHER WAS RECORDED YESTERDAY.
  NO SIGNIFICANT WEATHER WAS OBSERVED.


RELATIVE HUMIDITY (PERCENT)
 HIGHEST    90          1200 AM
 LOWEST     51           300 PM
 AVERAGE    71

..........................................................


THE DODGE CITY KS CLIMATE NORMALS FOR TODAY
                         NORMAL    RECORD    YEAR
 MAXIMUM TEMPERATURE (F)   85       104      2013
                                             1917
 MINIMUM TEMPERATURE (F)   60        45      1955


SUNRISE AND SUNSET
JUNE 10 2017..........SUNRISE   618 AM CDT   SUNSET   901 PM CDT
JUNE 11 2017..........SUNRISE   617 AM CDT   SUNSET   902 PM CDT


-  INDICATES NEGATIVE NUMBERS.
R  INDICATES RECORD WAS SET OR TIED.
MM INDICATES DATA IS MISSING.
T  INDICATES TRACE AMOUNT.




$$
