000
CDUS43 KDDC 032336
CLIDGC


CLIMATE REPORT
NATIONAL WEATHER SERVICE DODGE CITY KS
633 PM CDT FRI JUL 3 2015


...................................

...THE DODGE CITY KS CLIMATE SUMMARY FOR JULY 3 2015...
VALID TODAY AS OF 0500 PM LOCAL TIME.

CLIMATE NORMAL PERIOD 1981 TO 2010
CLIMATE RECORD PERIOD 1875 TO 2015


WEATHER ITEM   OBSERVED TIME   RECORD YEAR NORMAL DEPARTURE LAST
                VALUE   (LST)  VALUE       VALUE  FROM      YEAR
                                                  NORMAL
..................................................................
TEMPERATURE (F)
 TODAY
  MAXIMUM         87    319 PM 105    1973  92     -5       80
  MINIMUM         64    246 AM  50    1924  65     -1       59
  AVERAGE         76                        78     -2       70

PRECIPITATION (IN)
  TODAY            0.00          1.26 1880   0.09  -0.09     0.00
  MONTH TO DATE    T                         0.29  -0.29     0.15
  SINCE JUN 1      2.08                      3.53  -1.45     9.24
  SINCE JAN 1     15.80                     11.05   4.75    12.76

SNOWFALL (IN)
  TODAY            0.0           T    1994   0.0    0.0      0.0
  MONTH TO DATE    0.0                       0.0    0.0      0.0
  SINCE JUN 1      0.0                       0.0    0.0      0.0
  SINCE JUL 1      0.0                       0.0    0.0      0.0
  SNOW DEPTH       0

DEGREE DAYS
 HEATING
  TODAY            0                         0      0        0
  MONTH TO DATE    0                         0      0        0
  SINCE JUN 1      0                        13    -13        7
  SINCE JUL 1      0                         0      0        0

 COOLING
  TODAY           11                        14     -3        5
  MONTH TO DATE   41                        40      1       15
  SINCE JUN 1    394                       318     76      299
  SINCE JAN 1    455                       427     28      471
..................................................................


WIND (MPH)
  HIGHEST WIND SPEED    15   HIGHEST WIND DIRECTION    NE (40)
  HIGHEST GUST SPEED    20   HIGHEST GUST DIRECTION    NE (60)
  AVERAGE WIND SPEED     6.8


SKY COVER
  POSSIBLE SUNSHINE  MM
  AVERAGE SKY COVER 0.2


WEATHER CONDITIONS
 THE FOLLOWING WEATHER WAS RECORDED TODAY.
  FOG
  HAZE


RELATIVE HUMIDITY (PERCENT)
 HIGHEST    93           200 AM
 LOWEST     37           300 PM
 AVERAGE    65

..........................................................


THE DODGE CITY KS CLIMATE NORMALS FOR TOMORROW
                         NORMAL    RECORD    YEAR
 MAXIMUM TEMPERATURE (F)   92       106      1980
                                             1953
 MINIMUM TEMPERATURE (F)   65        49      1906


SUNRISE AND SUNSET
JULY  3 2015..........SUNRISE   623 AM CDT   SUNSET   905 PM CDT
JULY  4 2015..........SUNRISE   623 AM CDT   SUNSET   905 PM CDT


-  INDICATES NEGATIVE NUMBERS.
R  INDICATES RECORD WAS SET OR TIED.
MM INDICATES DATA IS MISSING.
T  INDICATES TRACE AMOUNT.




$$
