078
CDUS43 KDDC 202328
CLIDGC


CLIMATE REPORT
NATIONAL WEATHER SERVICE DODGE CITY KS
527 PM CST MON NOV 20 2017


...................................

...THE DODGE CITY KS CLIMATE SUMMARY FOR NOVEMBER 20 2017...
VALID TODAY AS OF 0500 PM LOCAL TIME.

CLIMATE NORMAL PERIOD 1981 TO 2010
CLIMATE RECORD PERIOD 1875 TO 2017


WEATHER ITEM   OBSERVED TIME   RECORD YEAR NORMAL DEPARTURE LAST
                VALUE   (LST)  VALUE       VALUE  FROM      YEAR
                                                  NORMAL
..................................................................
TEMPERATURE (F)
 TODAY
  MAXIMUM         68    343 PM  84    1897  53     15       60
  MINIMUM         30    816 AM   1    1874  28      2       31
  AVERAGE         49                        41      8       46

PRECIPITATION (IN)
  TODAY            0.00          0.86 2004   0.02  -0.02     0.00
  MONTH TO DATE    0.01                      0.55  -0.54     0.36
  SINCE SEP 1      1.92                      3.96  -2.04     0.76
  SINCE JAN 1     25.57                     20.55   5.02    22.77

SNOWFALL (IN)
  TODAY            0.0           2.7  1973   0.1   -0.1      0.0
  MONTH TO DATE    0.0                       0.8   -0.8      0.0
  SINCE SEP 1      0.0                       1.2   -1.2      0.0
  SINCE JUL 1      0.0                       1.2   -1.2      0.0
  SNOW DEPTH       0

DEGREE DAYS
 HEATING
  TODAY           16                        24     -8       19
  MONTH TO DATE  399                       390      9      253
  SINCE SEP 1    690                       742    -52      401
  SINCE JUL 1    690                       746    -56      401

 COOLING
  TODAY            0                         0      0        0
  MONTH TO DATE    0                         0      0        0
  SINCE SEP 1    288                       216     72      326
  SINCE JAN 1   1520                      1462     58     1580
..................................................................


WIND (MPH)
  HIGHEST WIND SPEED    17   HIGHEST WIND DIRECTION    SW (210)
  HIGHEST GUST SPEED    24   HIGHEST GUST DIRECTION     S (200)
  AVERAGE WIND SPEED    12.7


SKY COVER
  POSSIBLE SUNSHINE  MM
  AVERAGE SKY COVER 0.0


WEATHER CONDITIONS
 THE FOLLOWING WEATHER WAS RECORDED TODAY.
  NO SIGNIFICANT WEATHER WAS OBSERVED.


RELATIVE HUMIDITY (PERCENT)
 HIGHEST    58           700 AM
 LOWEST     16           300 PM
 AVERAGE    37

..........................................................


THE DODGE CITY KS CLIMATE NORMALS FOR TOMORROW
                         NORMAL    RECORD    YEAR
 MAXIMUM TEMPERATURE (F)   53        78      1955
 MINIMUM TEMPERATURE (F)   28         2      1906


SUNRISE AND SUNSET
NOVEMBER 20 2017......SUNRISE   726 AM CST   SUNSET   525 PM CST
NOVEMBER 21 2017......SUNRISE   727 AM CST   SUNSET   525 PM CST


-  INDICATES NEGATIVE NUMBERS.
R  INDICATES RECORD WAS SET OR TIED.
MM INDICATES DATA IS MISSING.
T  INDICATES TRACE AMOUNT.




$$
