423
CDUS43 KDDC 192326
CLIDGC


CLIMATE REPORT
NATIONAL WEATHER SERVICE DODGE CITY KS
626 PM CDT WED JUL 19 2017


...................................

...THE DODGE CITY KS CLIMATE SUMMARY FOR JULY 19 2017...
VALID TODAY AS OF 0500 PM LOCAL TIME.

CLIMATE NORMAL PERIOD 1981 TO 2010
CLIMATE RECORD PERIOD 1875 TO 2017


WEATHER ITEM   OBSERVED TIME   RECORD YEAR NORMAL DEPARTURE LAST
                VALUE   (LST)  VALUE       VALUE  FROM      YEAR
                                                  NORMAL
..................................................................
TEMPERATURE (F)
 TODAY
  MAXIMUM        101    302 PM 106    2006  93      8       93
                                      1980
  MINIMUM         73    604 AM  57    1902  67      6       69
  AVERAGE         87                        80      7       81

PRECIPITATION (IN)
  TODAY            0.00          1.70 1897   0.10  -0.10     0.00
  MONTH TO DATE    1.73                      1.87  -0.14     4.82
  SINCE JUN 1      4.85                      5.11  -0.26     7.53
  SINCE JAN 1     22.28                     12.63   9.65    18.65

SNOWFALL (IN)
  TODAY            0.0           0.0  2002   0.0    0.0      0.0
                                      2001
  MONTH TO DATE    0.0                       0.0    0.0      0.0
  SINCE JUN 1      0.0                       0.0    0.0      0.0
  SINCE JUL 1      0.0                       0.0    0.0      0.0
  SNOW DEPTH       0

DEGREE DAYS
 HEATING
  TODAY            0                         0      0        0
  MONTH TO DATE    0                         0      0        0
  SINCE JUN 1      0                        13    -13        1
  SINCE JUL 1      0                         0      0        0

 COOLING
  TODAY           22                        15      7       16
  MONTH TO DATE  295                       273     22      272
  SINCE JUN 1    616                       551     65      623
  SINCE JAN 1    718                       660     58      681
..................................................................


WIND (MPH)
  HIGHEST WIND SPEED    24   HIGHEST WIND DIRECTION     S (190)
  HIGHEST GUST SPEED    30   HIGHEST GUST DIRECTION    SW (210)
  AVERAGE WIND SPEED    14.5


SKY COVER
  POSSIBLE SUNSHINE  MM
  AVERAGE SKY COVER 0.0


WEATHER CONDITIONS
 THE FOLLOWING WEATHER WAS RECORDED TODAY.
  NO SIGNIFICANT WEATHER WAS OBSERVED.


RELATIVE HUMIDITY (PERCENT)
 HIGHEST    79           400 AM
 LOWEST     21           400 PM
 AVERAGE    50

..........................................................


THE DODGE CITY KS CLIMATE NORMALS FOR TOMORROW
                         NORMAL    RECORD    YEAR
 MAXIMUM TEMPERATURE (F)   93       108      2011
 MINIMUM TEMPERATURE (F)   67        54      1970


SUNRISE AND SUNSET
JULY 19 2017..........SUNRISE   633 AM CDT   SUNSET   859 PM CDT
JULY 20 2017..........SUNRISE   634 AM CDT   SUNSET   858 PM CDT


-  INDICATES NEGATIVE NUMBERS.
R  INDICATES RECORD WAS SET OR TIED.
MM INDICATES DATA IS MISSING.
T  INDICATES TRACE AMOUNT.




$$
