698
CDUS43 KDDC 222327
CLIDGC


CLIMATE REPORT
NATIONAL WEATHER SERVICE DODGE CITY KS
627 PM CDT FRI SEP 22 2017


...................................

...THE DODGE CITY KS CLIMATE SUMMARY FOR SEPTEMBER 22 2017...
VALID TODAY AS OF 0500 PM LOCAL TIME.

CLIMATE NORMAL PERIOD 1981 TO 2010
CLIMATE RECORD PERIOD 1875 TO 2017


WEATHER ITEM   OBSERVED TIME   RECORD YEAR NORMAL DEPARTURE LAST
                VALUE   (LST)  VALUE       VALUE  FROM      YEAR
                                                  NORMAL
..................................................................
TEMPERATURE (F)
 TODAY
  MAXIMUM         97R   250 PM  96    1910  80     17       95
                                      1892
  MINIMUM         72    653 AM  29    1995  53     19       69
  AVERAGE         85                        66     19       82

PRECIPITATION (IN)
  TODAY            0.00          2.36 2004   0.04  -0.04     0.00
  MONTH TO DATE    0.08                      1.30  -1.22     0.29
  SINCE SEP 1      0.08                      1.30  -1.22     0.29
  SINCE JAN 1     23.73                     17.89   5.84    22.30

SNOWFALL (IN)
  TODAY            0.0           0.0  2002   0.0    0.0      0.0
                                      2001
  MONTH TO DATE    0.0                       0.0    0.0      0.0
  SINCE SEP 1      0.0                       0.0    0.0      0.0
  SINCE JUL 1      0.0                       0.0    0.0      0.0
  SNOW DEPTH       0

DEGREE DAYS
 HEATING
  TODAY            0                         3     -3        0
  MONTH TO DATE    7                        29    -22        6
  SINCE SEP 1      7                        29    -22        6
  SINCE JUL 1      7                        33    -26        6

 COOLING
  TODAY           20                         4     16       17
  MONTH TO DATE  222                       159     63      220
  SINCE SEP 1    222                       159     63      220
  SINCE JAN 1   1454                      1405     49     1474
..................................................................


WIND (MPH)
  HIGHEST WIND SPEED    31   HIGHEST WIND DIRECTION     S (160)
  HIGHEST GUST SPEED    40   HIGHEST GUST DIRECTION    SW (210)
  AVERAGE WIND SPEED    22.0


SKY COVER
  POSSIBLE SUNSHINE  MM
  AVERAGE SKY COVER 0.1


WEATHER CONDITIONS
 THE FOLLOWING WEATHER WAS RECORDED TODAY.
  NO SIGNIFICANT WEATHER WAS OBSERVED.


RELATIVE HUMIDITY (PERCENT)
 HIGHEST    73           700 AM
 LOWEST     24           100 PM
 AVERAGE    49

..........................................................


THE DODGE CITY KS CLIMATE NORMALS FOR TOMORROW
                         NORMAL    RECORD    YEAR
 MAXIMUM TEMPERATURE (F)   79       100      1984
 MINIMUM TEMPERATURE (F)   53        34      1989


SUNRISE AND SUNSET
SEPTEMBER 22 2017.....SUNRISE   728 AM CDT   SUNSET   736 PM CDT
SEPTEMBER 23 2017.....SUNRISE   729 AM CDT   SUNSET   735 PM CDT


-  INDICATES NEGATIVE NUMBERS.
R  INDICATES RECORD WAS SET OR TIED.
MM INDICATES DATA IS MISSING.
T  INDICATES TRACE AMOUNT.




$$
