000
CDUS43 KDDC 201009
CLIDGC


CLIMATE REPORT
NATIONAL WEATHER SERVICE DODGE CITY KS
508 AM CDT SAT SEP 20 2014


...................................

...THE DODGE CITY KS CLIMATE SUMMARY FOR SEPTEMBER 19 2014...

CLIMATE NORMAL PERIOD 1981 TO 2010
CLIMATE RECORD PERIOD 1875 TO 2014


WEATHER ITEM   OBSERVED TIME   RECORD YEAR NORMAL DEPARTURE LAST
                VALUE   (LST)  VALUE       VALUE  FROM      YEAR
                                                  NORMAL
..................................................................
TEMPERATURE (F)
 YESTERDAY
  MAXIMUM         89    340 PM 102    1980  81      8       83
  MINIMUM         57    633 AM  37    2003  55      2       62
  AVERAGE         73                        68      5       73

PRECIPITATION (IN)
  YESTERDAY        0.00          0.55 1985   0.06  -0.06      T
  MONTH TO DATE    0.69                      1.16  -0.47     0.65
  SINCE SEP 1      0.69                      1.16  -0.47     0.65
  SINCE JAN 1     18.92                     17.75   1.17    16.13

SNOWFALL (IN)
  YESTERDAY        0.0           0.0  2002   0.0    0.0      0.0
                                      2001
  MONTH TO DATE    0.0                       0.0    0.0      0.0
  SINCE SEP 1      0.0                       0.0    0.0      0.0
  SINCE JUL 1      0.0                       0.0    0.0      0.0
  SNOW DEPTH       0

DEGREE DAYS
 HEATING
  YESTERDAY        0                         2     -2        0
  MONTH TO DATE   49                        20     29        5
  SINCE SEP 1     49                        20     29        5
  SINCE JUL 1     62                        24     38        5

 COOLING
  YESTERDAY        8                         5      3        8
  MONTH TO DATE  119                       145    -26      205
  SINCE SEP 1    119                       145    -26      205
  SINCE JAN 1   1364                      1391    -27     1569
..................................................................


WIND (MPH)
  HIGHEST WIND SPEED    25   HIGHEST WIND DIRECTION     S (190)
  HIGHEST GUST SPEED    34   HIGHEST GUST DIRECTION    SW (210)
  AVERAGE WIND SPEED    13.3


SKY COVER
  POSSIBLE SUNSHINE  MM
  AVERAGE SKY COVER 0.0


WEATHER CONDITIONS
 THE FOLLOWING WEATHER WAS RECORDED YESTERDAY.
  NO SIGNIFICANT WEATHER WAS OBSERVED.


RELATIVE HUMIDITY (PERCENT)
 HIGHEST    93           600 AM
 LOWEST     36           400 PM
 AVERAGE    65

..........................................................


THE DODGE CITY KS CLIMATE NORMALS FOR TODAY
                         NORMAL    RECORD    YEAR
 MAXIMUM TEMPERATURE (F)   81        95      1970
 MINIMUM TEMPERATURE (F)   54        35      1901


SUNRISE AND SUNSET
SEPTEMBER 20 2014.....SUNRISE   726 AM CDT   SUNSET   740 PM CDT
SEPTEMBER 21 2014.....SUNRISE   727 AM CDT   SUNSET   738 PM CDT


-  INDICATES NEGATIVE NUMBERS.
R  INDICATES RECORD WAS SET OR TIED.
MM INDICATES DATA IS MISSING.
T  INDICATES TRACE AMOUNT.




$$
