000
CDUS43 KDDC 220706
CLIDGC


CLIMATE REPORT
NATIONAL WEATHER SERVICE DODGE CITY KS
206 AM CDT MON MAY 22 2017


...................................

...THE DODGE CITY KS CLIMATE SUMMARY FOR MAY 21 2017...

CLIMATE NORMAL PERIOD 1981 TO 2010
CLIMATE RECORD PERIOD 1875 TO 2017


WEATHER ITEM   OBSERVED TIME   RECORD YEAR NORMAL DEPARTURE LAST
                VALUE   (LST)  VALUE       VALUE  FROM      YEAR
                                                  NORMAL
..................................................................
TEMPERATURE (F)
 YESTERDAY
  MAXIMUM         69    259 PM 100    1925  78     -9       76
  MINIMUM         39    257 AM  33    1931  53    -14       57
  AVERAGE         54                        66    -12       67

PRECIPITATION (IN)
  YESTERDAY        0.02          2.53 1951   0.10  -0.08     0.00
  MONTH TO DATE    4.42                      1.81   2.61     0.30
  SINCE MAR 1     14.66                      5.22   9.44     8.42
  SINCE JAN 1     17.23                      6.48  10.75     9.01

SNOWFALL (IN)
  YESTERDAY       MM             T    1931   0.0   MM        0.0
  MONTH TO DATE    0.0                       0.0    0.0      0.0
  SINCE MAR 1      2.5                       6.0   -3.5      0.4
  SINCE JUL 1      7.5                      21.1  -13.6     10.4
  SNOW DEPTH       0

DEGREE DAYS
 HEATING
  YESTERDAY       11                         3      8        0
  MONTH TO DATE  115                        96     19      160
  SINCE MAR 1    909                      1088   -179      975
  SINCE JUL 1   4143                      4935   -792     4337

 COOLING
  YESTERDAY        0                         3     -3        2
  MONTH TO DATE   41                        45     -4        7
  SINCE MAR 1     82                        64     18       16
  SINCE JAN 1     82                        64     18       18
..................................................................


WIND (MPH)
  HIGHEST WIND SPEED    12   HIGHEST WIND DIRECTION    SW (230)
  HIGHEST GUST SPEED    15   HIGHEST GUST DIRECTION    SW (210)
  AVERAGE WIND SPEED     7.1


SKY COVER
  POSSIBLE SUNSHINE  MM
  AVERAGE SKY COVER 0.5


WEATHER CONDITIONS
 THE FOLLOWING WEATHER WAS RECORDED YESTERDAY.
  LIGHT RAIN


RELATIVE HUMIDITY (PERCENT)
 HIGHEST    93           500 AM
 LOWEST     45           200 PM
 AVERAGE    69

..........................................................


THE DODGE CITY KS CLIMATE NORMALS FOR TODAY
                         NORMAL    RECORD    YEAR
 MAXIMUM TEMPERATURE (F)   79        99      1956
 MINIMUM TEMPERATURE (F)   54        31      1931


SUNRISE AND SUNSET
MAY 22 2017...........SUNRISE   625 AM CDT   SUNSET   849 PM CDT
MAY 23 2017...........SUNRISE   624 AM CDT   SUNSET   850 PM CDT


-  INDICATES NEGATIVE NUMBERS.
R  INDICATES RECORD WAS SET OR TIED.
MM INDICATES DATA IS MISSING.
T  INDICATES TRACE AMOUNT.




$$
