000
CDUS43 KDDC 150756
CLIDGC


CLIMATE REPORT
NATIONAL WEATHER SERVICE DODGE CITY KS
156 AM CST FRI DEC 15 2017


...................................

...THE DODGE CITY KS CLIMATE SUMMARY FOR DECEMBER 14 2017...

CLIMATE NORMAL PERIOD 1981 TO 2010
CLIMATE RECORD PERIOD 1875 TO 2017


WEATHER ITEM   OBSERVED TIME   RECORD YEAR NORMAL DEPARTURE LAST
                VALUE   (LST)  VALUE       VALUE  FROM      YEAR
                                                  NORMAL
..................................................................
TEMPERATURE (F)
 YESTERDAY
  MAXIMUM         48    139 PM  74    1893  44      4       31
  MINIMUM         26   1159 PM  -4    1901  21      5        8
  AVERAGE         37                        32      5       20

PRECIPITATION (IN)
  YESTERDAY        0.00          0.68 2007   0.03  -0.03     0.00
  MONTH TO DATE    0.00                      0.36  -0.36     0.34
  SINCE DEC 1      0.00                      0.36  -0.36     0.34
  SINCE JAN 1     25.57                     21.12   4.45    23.12

SNOWFALL (IN)
  YESTERDAY        0.0          10.4  2007   0.2   -0.2      0.0
  MONTH TO DATE    0.0                       1.9   -1.9      0.2
  SINCE DEC 1      0.0                       1.9   -1.9      0.2
  SINCE JUL 1      0.0                       4.1   -4.1      0.2
  SNOW DEPTH       0

DEGREE DAYS
 HEATING
  YESTERDAY       28                        33     -5       45
  MONTH TO DATE  331                       434   -103      499
  SINCE DEC 1    331                       434   -103      499
  SINCE JUL 1   1185                      1448   -263     1095

 COOLING
  YESTERDAY        0                         0      0        0
  MONTH TO DATE    0                         0      0        0
  SINCE DEC 1      0                         0      0        0
  SINCE JAN 1   1520                      1463     57     1580
..................................................................


WIND (MPH)
  HIGHEST WIND SPEED    24   HIGHEST WIND DIRECTION     N (10)
  HIGHEST GUST SPEED    36   HIGHEST GUST DIRECTION    NW (320)
  AVERAGE WIND SPEED    12.2


SKY COVER
  POSSIBLE SUNSHINE  MM
  AVERAGE SKY COVER 0.4


WEATHER CONDITIONS
 THE FOLLOWING WEATHER WAS RECORDED YESTERDAY.
  NO SIGNIFICANT WEATHER WAS OBSERVED.


RELATIVE HUMIDITY (PERCENT)
 HIGHEST    81          1100 PM
 LOWEST     42           300 PM
 AVERAGE    62

..........................................................


THE DODGE CITY KS CLIMATE NORMALS FOR TODAY
                         NORMAL    RECORD    YEAR
 MAXIMUM TEMPERATURE (F)   44        69      1946
 MINIMUM TEMPERATURE (F)   21        -8      1989


SUNRISE AND SUNSET
DECEMBER 15 2017......SUNRISE   748 AM CST   SUNSET   522 PM CST
DECEMBER 16 2017......SUNRISE   749 AM CST   SUNSET   523 PM CST


-  INDICATES NEGATIVE NUMBERS.
R  INDICATES RECORD WAS SET OR TIED.
MM INDICATES DATA IS MISSING.
T  INDICATES TRACE AMOUNT.




$$
