507
CDUS43 KDDC 120715
CLIDGC


CLIMATE REPORT
NATIONAL WEATHER SERVICE DODGE CITY KS
113 AM CST FRI FEB 12 2016


...................................

...THE DODGE CITY KS CLIMATE SUMMARY FOR FEBRUARY 11 2016...

CLIMATE NORMAL PERIOD 1981 TO 2010
CLIMATE RECORD PERIOD 1875 TO 2016


WEATHER ITEM   OBSERVED TIME   RECORD YEAR NORMAL DEPARTURE LAST
                VALUE   (LST)  VALUE       VALUE  FROM      YEAR
                                                  NORMAL
..................................................................
TEMPERATURE (F)
 YESTERDAY
  MAXIMUM         58    517 PM  82    1962  47     11       49
  MINIMUM         25    720 AM -19    1899  22      3       28
  AVERAGE         42                        35      7       39

PRECIPITATION (IN)
  YESTERDAY        0.00          0.56 1894   0.02  -0.02     0.00
  MONTH TO DATE    0.31                      0.25   0.06     0.03
  SINCE DEC 1      3.02                      1.67   1.35     1.69
  SINCE JAN 1      0.59                      0.83  -0.24     0.69

SNOWFALL (IN)
  YESTERDAY        0.0           5.6  1894   0.1   -0.1      0.0
  MONTH TO DATE    0.1                       1.7   -1.6       T
  SINCE DEC 1      8.9                      10.7   -1.8      8.3
  SINCE JUL 1     10.0                      12.9   -2.9     10.5
  SNOW DEPTH       0

DEGREE DAYS
 HEATING
  YESTERDAY       23                        30     -7       26
  MONTH TO DATE  328                       342    -14      264
  SINCE DEC 1   2175                      2360   -185     2151
  SINCE JUL 1   3005                      3374   -369     3149

 COOLING
  YESTERDAY        0                         0      0        0
  MONTH TO DATE    0                         0      0        0
  SINCE DEC 1      0                         0      0        0
  SINCE JAN 1      0                         0      0        0
..................................................................


WIND (MPH)
  HIGHEST WIND SPEED    17   HIGHEST WIND DIRECTION     S (200)
  HIGHEST GUST SPEED    22   HIGHEST GUST DIRECTION    SW (210)
  AVERAGE WIND SPEED     9.5


SKY COVER
  POSSIBLE SUNSHINE  MM
  AVERAGE SKY COVER 0.0


WEATHER CONDITIONS
 THE FOLLOWING WEATHER WAS RECORDED YESTERDAY.
  HAZE


RELATIVE HUMIDITY (PERCENT)
 HIGHEST    92           600 AM
 LOWEST     33           500 PM
 AVERAGE    63

..........................................................


THE DODGE CITY KS CLIMATE NORMALS FOR TODAY
                         NORMAL    RECORD    YEAR
 MAXIMUM TEMPERATURE (F)   48        82      1962
 MINIMUM TEMPERATURE (F)   23       -26      1899


SUNRISE AND SUNSET
FEBRUARY 12 2016......SUNRISE   733 AM CST   SUNSET   615 PM CST
FEBRUARY 13 2016......SUNRISE   732 AM CST   SUNSET   616 PM CST


-  INDICATES NEGATIVE NUMBERS.
R  INDICATES RECORD WAS SET OR TIED.
MM INDICATES DATA IS MISSING.
T  INDICATES TRACE AMOUNT.




$$
