000
CDUS43 KDDC 172330
CLIDGC


CLIMATE REPORT
NATIONAL WEATHER SERVICE DODGE CITY KS
629 PM CDT THU APR 17 2014


...................................

...THE DODGE CITY KS CLIMATE SUMMARY FOR APRIL 17 2014...
VALID TODAY AS OF 0500 PM LOCAL TIME.

CLIMATE NORMAL PERIOD 1981 TO 2010
CLIMATE RECORD PERIOD 1875 TO 2014


WEATHER ITEM   OBSERVED TIME   RECORD YEAR NORMAL DEPARTURE LAST
                VALUE   (LST)  VALUE       VALUE  FROM      YEAR
                                                  NORMAL
..................................................................
TEMPERATURE (F)
 TODAY
  MAXIMUM         52    453 PM  93    2002  68    -16       39
                                      1909
  MINIMUM         32    901 AM  24    1907  41     -9       31
  AVERAGE         42                        54    -12       35

PRECIPITATION (IN)
  TODAY            0.15          1.44 2009   0.06   0.09     0.08
  MONTH TO DATE    0.46                      0.95  -0.49     0.28
  SINCE MAR 1      0.73                      2.54  -1.81     0.54
  SINCE JAN 1      1.57                      3.80  -2.23     1.92

SNOWFALL (IN)
  TODAY            0.0           0.5  1940   0.0    0.0      0.0
  MONTH TO DATE    2.2                       0.9    1.3       T
  SINCE MAR 1      6.6                       5.8    0.8      2.1
  SINCE JUL 1     31.1                      20.9   10.2     25.5
  SNOW DEPTH       0

DEGREE DAYS
 HEATING
  TODAY           23                        11     12       30
  MONTH TO DATE  263                       233     30      313
  SINCE MAR 1   1015                       873    142     1011
  SINCE JUL 1   5172                      4720    452     4722

 COOLING
  TODAY            0                         1     -1        0
  MONTH TO DATE    8                         2      6        3
  SINCE MAR 1      8                         3      5        3
  SINCE JAN 1      8                         3      5        3
..................................................................


WIND (MPH)
  HIGHEST WIND SPEED    20   HIGHEST WIND DIRECTION    NE (50)
  HIGHEST GUST SPEED    24   HIGHEST GUST DIRECTION    NE (50)
  AVERAGE WIND SPEED     8.8


SKY COVER
  POSSIBLE SUNSHINE  MM
  AVERAGE SKY COVER 1.0


WEATHER CONDITIONS
 THE FOLLOWING WEATHER WAS RECORDED TODAY.
  LIGHT RAIN
  FOG
  HAZE


RELATIVE HUMIDITY (PERCENT)
 HIGHEST    89          1000 AM
 LOWEST     56          1200 AM
 AVERAGE    73

..........................................................


THE DODGE CITY KS CLIMATE NORMALS FOR TOMORROW
                         NORMAL    RECORD    YEAR
 MAXIMUM TEMPERATURE (F)   68        93      2000
 MINIMUM TEMPERATURE (F)   41        20      1953


SUNRISE AND SUNSET
APRIL 17 2014.........SUNRISE   702 AM CDT   SUNSET   817 PM CDT
APRIL 18 2014.........SUNRISE   701 AM CDT   SUNSET   818 PM CDT


-  INDICATES NEGATIVE NUMBERS.
R  INDICATES RECORD WAS SET OR TIED.
MM INDICATES DATA IS MISSING.
T  INDICATES TRACE AMOUNT.




$$
