000
CDUS43 KDDC 270707
CLIDGC


CLIMATE REPORT
NATIONAL WEATHER SERVICE DODGE CITY KS
206 AM CDT MON MAR 27 2017


...................................

...THE DODGE CITY KS CLIMATE SUMMARY FOR MARCH 26 2017...

CLIMATE NORMAL PERIOD 1981 TO 2010
CLIMATE RECORD PERIOD 1875 TO 2017


WEATHER ITEM   OBSERVED TIME   RECORD YEAR NORMAL DEPARTURE LAST
                VALUE   (LST)  VALUE       VALUE  FROM      YEAR
                                                  NORMAL
..................................................................
TEMPERATURE (F)
 YESTERDAY
  MAXIMUM         53    327 PM  88    1989  61     -8       53
  MINIMUM         33    255 AM   3    1955  34     -1       34
  AVERAGE         43                        47     -4       44

PRECIPITATION (IN)
  YESTERDAY        0.02          0.98 1983   0.06  -0.04      T
  MONTH TO DATE    0.09                      1.28  -1.19     0.04
  SINCE MAR 1      0.09                      1.28  -1.19     0.04
  SINCE JAN 1      2.66                      2.54   0.12     0.63

SNOWFALL (IN)
  YESTERDAY        0.0           3.0  1941   0.2   -0.2       T
                                      1931
  MONTH TO DATE    0.0                       4.2   -4.2      0.4
  SINCE MAR 1      0.0                       4.2   -4.2      0.4
  SINCE JUL 1      5.0                      19.3  -14.3     10.4
  SNOW DEPTH       0

DEGREE DAYS
 HEATING
  YESTERDAY       22                        18      4       21
  MONTH TO DATE  389                       556   -167      432
  SINCE MAR 1    389                       556   -167      432
  SINCE JUL 1   3623                      4403   -780     3794

 COOLING
  YESTERDAY        0                         0      0        0
  MONTH TO DATE    9                         0      9        2
  SINCE MAR 1      9                         0      9        2
  SINCE JAN 1      9                         0      9        4
..................................................................


WIND (MPH)
  HIGHEST WIND SPEED    20   HIGHEST WIND DIRECTION     N (20)
  HIGHEST GUST SPEED    25   HIGHEST GUST DIRECTION     E (80)
  AVERAGE WIND SPEED    12.4


SKY COVER
  POSSIBLE SUNSHINE  MM
  AVERAGE SKY COVER 0.8


WEATHER CONDITIONS
 THE FOLLOWING WEATHER WAS RECORDED YESTERDAY.
  THUNDERSTORM
  LIGHT RAIN
  FOG
  FOG W/VISIBILITY <= 1/4 MILE
  HAZE


RELATIVE HUMIDITY (PERCENT)
 HIGHEST   100           100 AM
 LOWEST     71           400 PM
 AVERAGE    86

..........................................................


THE DODGE CITY KS CLIMATE NORMALS FOR TODAY
                         NORMAL    RECORD    YEAR
 MAXIMUM TEMPERATURE (F)   61        89      1879
 MINIMUM TEMPERATURE (F)   34         6      1931


SUNRISE AND SUNSET
MARCH 27 2017.........SUNRISE   732 AM CDT   SUNSET   758 PM CDT
MARCH 28 2017.........SUNRISE   731 AM CDT   SUNSET   759 PM CDT


-  INDICATES NEGATIVE NUMBERS.
R  INDICATES RECORD WAS SET OR TIED.
MM INDICATES DATA IS MISSING.
T  INDICATES TRACE AMOUNT.




$$
