805
CDUS43 KDDC 090714
CLIDGC


CLIMATE REPORT
NATIONAL WEATHER SERVICE DODGE CITY KS
107 AM CST TUE FEB 9 2016


...................................

...THE DODGE CITY KS CLIMATE SUMMARY FOR FEBRUARY 8 2016...

CLIMATE NORMAL PERIOD 1981 TO 2010
CLIMATE RECORD PERIOD 1875 TO 2016


WEATHER ITEM   OBSERVED TIME   RECORD YEAR NORMAL DEPARTURE LAST
                VALUE   (LST)  VALUE       VALUE  FROM      YEAR
                                                  NORMAL
..................................................................
TEMPERATURE (F)
 YESTERDAY
  MAXIMUM         43    308 PM  78    1943  47     -4       73
  MINIMUM         25    815 AM -17    1933  22      3       39
  AVERAGE         34                        34      0       56

PRECIPITATION (IN)
  YESTERDAY        0.00          0.81 2001   0.03  -0.03     0.00
  MONTH TO DATE    0.31                      0.18   0.13     0.03
  SINCE DEC 1      3.02                      1.60   1.42     1.69
  SINCE JAN 1      0.59                      0.76  -0.17     0.69

SNOWFALL (IN)
  YESTERDAY        0.0           6.3  2011   0.1   -0.1      0.0
  MONTH TO DATE    0.1                       1.2   -1.1       T
  SINCE DEC 1      8.9                      10.2   -1.3      8.3
  SINCE JUL 1     10.0                      12.4   -2.4     10.5
  SNOW DEPTH       0

DEGREE DAYS
 HEATING
  YESTERDAY       31                        31      0        9
  MONTH TO DATE  263                       251     12      207
  SINCE DEC 1   2110                      2269   -159     2094
  SINCE JUL 1   2940                      3283   -343     3092

 COOLING
  YESTERDAY        0                         0      0        0
  MONTH TO DATE    0                         0      0        0
  SINCE DEC 1      0                         0      0        0
  SINCE JAN 1      0                         0      0        0
..................................................................


WIND (MPH)
  HIGHEST WIND SPEED    36   HIGHEST WIND DIRECTION     N (350)
  HIGHEST GUST SPEED    48   HIGHEST GUST DIRECTION     N (350)
  AVERAGE WIND SPEED    19.7


SKY COVER
  POSSIBLE SUNSHINE  MM
  AVERAGE SKY COVER 0.1


WEATHER CONDITIONS
 THE FOLLOWING WEATHER WAS RECORDED YESTERDAY.
  NO SIGNIFICANT WEATHER WAS OBSERVED.


RELATIVE HUMIDITY (PERCENT)
 HIGHEST    58          1100 PM
 LOWEST     17           500 PM
 AVERAGE    38

..........................................................


THE DODGE CITY KS CLIMATE NORMALS FOR TODAY
                         NORMAL    RECORD    YEAR
 MAXIMUM TEMPERATURE (F)   47        83      1976
 MINIMUM TEMPERATURE (F)   22       -12      1929


SUNRISE AND SUNSET
FEBRUARY  9 2016......SUNRISE   737 AM CST   SUNSET   612 PM CST
FEBRUARY 10 2016......SUNRISE   736 AM CST   SUNSET   613 PM CST


-  INDICATES NEGATIVE NUMBERS.
R  INDICATES RECORD WAS SET OR TIED.
MM INDICATES DATA IS MISSING.
T  INDICATES TRACE AMOUNT.




$$
