000
CDUS43 KDDC 221010
CLIDGC


CLIMATE REPORT
NATIONAL WEATHER SERVICE DODGE CITY KS
509 AM CDT TUE APR 22 2014


...................................

...THE DODGE CITY KS CLIMATE SUMMARY FOR APRIL 21 2014...

CLIMATE NORMAL PERIOD 1981 TO 2010
CLIMATE RECORD PERIOD 1875 TO 2014


WEATHER ITEM   OBSERVED TIME   RECORD YEAR NORMAL DEPARTURE LAST
                VALUE   (LST)  VALUE       VALUE  FROM      YEAR
                                                  NORMAL
..................................................................
TEMPERATURE (F)
 YESTERDAY
  MAXIMUM         75    343 PM  93    1980  69      6       73
  MINIMUM         47   1159 PM  25    1966  42      5       40
                                      1927
  AVERAGE         61                        56      5       57

PRECIPITATION (IN)
  YESTERDAY        0.00          1.46 1928   0.07  -0.07     0.00
  MONTH TO DATE    0.46                      1.20  -0.74     0.28
  SINCE MAR 1      0.73                      2.79  -2.06     0.54
  SINCE JAN 1      1.57                      4.05  -2.48     1.92

SNOWFALL (IN)
  YESTERDAY        0.0           T    1995   0.0    0.0      0.0
  MONTH TO DATE    2.2                       1.0    1.2       T
  SINCE MAR 1      6.6                       5.9    0.7      2.1
  SINCE JUL 1     31.1                      21.0   10.1     25.5
  SNOW DEPTH       0

DEGREE DAYS
 HEATING
  YESTERDAY        4                        10     -6        8
  MONTH TO DATE  278                       275      3      389
  SINCE MAR 1   1030                       915    115     1087
  SINCE JUL 1   5187                      4762    425     4798

 COOLING
  YESTERDAY        0                         1     -1        0
  MONTH TO DATE   10                         6      4        3
  SINCE MAR 1     10                         7      3        3
  SINCE JAN 1     10                         7      3        3
..................................................................


WIND (MPH)
  HIGHEST WIND SPEED    22   HIGHEST WIND DIRECTION     N (20)
  HIGHEST GUST SPEED    29   HIGHEST GUST DIRECTION    NE (30)
  AVERAGE WIND SPEED    10.4


SKY COVER
  POSSIBLE SUNSHINE  MM
  AVERAGE SKY COVER 0.3


WEATHER CONDITIONS
 THE FOLLOWING WEATHER WAS RECORDED YESTERDAY.
  FOG
  HAZE


RELATIVE HUMIDITY (PERCENT)
 HIGHEST    93           400 AM
 LOWEST     33           500 PM
 AVERAGE    63

..........................................................


THE DODGE CITY KS CLIMATE NORMALS FOR TODAY
                         NORMAL    RECORD    YEAR
 MAXIMUM TEMPERATURE (F)   70       100      1989
 MINIMUM TEMPERATURE (F)   43        26      1892


SUNRISE AND SUNSET
APRIL 22 2014.........SUNRISE   655 AM CDT   SUNSET   822 PM CDT
APRIL 23 2014.........SUNRISE   654 AM CDT   SUNSET   823 PM CDT


-  INDICATES NEGATIVE NUMBERS.
R  INDICATES RECORD WAS SET OR TIED.
MM INDICATES DATA IS MISSING.
T  INDICATES TRACE AMOUNT.




$$
