000
CDUS43 KDDC 210707
CLIDGC


CLIMATE REPORT
NATIONAL WEATHER SERVICE DODGE CITY KS
206 AM CDT SAT OCT 21 2017


...................................

...THE DODGE CITY KS CLIMATE SUMMARY FOR OCTOBER 20 2017...

CLIMATE NORMAL PERIOD 1981 TO 2010
CLIMATE RECORD PERIOD 1875 TO 2017


WEATHER ITEM   OBSERVED TIME   RECORD YEAR NORMAL DEPARTURE LAST
                VALUE   (LST)  VALUE       VALUE  FROM      YEAR
                                                  NORMAL
..................................................................
TEMPERATURE (F)
 YESTERDAY
  MAXIMUM         79    228 PM  92    1975  68     11       64
  MINIMUM         53    523 AM  19    1905  42     11       37
  AVERAGE         66                        55     11       51

PRECIPITATION (IN)
  YESTERDAY        0.00          0.69 1920   0.06  -0.06     0.00
  MONTH TO DATE    0.37                      1.18  -0.81     0.09
  SINCE SEP 1      1.91                      2.85  -0.94     0.40
  SINCE JAN 1     25.56                     19.44   6.12    22.41

SNOWFALL (IN)
  YESTERDAY        0.0           0.3  1910   0.1   -0.1      0.0
  MONTH TO DATE    0.0                       0.2   -0.2      0.0
  SINCE SEP 1      0.0                       0.2   -0.2      0.0
  SINCE JUL 1      0.0                       0.2   -0.2      0.0
  SNOW DEPTH       0

DEGREE DAYS
 HEATING
  YESTERDAY        0                        10    -10       14
  MONTH TO DATE   85                       152    -67       95
  SINCE SEP 1    115                       213    -98      121
  SINCE JUL 1    115                       217   -102      121

 COOLING
  YESTERDAY        1                         0      1        0
  MONTH TO DATE   41                        27     14       55
  SINCE SEP 1    288                       214     74      297
  SINCE JAN 1   1520                      1460     60     1551
..................................................................


WIND (MPH)
  HIGHEST WIND SPEED    38   HIGHEST WIND DIRECTION     S (170)
  HIGHEST GUST SPEED    49   HIGHEST GUST DIRECTION     S (170)
  AVERAGE WIND SPEED    23.7


SKY COVER
  POSSIBLE SUNSHINE  MM
  AVERAGE SKY COVER 0.0


WEATHER CONDITIONS
 THE FOLLOWING WEATHER WAS RECORDED YESTERDAY.
  NO SIGNIFICANT WEATHER WAS OBSERVED.


RELATIVE HUMIDITY (PERCENT)
 HIGHEST    89           700 AM
 LOWEST     39           200 PM
 AVERAGE    64

..........................................................


THE DODGE CITY KS CLIMATE NORMALS FOR TODAY
                         NORMAL    RECORD    YEAR
 MAXIMUM TEMPERATURE (F)   68        87      2003
                                             1975
                                             1947
 MINIMUM TEMPERATURE (F)   42        23      1898


SUNRISE AND SUNSET
OCTOBER 21 2017.......SUNRISE   754 AM CDT   SUNSET   654 PM CDT
OCTOBER 22 2017.......SUNRISE   755 AM CDT   SUNSET   653 PM CDT


-  INDICATES NEGATIVE NUMBERS.
R  INDICATES RECORD WAS SET OR TIED.
MM INDICATES DATA IS MISSING.
T  INDICATES TRACE AMOUNT.




$$
