000
CXUS53 KDDC 011533
CLMDGC


CLIMATE REPORT
NATIONAL WEATHER SERVICE DODGE CITY KS
931 AM CST TUE DEC 1 2015

...................................

...THE DODGE CITY KS CLIMATE SUMMARY FOR THE MONTH OF NOVEMBER 2015...

CLIMATE NORMAL PERIOD 1981 TO 2010
CLIMATE RECORD PERIOD 1875 TO 2015

WEATHER         OBSERVED          NORMAL  DEPART  LAST YEAR`S
                 VALUE   DATE(S)  VALUE   FROM    VALUE  DATE(S)
                                          NORMAL
................................................................
TEMPERATURE (F)
RECORD
 HIGH              91   11/08/1980
 LOW              -13   11/27/1887
HIGHEST            79   11/03        55      24       80  11/10
LOWEST             20   11/27        31     -11        3  11/17
AVG. MAXIMUM     56.5              55.9     0.6     54.5
AVG. MINIMUM     32.8              30.3     2.5     25.5
MEAN             44.7              43.1     1.6     40.0
DAYS MAX >= 90      0               0.0     0.0        0
DAYS MAX <= 32      3               1.2     1.8        4
DAYS MIN <= 32     15              17.4    -2.4       22
DAYS MIN <= 0       0               0.0     0.0        0

PRECIPITATION (INCHES)
RECORD
 MAXIMUM         5.81   1909
 MINIMUM         0.00   1989
                        1966
                        1965
TOTALS           1.97              0.76    1.21     0.15
DAYS >= .01        10               4.5     5.5        3
DAYS >= .10         4               1.6     2.4        1
DAYS >= .50         2               0.4     1.6        0
DAYS >= 1.00        0               0.2    -0.2        0
GREATEST
 24 HR. TOTAL    0.71   11/16 TO 11/17           11/15 TO 11/16

SNOWFALL (INCHES)
RECORDS
 TOTAL           16.8   1929
 24 HR TOTAL       MM
 SNOW DEPTH        MM   MM
TOTALS            1.1               1.8    -0.7      2.2
SINCE 7/1         1.1               2.2    -1.1      2.2
SNOWDEPTH AVG.      0                MM      MM        0
DAYS >= 1.0         0               0.5    -0.5        1
GREATEST
 SNOW DEPTH         1   11/30                          2  11/17
                        11/29                             11/16
                        11/28
 24 HR TOTAL      0.6   11/27 TO 11/27           11/16 TO 11/16

DEGREE_DAYS
HEATING TOTAL     604               658     -54      745
 SINCE 7/1        830              1014    -184      998
COOLING TOTAL       0                 1      -1        0
 SINCE 1/1       1512              1463      49     1475
.......................................................

WIND (MPH)
AVERAGE WIND SPEED              13.7
RESULTANT WIND SPEED/DIRECTION   5/197
HIGHEST WIND SPEED/DIRECTION    43/230    DATE  11/16
HIGHEST GUST SPEED/DIRECTION    62/240    DATE  11/16

SKY COVER
POSSIBLE SUNSHINE (PERCENT)   MM
AVERAGE SKY COVER           0.30
NUMBER OF DAYS FAIR           19
NUMBER OF DAYS PC              7
NUMBER OF DAYS CLOUDY          4


WEATHER CONDITIONS. NUMBER OF DAYS WITH
THUNDERSTORM              2     MIXED PRECIP               0
HEAVY RAIN                2     RAIN                       2
LIGHT RAIN                5     FREEZING RAIN              1
LT FREEZING RAIN          4     HAIL                       0
HEAVY SNOW                0     SNOW                       1
LIGHT SNOW                5     SLEET                      0
FOG                      13     FOG W/VIS <= 1/4 MILE      2
HAZE                      2

-  INDICATES NEGATIVE NUMBERS.
R  INDICATES RECORD WAS SET OR TIED.
MM INDICATES DATA IS MISSING.
T  INDICATES TRACE AMOUNT.

$$
