000
CXUS53 KDDC 011447
CLMDGC


CLIMATE REPORT
NATIONAL WEATHER SERVICE DODGE CITY KS
846 AM CST SAT FEB 1 2014

...................................

...THE DODGE CITY KS CLIMATE SUMMARY FOR THE MONTH OF JANUARY 2014...

CLIMATE NORMAL PERIOD 1981 TO 2010
CLIMATE RECORD PERIOD 1875 TO 2014

WEATHER         OBSERVED          NORMAL  DEPART  LAST YEAR`S
                 VALUE   DATE(S)  VALUE   FROM    VALUE  DATE(S)
                                          NORMAL
................................................................
TEMPERATURE (F)
RECORD
 HIGH              80   01/31/1989
 LOW              -20   01/19/1883
HIGHEST            66   01/19        42      24       72  01/28
LOWEST            -11   01/06        18     -29        6  01/04
AVG. MAXIMUM     44.9              44.2     0.7     45.6
AVG. MINIMUM     18.4              20.1    -1.7     20.3
MEAN             31.7              32.2    -0.5     33.0
DAYS MAX >= 90      0               0.0     0.0        0
DAYS MAX <= 32      6               6.5    -0.5        7
DAYS MIN <= 32     29              28.5     0.5       29
DAYS MIN <= 0       1               0.7     0.3        0

PRECIPITATION (INCHES)
RECORD
 MAXIMUM         1.96   1949
 MINIMUM         0.00   1986
TOTALS           0.24              0.58   -0.34     0.48
DAYS >= .01         5               3.5     1.5        3
DAYS >= .10         1               1.5    -0.5        2
DAYS >= .50         0               0.3    -0.3        0
DAYS >= 1.00        0               0.0     0.0        0
GREATEST
 24 HR. TOTAL    0.13   01/04 TO 01/04           01/10 TO 01/10
                                                          01/29 TO 01/29
                                                          01/29 TO 01/29

SNOWFALL (INCHES)
RECORDS
 TOTAL           19.7   1898
 24 HR TOTAL       MM
 SNOW DEPTH        MM   MM
TOTALS            4.0               4.9    -0.9      2.2
SINCE 7/1        14.5              11.2     3.3      9.1
SNOWDEPTH AVG.      0                 2      -2        1
DAYS >= 1.0         2               1.3     0.7        1
GREATEST
 SNOW DEPTH         2   01/07                          5  01/03
                        01/06                             01/02
                        01/05                             01/01
 24 HR TOTAL      2.2   MM                       01/29 TO 01/29
                                                          01/29 TO 01/29
                                                          01/29 TO 01/29

DEGREE_DAYS
HEATING TOTAL    1027              1018       9      989
 SINCE 7/1       3135              3032     103     2848
COOLING TOTAL       0                 0       0        0
 SINCE 1/1          0                 0       0        0
..........................................................

WIND (MPH)
AVERAGE WIND SPEED              14.0
RESULTANT WIND SPEED/DIRECTION   5/310
HIGHEST WIND SPEED/DIRECTION    45/020    DATE  01/26
HIGHEST GUST SPEED/DIRECTION    56/320    DATE  01/16

SKY COVER
POSSIBLE SUNSHINE (PERCENT)   MM
AVERAGE SKY COVER           0.20
NUMBER OF DAYS FAIR           22
NUMBER OF DAYS PC              7
NUMBER OF DAYS CLOUDY          2


WEATHER CONDITIONS. NUMBER OF DAYS WITH
THUNDERSTORM              0     MIXED PRECIP               0
HEAVY RAIN                0     RAIN                       0
LIGHT RAIN                1     FREEZING RAIN              0
LT FREEZING RAIN          0     HAIL                       0
HEAVY SNOW                0     SNOW                       0
LIGHT SNOW                7     SLEET                      0
FOG                       9     FOG W/VIS <= 1/4 MILE      0
HAZE                      9

-  INDICATES NEGATIVE NUMBERS.
R  INDICATES RECORD WAS SET OR TIED.
MM INDICATES DATA IS MISSING.
T  INDICATES TRACE AMOUNT.

$$
