000
CXUS53 KDDC 011422
CLMDGC


CLIMATE REPORT
NATIONAL WEATHER SERVICE DODGE CITY KS
822 AM CST SUN DEC 1 2013

...................................

...THE DODGE CITY KS CLIMATE SUMMARY FOR THE MONTH OF NOVEMBER 2013...

CLIMATE NORMAL PERIOD 1981 TO 2010
CLIMATE RECORD PERIOD 1875 TO 2013

WEATHER         OBSERVED          NORMAL  DEPART  LAST YEAR`S
                 VALUE   DATE(S)  VALUE   FROM    VALUE  DATE(S)
                                          NORMAL
................................................................
TEMPERATURE (F)
RECORD
 HIGH              91   11/08/1980
 LOW              -13   11/27/1887
HIGHEST            73   11/16        55      18       84  11/09
LOWEST             15   11/27        31     -16       15  11/27
AVG. MAXIMUM     54.8              55.9    -1.1     64.2
AVG. MINIMUM     28.9              30.3    -1.4     30.1
MEAN             41.8              43.1    -1.3     47.1
DAYS MAX >= 90      0               0.0     0.0        0
DAYS MAX <= 32      3               1.2     1.8        0
DAYS MIN <= 32     19              17.4     1.6       15
DAYS MIN <= 0       0               0.0     0.0        0

PRECIPITATION (INCHES)
RECORD
 MAXIMUM         5.81   1909
 MINIMUM         0.00   1989
                        1966
                        1965
TOTALS           0.80              0.76    0.04     0.09
DAYS >= .01         4               4.5    -0.5        1
DAYS >= .10         2               1.6     0.4        0
DAYS >= .50         1               0.4     0.6        0
DAYS >= 1.00        0               0.2    -0.2        0
GREATEST
 24 HR. TOTAL    0.62   11/05 TO 11/05           11/10 TO 11/10
                                                          11/10 TO 11/10
                                                          11/10 TO 11/10

SNOWFALL (INCHES)
RECORDS
 TOTAL           16.8   1929
 24 HR TOTAL       MM
 SNOW DEPTH        MM   MM
TOTALS            2.3               1.8     0.5      0.0
SINCE 7/1         5.0               2.2     2.8      0.0
SNOWDEPTH AVG.      0                MM      MM        0
DAYS >= 1.0         1               0.5     0.5        0
GREATEST
 SNOW DEPTH         2   11/23                          0  MM
 24 HR TOTAL      2.1   MM                       11/10 TO 11/10
                                                          11/10 TO 11/10
                                                          11/10 TO 11/10

DEGREE_DAYS
HEATING TOTAL     688               658      30      529
 SINCE 7/1       1028              1014      14      913
COOLING TOTAL       0                 1      -1        0
 SINCE 1/1       1641              1463     178     1767
.................................................

WIND (MPH)
AVERAGE WIND SPEED              12.5
HIGHEST WIND SPEED/DIRECTION    44/180    DATE  11/03
HIGHEST GUST SPEED/DIRECTION    56/180    DATE  11/03

SKY COVER
POSSIBLE SUNSHINE (PERCENT)   MM
AVERAGE SKY COVER           0.30
NUMBER OF DAYS FAIR           22
NUMBER OF DAYS PC              1
NUMBER OF DAYS CLOUDY          7


WEATHER CONDITIONS. NUMBER OF DAYS WITH
THUNDERSTORM              0     MIXED PRECIP               0
HEAVY RAIN                1     RAIN                       1
LIGHT RAIN                2     FREEZING RAIN              0
LT FREEZING RAIN          1     HAIL                       0
HEAVY SNOW                0     SNOW                       1
LIGHT SNOW                2     SLEET                      0
FOG                       8     FOG W/VIS <= 1/4 MILE      1
HAZE                      5

-  INDICATES NEGATIVE NUMBERS.
R  INDICATES RECORD WAS SET OR TIED.
MM INDICATES DATA IS MISSING.
T  INDICATES TRACE AMOUNT.

$$
