000
CXUS53 KDDC 032022
CLMDGC


CLIMATE REPORT
NATIONAL WEATHER SERVICE DODGE CITY KS
317 PM CDT MON JUL 3 2017

...................................

...THE DODGE CITY KS CLIMATE SUMMARY FOR THE MONTH OF JUNE 2017...

CLIMATE NORMAL PERIOD 1981 TO 2010
CLIMATE RECORD PERIOD 1875 TO 2017

WEATHER         OBSERVED          NORMAL  DEPART  LAST YEAR`S
                 VALUE   DATE(S)  VALUE   FROM    VALUE  DATE(S)
                                          NORMAL
................................................................
TEMPERATURE (F)
RECORD
 HIGH             111   06/27/2012
 LOW               36   06/02/1917
HIGHEST           102   06/17        87      15      101  06/22
LOWEST             56   06/26        62      -6       50  06/05
                        06/02
AVG. MAXIMUM     88.3              86.7     1.6     89.5
AVG. MINIMUM     62.5              61.0     1.5     63.2
MEAN             75.4              73.9     1.5     76.4
DAYS MAX >= 90     15              11.4     3.6       18
DAYS MAX <= 32      0               0.0     0.0        0
DAYS MIN <= 32      0               0.0     0.0        0
DAYS MIN <= 0       0               0.0     0.0        0

PRECIPITATION (INCHES)
RECORD
 MAXIMUM        11.17   1899
 MINIMUM         0.12   1952
TOTALS           3.12              3.24   -0.12     2.71
DAYS >= .01        10               8.9     1.1       10
DAYS >= .10         6               5.8     0.2        7
DAYS >= .50         2               2.2    -0.2        2
DAYS >= 1.00        1               1.0     0.0        0
GREATEST
 24 HR. TOTAL    1.10   06/06 TO 06/06           06/23 TO 06/24

SNOWFALL (INCHES)
RECORDS
 TOTAL              T   2009
                        2006
                        2004
 24 HR TOTAL        T   06/15/2009 TO 06/15/2009
                        06/21/2006 TO 06/21/2006
 SNOW DEPTH         0   MM
TOTALS            0.0               0.0     0.0      0.0
SINCE 7/1         7.5              21.1   -13.6     10.4
SNOWDEPTH AVG.      0                MM      MM        0
DAYS >= 1.0         0               0.0     0.0        0
GREATEST
 SNOW DEPTH         0   MM                             0  MM
 24 HR TOTAL      0.0   06/30 TO 06/30           06/30 TO 06/30
                                                          06/30 TO 06/30
                                                          06/30 TO 06/30

DEGREE_DAYS
HEATING TOTAL       0                13     -13        1
 SINCE 7/1       4170              4967    -797     4340
COOLING TOTAL     321               278      43      351
 SINCE 1/1        423               387      36      409
.................................................

WIND (MPH)
AVERAGE WIND SPEED              12.3
RESULTANT WIND SPEED/DIRECTION   7/163
HIGHEST WIND SPEED/DIRECTION    49/290    DATE  06/22
HIGHEST GUST SPEED/DIRECTION    61/280    DATE  06/22

SKY COVER
POSSIBLE SUNSHINE (PERCENT)   MM
AVERAGE SKY COVER           0.20
NUMBER OF DAYS FAIR           23
NUMBER OF DAYS PC              6
NUMBER OF DAYS CLOUDY          1


WEATHER CONDITIONS. NUMBER OF DAYS WITH
THUNDERSTORM             13     MIXED PRECIP               0
HEAVY RAIN                5     RAIN                       6
LIGHT RAIN               12     FREEZING RAIN              0
LT FREEZING RAIN          0     HAIL                       0
HEAVY SNOW                0     SNOW                       0
LIGHT SNOW                0     SLEET                      0
FOG                      15     FOG W/VIS <= 1/4 MILE      1
HAZE                      6

-  INDICATES NEGATIVE NUMBERS.
R  INDICATES RECORD WAS SET OR TIED.
MM INDICATES DATA IS MISSING.
T  INDICATES TRACE AMOUNT.

$$
