000
CXUS53 KDDC 020138 CCA
CLMDGC

CLIMATE REPORT
NATIONAL WEATHER SERVICE DODGE CITY KS
832 AM CDT WED JUL 1 2015

...................................

...THE DODGE CITY KS CLIMATE SUMMARY FOR THE MONTH OF JUNE 2015...

CLIMATE NORMAL PERIOD 1981 TO 2010
CLIMATE RECORD PERIOD 1875 TO 2015

WEATHER         OBSERVED          NORMAL  DEPART  LAST YEAR`S
                 VALUE   DATE(S)  VALUE   FROM    VALUE  DATE(S)
                                          NORMAL
................................................................
TEMPERATURE (F)
RECORD
 HIGH             111   06/27/2012
 LOW               36   06/02/1917
HIGHEST           100   06/22        87      13       98  06/17
LOWEST             57   06/27        62      -5       52  06/13
                        06/01
AVG. MAXIMUM     88.8              86.7     2.1     86.2
AVG. MINIMUM     64.3              61.0     3.3     61.9
MEAN             76.6              73.9     2.7     74.1
DAYS MAX >= 90     15              11.4     3.6       12
DAYS MAX <= 32      0               0.0     0.0        0
DAYS MIN <= 32      0               0.0     0.0        0
DAYS MIN <= 0       0               0.0     0.0        0

PRECIPITATION (INCHES)
RECORD
 MAXIMUM        11.17   1899
 MINIMUM         0.12   1952
TOTALS           2.08              3.24   -1.16     9.09
DAYS >= .01         4               8.9    -4.9       13
DAYS >= .10         2               5.8    -3.8       12
DAYS >= .50         2               2.2    -0.2        7
DAYS >= 1.00        1               1.0     0.0        3
GREATEST
 24 HR. TOTAL    1.27   06/12 TO 06/12           06/22 TO 06/22
                        06/11 TO 06/12                    06/22 TO 06/23
                        06/12 TO 06/12                    06/23 TO 06/23

SNOWFALL (INCHES)
RECORDS
 TOTAL              T   2009
                        2006
                        2004
 24 HR TOTAL        T   06/15/2009 TO 06/15/2009
                        06/21/2006 TO 06/21/2006
 SNOW DEPTH         0   MM
TOTALS            0.0               0.0     0.0      0.0
SINCE 7/1        21.4              21.1     0.3     31.1
SNOWDEPTH AVG.      0                MM      MM        0
DAYS >= 1.0         0               0.0     0.0        0
GREATEST
 SNOW DEPTH         0   MM                             0  MM
 24 HR TOTAL      0.0   06/30 TO 06/30           06/30 TO 06/30
                                                          06/23 TO 06/23
                                                          06/23 TO 06/23

DEGREE_DAYS
HEATING TOTAL       0                13     -13        7
 SINCE 7/1       4655              4967    -312     5378
COOLING TOTAL     353               278      75      284
 SINCE 1/1        414               387      27      456
....................................................

WIND (MPH)
AVERAGE WIND SPEED              12.0
RESULTANT WIND SPEED/DIRECTION   7/180
HIGHEST WIND SPEED/DIRECTION    40/180    DATE  06/04
HIGHEST GUST SPEED/DIRECTION    48/170    DATE  06/04

SKY COVER
POSSIBLE SUNSHINE (PERCENT)   MM
AVERAGE SKY COVER           0.10
NUMBER OF DAYS FAIR           27
NUMBER OF DAYS PC              2
NUMBER OF DAYS CLOUDY          1


WEATHER CONDITIONS. NUMBER OF DAYS WITH
THUNDERSTORM              7     MIXED PRECIP               0
HEAVY RAIN                2     RAIN                       2
LIGHT RAIN                8     FREEZING RAIN              0
LT FREEZING RAIN          0     HAIL                       0
HEAVY SNOW                0     SNOW                       0
LIGHT SNOW                0     SLEET                      0
FOG                       9     FOG W/VIS <= 1/4 MILE      2
HAZE                      5

-  INDICATES NEGATIVE NUMBERS.
R  INDICATES RECORD WAS SET OR TIED.
MM INDICATES DATA IS MISSING.
T  INDICATES TRACE AMOUNT.

$$
