394
CXUS53 KDDC 011453
CLMDGC


CLIMATE REPORT
NATIONAL WEATHER SERVICE DODGE CITY KS
842 AM CST WED FEB 1 2017

...................................

...THE DODGE CITY KS CLIMATE SUMMARY FOR THE MONTH OF JANUARY 2017...

CLIMATE NORMAL PERIOD 1981 TO 2010
CLIMATE RECORD PERIOD 1875 TO 2017

WEATHER         OBSERVED          NORMAL  DEPART  LAST YEAR`S
                 VALUE   DATE(S)  VALUE   FROM    VALUE  DATE(S)
                                          NORMAL
................................................................
TEMPERATURE (F)
RECORD
 HIGH              80   01/27/2015
                        01/31/1989
                        59/03/2445
 LOW              -20   01/19/1883
HIGHEST            72   01/30        42      30       65  01/29
                                                          01/28
LOWEST              0   01/07        18     -18        8  01/10
AVG. MAXIMUM     45.0              44.2     0.8     45.2
AVG. MINIMUM     21.8              20.1     1.7     21.8
MEAN             33.4              32.2     1.2     33.5
DAYS MAX >= 90      0               0.0     0.0        0
DAYS MAX <= 32      8               6.5     1.5        5
DAYS MIN <= 32     30              28.5     1.5       29
DAYS MIN <= 0       1               0.7     0.3        0

PRECIPITATION (INCHES)
RECORD
 MAXIMUM         1.96   1949
 MINIMUM         0.00   1986
TOTALS           2.56R             0.58    1.98     0.28
DAYS >= .01         5               3.5     1.5        2
DAYS >= .10         4               1.5     2.5        1
DAYS >= .50         2               0.3     1.7        0
DAYS >= 1.00        1               0.0     1.0        0
GREATEST
 24 HR. TOTAL    1.70   01/15 TO 01/16           01/07 TO 01/07

SNOWFALL (INCHES)
RECORDS
 TOTAL           19.7   1898
 24 HR TOTAL     11.3   01/19/1990
 SNOW DEPTH        12   01/07/1988
TOTALS            2.7               4.9    -2.2      0.7
SINCE 7/1         5.0              11.2    -6.2      9.9
SNOWDEPTH AVG.      0                 2      -2        0
DAYS >= 1.0         1               1.3    -0.3        0
GREATEST
 SNOW DEPTH         2   01/07                          0  MM
                        01/06
 24 HR TOTAL      2.5   01/05 TO 01/05           01/07 TO 01/07

DEGREE_DAYS
HEATING TOTAL     973              1018     -45      970
 SINCE 7/1       2646              3032    -386     2677
COOLING TOTAL       0                 0       0        0
 SINCE 1/1          0                 0       0        0
........................................................

WIND (MPH)
AVERAGE WIND SPEED              11.7
RESULTANT WIND SPEED/DIRECTION   3/308
HIGHEST WIND SPEED/DIRECTION    33/320    DATE  01/29
HIGHEST GUST SPEED/DIRECTION    43/320    DATE  01/29

SKY COVER
POSSIBLE SUNSHINE (PERCENT)   MM
AVERAGE SKY COVER           0.30
NUMBER OF DAYS FAIR           21
NUMBER OF DAYS PC              5
NUMBER OF DAYS CLOUDY          5


WEATHER CONDITIONS. NUMBER OF DAYS WITH
THUNDERSTORM              0     MIXED PRECIP               0
HEAVY RAIN                0     RAIN                       0
LIGHT RAIN                2     FREEZING RAIN              3
LT FREEZING RAIN          3     HAIL                       0
HEAVY SNOW                0     SNOW                       1
LIGHT SNOW                2     SLEET                      0
FOG                      10     FOG W/VIS <= 1/4 MILE      0
HAZE                      2

-  INDICATES NEGATIVE NUMBERS.
R  INDICATES RECORD WAS SET OR TIED.
MM INDICATES DATA IS MISSING.
T  INDICATES TRACE AMOUNT.

$$
