000
CXUS53 KDDC 011251
CLMDGC


CLIMATE REPORT
NATIONAL WEATHER SERVICE DODGE CITY KS
738 AM CDT TUE OCT 1 2013

...................................

...THE DODGE CITY KS CLIMATE SUMMARY FOR THE MONTH OF SEPTEMBER 2013...

CLIMATE NORMAL PERIOD 1981 TO 2010
CLIMATE RECORD PERIOD 1875 TO 2013

WEATHER         OBSERVED          NORMAL  DEPART  LAST YEAR`S
                 VALUE   DATE(S)  VALUE   FROM    VALUE  DATE(S)
                                          NORMAL
................................................................
TEMPERATURE (F)
RECORD
 HIGH             107   09/01/2011
 LOW               29   09/22/1995
                        09/30/1985
HIGHEST           101   09/07        81      20      100  09/03
                                                          09/02
LOWEST             44   09/29        57     -13       42  09/14
AVG. MAXIMUM     85.9              82.4     3.5     83.7
AVG. MINIMUM     58.8              56.0     2.8     53.4
MEAN             72.4              69.2     3.2     68.6
DAYS MAX >= 90     12               7.6     4.4        8
DAYS MAX <= 32      0               0.0     0.0        0
DAYS MIN <= 32      0               0.1    -0.1        0
DAYS MIN <= 0       0               0.0     0.0        0

PRECIPITATION (INCHES)
RECORD
 MAXIMUM         9.26   1906
 MINIMUM         0.01   1998
                        1980
                        1947
TOTALS           1.12              1.67   -0.55     0.91
DAYS >= .01        10               5.7     4.3        6
DAYS >= .10         4               3.0     1.0        2
DAYS >= .50         0               1.1    -1.1        1
DAYS >= 1.00        0               0.5    -0.5        0
GREATEST
 24 HR. TOTAL    0.45   09/27 TO 09/28           09/27 TO 09/28

SNOWFALL (INCHES)
RECORDS
 TOTAL            1.4   1995
 24 HR TOTAL       MM
 SNOW DEPTH        MM   MM
TOTALS            0.0               0.0     0.0      0.0
SINCE 7/1         0.0               0.0     0.0      0.0
SNOWDEPTH AVG.      0                MM      MM        0
DAYS >= 1.0         0               0.0     0.0        0
GREATEST
 SNOW DEPTH         0   MM                             0  MM
 24 HR TOTAL      0.0   09/30 TO 09/30           09/30 TO 09/30


DEGREE_DAYS
HEATING TOTAL      16                61     -45       42
 SINCE 7/1         16                65     -49       42
COOLING TOTAL     246               187      59      156
 SINCE 1/1       1610              1433     177     1759
.................................................

WIND (MPH)
AVERAGE WIND SPEED              13.5
HIGHEST WIND SPEED/DIRECTION    38/290    DATE  09/23
HIGHEST GUST SPEED/DIRECTION    53/280    DATE  09/23

SKY COVER
POSSIBLE SUNSHINE (PERCENT)   MM
AVERAGE SKY COVER           0.20
NUMBER OF DAYS FAIR           22
NUMBER OF DAYS PC              6
NUMBER OF DAYS CLOUDY          2


WEATHER CONDITIONS. NUMBER OF DAYS WITH
THUNDERSTORM              7     MIXED PRECIP               0
HEAVY RAIN                3     RAIN                       5
LIGHT RAIN               11     FREEZING RAIN              0
LT FREEZING RAIN          0     HAIL                       0
HEAVY SNOW                0     SNOW                       0
LIGHT SNOW                0     SLEET                      0
FOG                       9     FOG W/VIS <= 1/4 MILE      2
HAZE                     10

-  INDICATES NEGATIVE NUMBERS.
R  INDICATES RECORD WAS SET OR TIED.
MM INDICATES DATA IS MISSING.
T  INDICATES TRACE AMOUNT.

$$
