000
CXUS53 KDDC 012019
CLMDGC


CLIMATE REPORT
NATIONAL WEATHER SERVICE DODGE CITY KS
314 PM CDT WED APR 1 2015

...................................

...THE DODGE CITY KS CLIMATE SUMMARY FOR THE MONTH OF MARCH 2015...

CLIMATE NORMAL PERIOD 1981 TO 2010
CLIMATE RECORD PERIOD 1875 TO 2015

WEATHER         OBSERVED          NORMAL  DEPART  LAST YEAR`S
                 VALUE   DATE(S)  VALUE   FROM    VALUE  DATE(S)
                                          NORMAL
................................................................
TEMPERATURE (F)
RECORD
 HIGH              98   03/19/1907
 LOW              -15   03/11/1948
HIGHEST            91   03/16        57      34       82  03/30
LOWEST             16   03/05        30     -14       -5  03/03
AVG. MAXIMUM     64.2              57.8     6.4     55.3
AVG. MINIMUM     32.9              31.0     1.9     25.6
MEAN             48.6              44.4     4.2     40.5
DAYS MAX >= 90      1               0.0     1.0        0
DAYS MAX <= 32      2               1.4     0.6        3
DAYS MIN <= 32     12              16.8    -4.8       23
DAYS MIN <= 0       0               0.1    -0.1        2

PRECIPITATION (INCHES)
RECORD
 MAXIMUM         8.84   1973
 MINIMUM         0.00   1997
                        1893
TOTALS           0.29              1.59   -1.30     0.27
DAYS >= .01         3               6.5    -3.5        4
DAYS >= .10         1               3.5    -2.5        1
DAYS >= .50         0               1.1    -1.1        0
DAYS >= 1.00        0               0.2    -0.2        0
GREATEST
 24 HR. TOTAL    0.26   03/19 TO 03/19           03/02 TO 03/02

SNOWFALL (INCHES)
RECORDS
 TOTAL           24.3   1924
 24 HR TOTAL     12.5   03/27/2009 TO 03/28/2009
 SNOW DEPTH        13   03/28/2009
TOTALS              T               4.9    -4.9      4.4
SINCE 7/1        21.4              20.0     1.4     28.9
SNOWDEPTH AVG.      0                MM      MM        0
DAYS >= 1.0         0               1.3    -1.3        1
GREATEST
 SNOW DEPTH         2   03/01                          3  03/04
                                                          03/03
 24 HR TOTAL        T   03/27 TO 03/27           03/02 TO 03/02

DEGREE_DAYS
HEATING TOTAL     504               640    -136      752
 SINCE 7/1       4252              4487    -235     4909
COOLING TOTAL       0                 1      -1        0
 SINCE 1/1          0                 1      -1        0
...................................................

WIND (MPH)
AVERAGE WIND SPEED              11.4
RESULTANT WIND SPEED/DIRECTION   0/157
HIGHEST WIND SPEED/DIRECTION    41/360    DATE  03/25
HIGHEST GUST SPEED/DIRECTION    48/020    DATE  03/25

SKY COVER
POSSIBLE SUNSHINE (PERCENT)   MM
AVERAGE SKY COVER           0.20
NUMBER OF DAYS FAIR           25
NUMBER OF DAYS PC              5
NUMBER OF DAYS CLOUDY          1


WEATHER CONDITIONS. NUMBER OF DAYS WITH
THUNDERSTORM              0     MIXED PRECIP               0
HEAVY RAIN                0     RAIN                       0
LIGHT RAIN                2     FREEZING RAIN              0
LT FREEZING RAIN          0     HAIL                       0
HEAVY SNOW                0     SNOW                       0
LIGHT SNOW                1     SLEET                      0
FOG                       8     FOG W/VIS <= 1/4 MILE      1
HAZE                      6

-  INDICATES NEGATIVE NUMBERS.
R  INDICATES RECORD WAS SET OR TIED.
MM INDICATES DATA IS MISSING.
T  INDICATES TRACE AMOUNT.

$$
