000
CXUS53 KDDC 011638
CLMDGC


CLIMATE REPORT
NATIONAL WEATHER SERVICE DODGE CITY KS
1137 AM CDT SUN SEP 1 2013

...................................

...THE DODGE CITY KS CLIMATE SUMMARY FOR THE MONTH OF AUGUST 2013...

CLIMATE NORMAL PERIOD 1981 TO 2010
CLIMATE RECORD PERIOD 1875 TO 2013

WEATHER         OBSERVED          NORMAL  DEPART  LAST YEAR`S
                 VALUE   DATE(S)  VALUE   FROM    VALUE  DATE(S)
                                          NORMAL
................................................................
TEMPERATURE (F)
RECORD
 HIGH             109   08/13/1936
                        08/12/1936
 LOW               43   08/30/1915
HIGHEST           100   08/02        91       9      107  08/01
LOWEST             56   08/10        66     -10       52  08/19
                                                          08/05
AVG. MAXIMUM     88.3              90.8    -2.5     91.3
AVG. MINIMUM     65.0              65.3    -0.3     61.1
MEAN             76.6              78.1    -1.5     76.2
DAYS MAX >= 90     16              18.4    -2.4       19
DAYS MAX <= 32      0               0.0     0.0        0
DAYS MIN <= 32      0               0.0     0.0        0
DAYS MIN <= 0       0               0.0     0.0        0

PRECIPITATION (INCHES)
RECORD
 MAXIMUM         7.44   1977
 MINIMUM         0.15   1894
TOTALS           6.92              2.75    4.17     3.24
DAYS >= .01        10               8.0     2.0        8
DAYS >= .10         8               4.8     3.2        5
DAYS >= .50         5               1.7     3.3        2
DAYS >= 1.00        3               0.6     2.4        2
GREATEST
 24 HR. TOTAL    2.35   08/12 TO 08/13           08/24 TO 08/25
                                                          08/31 TO 08/31
                                                          08/31 TO 08/31

SNOWFALL (INCHES)
RECORDS
 TOTAL              T   2005
                        2002
 24 HR TOTAL       MM
 SNOW DEPTH        MM   MM
TOTALS            0.0               0.0     0.0      0.0
SINCE 7/1         0.0               0.0     0.0      0.0
SNOWDEPTH AVG.      0                MM      MM        0
DAYS >= 1.0         0               0.0     0.0        0
GREATEST
 SNOW DEPTH         0   MM                             0  MM
 24 HR TOTAL      0.0   08/31 TO 08/31           08/31 TO 08/31
                                                          08/31 TO 08/31
                                                          08/31 TO 08/31

DEGREE_DAYS
HEATING TOTAL       0                 3      -3        0
 SINCE 7/1          0                 4      -4        0
COOLING TOTAL     371               407     -36      354
 SINCE 1/1       1364              1246     118     1603
..................................................

WIND (MPH)
AVERAGE WIND SPEED              10.8
HIGHEST WIND SPEED/DIRECTION    33/280    DATE  08/31
HIGHEST GUST SPEED/DIRECTION    44/280    DATE  08/31

SKY COVER
POSSIBLE SUNSHINE (PERCENT)   MM
AVERAGE SKY COVER           0.20
NUMBER OF DAYS FAIR           22
NUMBER OF DAYS PC              6
NUMBER OF DAYS CLOUDY          3


WEATHER CONDITIONS. NUMBER OF DAYS WITH
THUNDERSTORM              0     MIXED PRECIP               0
HEAVY RAIN                6     RAIN                      10
LIGHT RAIN               14     FREEZING RAIN              0
LT FREEZING RAIN          0     HAIL                       0
HEAVY SNOW                0     SNOW                       0
LIGHT SNOW                0     SLEET                      0
FOG                      21     FOG W/VIS <= 1/4 MILE      1
HAZE                     17

-  INDICATES NEGATIVE NUMBERS.
R  INDICATES RECORD WAS SET OR TIED.
MM INDICATES DATA IS MISSING.
T  INDICATES TRACE AMOUNT.

$$
