000
CXUS53 KDDC 031324
CLMDGC
CLIMATE REPORT
NATIONAL WEATHER SERVICE DODGE CITY, KANSAS
824 AM CDT MON APR 03 2023
...................................
...THE DODGE CITY KS CLIMATE SUMMARY FOR THE MONTH OF MARCH 2023...
CLIMATE NORMAL PERIOD 1991 TO 2020
CLIMATE RECORD PERIOD 1875 TO 2023
WEATHER OBSERVED NORMAL DEPART LAST YEAR`S
VALUE DATE(S) VALUE FROM VALUE DATE(S)
NORMAL
................................................................
TEMPERATURE (F)
RECORD
HIGH 98 03/19/1907
LOW -15 03/11/1948
HIGHEST 78 03/22 MM MM 82 03/29
LOWEST 8 03/19 MM MM 8 03/12
AVG. MAXIMUM 57.0 59.6 -2.6 59.9
AVG. MINIMUM 28.5 31.3 -2.8 27.4
MEAN 42.8 45.4 -2.6 43.7
DAYS MAX >= 90 0 0.1 -0.1 0
DAYS MAX <= 32 0 1.3 -1.3 1
DAYS MIN <= 32 19 17.3 1.7 21
DAYS MIN <= 0 0 0.2 -0.2 0
PRECIPITATION (INCHES)
RECORD
MAXIMUM 8.84 1973
MINIMUM T
TOTALS 0.23 1.35 -1.12 0.86
DAYS >= .01 4 5.6 -1.6 6
DAYS >= .10 1 2.8 -1.8 3
DAYS >= .50 0 0.8 -0.8 0
DAYS >= 1.00 0 0.3 -0.3 0
GREATEST
24 HR. TOTAL 0.14 03/23 TO 03/24 0.56 03/21 TO 03/22
SNOWFALL (INCHES)
RECORDS
TOTAL 24.3 1924
24 HR TOTAL 13.3 03/16/1924 TO 03/16/1924
SNOW DEPTH 14 03/13/1999
03/26/1957
03/25/1957
TOTALS 0.1 3.7 -3.6 3.5
SINCE 7/1 12.1 18.3 -6.2 20.0
SNOWDEPTH AVG. 0 0
DAYS >= 1.0 0 1.0 -1.0 2
GREATEST
SNOW DEPTH 0 03/31 1
24 HR TOTAL 0.1 03/16 TO 03/16 1.5
DEGREE DAYS
HEATING TOTAL 682 609 73 654
SINCE 7/1 4371 4350 21 4070
COOLING TOTAL 0 2 -2 0
SINCE 1/1 0 2 -2 0
................................................................
WIND (MPH)
AVERAGE WIND SPEED 14.3
RESULTANT WIND SPEED/DIRECTION 1/050
HIGHEST WIND SPEED/DIRECTION 47/350 DATE 03/16
HIGHEST GUST SPEED/DIRECTION 63/350 DATE 03/16
SKY COVER
POSSIBLE SUNSHINE (PERCENT) MM
AVERAGE SKY COVER 0.27
NUMBER OF DAYS FAIR 19
NUMBER OF DAYS PC 9
NUMBER OF DAYS CLOUDY 3
AVERAGE RH (PERCENT) 58
WEATHER CONDITIONS. NUMBER OF DAYS WITH
THUNDERSTORM 0 MIXED PRECIP 0
HEAVY RAIN 0 RAIN 0
LIGHT RAIN 4 FREEZING RAIN 0
LT FREEZING RAIN 0 HAIL 0
HEAVY SNOW 0 SNOW 0
LIGHT SNOW 1 SLEET 0
FOG 13 FOG W/VIS <= 1/4 MILE 3
HAZE 12
- INDICATES NEGATIVE NUMBERS.
R INDICATES RECORD WAS SET OR TIED.
MM INDICATES DATA IS MISSING.
T INDICATES TRACE AMOUNT.
$$