000
CXUS53 KDDC 011321
CLMDGC


CLIMATE REPORT
NATIONAL WEATHER SERVICE DODGE CITY KS
821 AM CDT TUE JUL 1 2014

...................................

...THE DODGE CITY KS CLIMATE SUMMARY FOR THE MONTH OF JUNE 2014...

CLIMATE NORMAL PERIOD 1981 TO 2010
CLIMATE RECORD PERIOD 1875 TO 2014

WEATHER         OBSERVED          NORMAL  DEPART  LAST YEAR`S
                 VALUE   DATE(S)  VALUE   FROM    VALUE  DATE(S)
                                          NORMAL
................................................................
TEMPERATURE (F)
RECORD
 HIGH             111   06/27/2012
 LOW               36   06/02/1917
HIGHEST            98   06/17        87      11      107  06/27
LOWEST             52   06/13        62     -10       41  06/02
AVG. MAXIMUM     86.2              86.7    -0.5     92.3
AVG. MINIMUM     61.9              61.0     0.9     62.3
MEAN             74.1              73.9     0.2     77.3
DAYS MAX >= 90     12              11.4     0.6       19
DAYS MAX <= 32      0               0.0     0.0        0
DAYS MIN <= 32      0               0.0     0.0        0
DAYS MIN <= 0       0               0.0     0.0        0

PRECIPITATION (INCHES)
RECORD
 MAXIMUM        11.17   1899
 MINIMUM         0.12   1952
TOTALS           9.09              3.24    5.85     2.61
DAYS >= .01        13               8.9     4.1        8
DAYS >= .10        12               5.8     6.2        6
DAYS >= .50         7               2.2     4.8        2
DAYS >= 1.00        3               1.0     2.0        0
GREATEST
 24 HR. TOTAL    1.77   06/22 TO 06/22           06/15 TO 06/16
                        06/22 TO 06/23                    06/30 TO 06/30
                                                          06/30 TO 06/30

SNOWFALL (INCHES)
RECORDS
 TOTAL              T   2009
                        2006
                        2004
 24 HR TOTAL        T   06/15/2009 TO 06/15/2009
                        06/21/2006 TO 06/21/2006
 SNOW DEPTH         0   MM
TOTALS            0.0               0.0     0.0      0.0
SINCE 7/1        31.1              21.1    10.0     26.7
SNOWDEPTH AVG.      0                MM      MM        0
DAYS >= 1.0         0               0.0     0.0        0
GREATEST
 SNOW DEPTH         0   MM                             0  MM
 24 HR TOTAL      0.0   06/30 TO 06/30           06/30 TO 06/30
                                                          06/30 TO 06/30
                                                          06/30 TO 06/30

DEGREE_DAYS
HEATING TOTAL       7                13      -6       12
 SINCE 7/1       5378              4967     411     5045
COOLING TOTAL     284               278       6      388
 SINCE 1/1        456               387      69      550
.................................................

WIND (MPH)
AVERAGE WIND SPEED              14.6
RESULTANT WIND SPEED/DIRECTION   7/168
HIGHEST WIND SPEED/DIRECTION    52/270    DATE  06/01
HIGHEST GUST SPEED/DIRECTION    66/260    DATE  06/01

SKY COVER
POSSIBLE SUNSHINE (PERCENT)   MM
AVERAGE SKY COVER           0.20
NUMBER OF DAYS FAIR           22
NUMBER OF DAYS PC              6
NUMBER OF DAYS CLOUDY          2


WEATHER CONDITIONS. NUMBER OF DAYS WITH
THUNDERSTORM              0     MIXED PRECIP               0
HEAVY RAIN               11     RAIN                       9
LIGHT RAIN               15     FREEZING RAIN              0
LT FREEZING RAIN          0     HAIL                       0
HEAVY SNOW                0     SNOW                       0
LIGHT SNOW                0     SLEET                      0
FOG                      20     FOG W/VIS <= 1/4 MILE      2
HAZE                      7

-  INDICATES NEGATIVE NUMBERS.
R  INDICATES RECORD WAS SET OR TIED.
MM INDICATES DATA IS MISSING.
T  INDICATES TRACE AMOUNT.

$$
