000
CXUS53 KDDC 011357
CLMDGC


CLIMATE REPORT
NATIONAL WEATHER SERVICE DODGE CITY KS
852 AM CDT SAT AUG 1 2015

...................................

...THE DODGE CITY KS CLIMATE SUMMARY FOR THE MONTH OF JULY 2015...

CLIMATE NORMAL PERIOD 1981 TO 2010
CLIMATE RECORD PERIOD 1875 TO 2015

WEATHER         OBSERVED          NORMAL  DEPART  LAST YEAR`S
                 VALUE   DATE(S)  VALUE   FROM    VALUE  DATE(S)
                                          NORMAL
................................................................
TEMPERATURE (F)
RECORD
 HIGH             109   07/27/2011
                        07/29/1986
                        07/08/1978
 LOW               46   07/13/1990
                        07/10/1905
HIGHEST           106   07/13        93      13      102  07/26
                                                          07/25
LOWEST             49   07/08        68     -19       53  07/15
AVG. MAXIMUM     91.8              92.8    -1.0     86.8
AVG. MINIMUM     66.4              66.3     0.1     64.0
MEAN             79.1              79.6    -0.5     75.4
DAYS MAX >= 90     19              20.9    -1.9       14
DAYS MAX <= 32      0               0.0     0.0        0
DAYS MIN <= 32      0               0.0     0.0        0
DAYS MIN <= 0       0               0.0     0.0        0

PRECIPITATION (INCHES)
RECORD
 MAXIMUM         9.13   1962
 MINIMUM         0.09   1916
TOTALS           2.14              3.08   -0.94     3.01
DAYS >= .01         9               8.2     0.8        7
DAYS >= .10         6               5.2     0.8        5
DAYS >= .50         1               2.1    -1.1        2
DAYS >= 1.00        0               0.6    -0.6        2
GREATEST
 24 HR. TOTAL    0.64   07/29 TO 07/29           07/30 TO 07/30

SNOWFALL (INCHES)
RECORDS
 TOTAL              T   2006
                        2004
 24 HR TOTAL       MM
 SNOW DEPTH        MM   MM
TOTALS            0.0               0.0     0.0      0.0
SINCE 7/1         0.0               0.0     0.0      0.0
SNOWDEPTH AVG.      0                MM      MM        0
DAYS >= 1.0         0               0.0     0.0        0
GREATEST
 SNOW DEPTH         0   MM                             0  MM
 24 HR TOTAL      0.0   07/31 TO 07/31           07/31 TO 07/31

DEGREE_DAYS
HEATING TOTAL       1                 1       0       13
 SINCE 7/1          1                 1       0       13
COOLING TOTAL     446               452      -6      344
 SINCE 1/1        860               839      21      800
..................................................

WIND (MPH)
AVERAGE WIND SPEED              11.2
RESULTANT WIND SPEED/DIRECTION   5/160
HIGHEST WIND SPEED/DIRECTION    41/360    DATE  07/25
HIGHEST GUST SPEED/DIRECTION    51/010    DATE  07/25

SKY COVER
POSSIBLE SUNSHINE (PERCENT)   MM
AVERAGE SKY COVER           0.20
NUMBER OF DAYS FAIR           24
NUMBER OF DAYS PC              6
NUMBER OF DAYS CLOUDY          1


WEATHER CONDITIONS. NUMBER OF DAYS WITH
THUNDERSTORM             13     MIXED PRECIP               0
HEAVY RAIN                4     RAIN                       6
LIGHT RAIN               11     FREEZING RAIN              0
LT FREEZING RAIN          0     HAIL                       0
HEAVY SNOW                0     SNOW                       0
LIGHT SNOW                0     SLEET                      0
FOG                      15     FOG W/VIS <= 1/4 MILE      1
HAZE                      7

-  INDICATES NEGATIVE NUMBERS.
R  INDICATES RECORD WAS SET OR TIED.
MM INDICATES DATA IS MISSING.
T  INDICATES TRACE AMOUNT.

$$
