000
CXUS53 KDDC 011533
CLMDGC
CLIMATE REPORT
NATIONAL WEATHER SERVICE DODGE CITY, KANSAS
933 AM CST FRI DEC 01 2023
...................................
...THE DODGE CITY KS CLIMATE SUMMARY FOR THE MONTH OF NOVEMBER 2023...
CLIMATE NORMAL PERIOD 1991 TO 2020
CLIMATE RECORD PERIOD 1875 TO 2023
WEATHER OBSERVED NORMAL DEPART LAST YEAR`S
VALUE DATE(S) VALUE FROM VALUE DATE(S)
NORMAL
................................................................
TEMPERATURE (F)
RECORD
HIGH 91 11/08/1980
LOW -13 11/27/1887
HIGHEST 84 11/07 MM MM 78 11/01
11/02
LOWEST 15 11/26 MM MM 11 11/12
11/30
AVG. MAXIMUM 61.5 57.1 4.4 55.1
AVG. MINIMUM 32.4 30.2 2.2 28.0
MEAN 47.0 43.7 3.3 41.6
DAYS MAX >= 90 0 0.0 0.0 0
DAYS MAX <= 32 2 1.3 0.7 1
DAYS MIN <= 32 14 17.9 -3.9 22
DAYS MIN <= 0 0 0.0 0.0 0
PRECIPITATION (INCHES)
RECORD
MAXIMUM 5.81 1909
MINIMUM T
TOTALS 0.48 0.80 -0.32 0.30
DAYS >= .01 4 4.3 -0.3 5
DAYS >= .10 1 1.7 -0.7 1
DAYS >= .50 0 0.5 -0.5 0
DAYS >= 1.00 0 0.2 -0.2 0
GREATEST
24 HR. TOTAL 0.36 11/25 TO 11/25 0.11 11/14 TO 11/14
SNOWFALL (INCHES)
RECORDS
TOTAL 16.8 1929
24 HR TOTAL 12.1 11/24/1992 TO 11/24/1992
SNOW DEPTH 14 11/26/1992
11/25/1992
TOTALS 5.5 1.4 4.1 1.9
SINCE 7/1 5.5 2.0 3.5 1.9
SNOWDEPTH AVG. 0 0
DAYS >= 1.0 1 0.4 0.6 1
GREATEST
SNOW DEPTH 5 11/26 2
24 HR TOTAL 5.3 11/25 TO 11/25 1.9
DEGREE DAYS
HEATING TOTAL 535 641 -106 698
SINCE 7/1 828 982 -153 938
COOLING TOTAL 0 1 -1 3
SINCE 1/1 1594 1547 47 1998
................................................................
WIND (MPH)
AVERAGE WIND SPEED 11.3
RESULTANT WIND SPEED/DIRECTION 1/220
HIGHEST WIND SPEED/DIRECTION 30/360 DATE 11/21
HIGHEST GUST SPEED/DIRECTION 40/350 DATE 11/21
SKY COVER
POSSIBLE SUNSHINE (PERCENT) MM
AVERAGE SKY COVER 0.21
NUMBER OF DAYS FAIR 23
NUMBER OF DAYS PC 3
NUMBER OF DAYS CLOUDY 4
AVERAGE RH (PERCENT) 60
WEATHER CONDITIONS. NUMBER OF DAYS WITH
THUNDERSTORM 0 MIXED PRECIP 0
HEAVY RAIN 0 RAIN 0
LIGHT RAIN 2 FREEZING RAIN 0
LT FREEZING RAIN 0 HAIL 0
HEAVY SNOW 0 SNOW 1
LIGHT SNOW 2 SLEET 0
FOG 10 FOG W/VIS <= 1/4 MILE 5
HAZE 11
- INDICATES NEGATIVE NUMBERS.
R INDICATES RECORD WAS SET OR TIED.
MM INDICATES DATA IS MISSING.
T INDICATES TRACE AMOUNT.
$$