962
CXUS53 KDDC 012210
CLMDGC


CLIMATE REPORT
NATIONAL WEATHER SERVICE DODGE CITY KS
457 PM CDT WED JUN 1 2016

...................................

...THE DODGE CITY KS CLIMATE SUMMARY FOR THE MONTH OF MAY 2016...

CLIMATE NORMAL PERIOD 1981 TO 2010
CLIMATE RECORD PERIOD 1875 TO 2016

WEATHER         OBSERVED          NORMAL  DEPART  LAST YEAR`S
                 VALUE   DATE(S)  VALUE   FROM    VALUE  DATE(S)
                                          NORMAL
................................................................
TEMPERATURE (F)
RECORD
 HIGH             106   05/29/2011
 LOW               19   05/01/1909
HIGHEST            85   05/25        76       9       89  05/03
LOWEST             35   05/02        52     -17       38  05/12
                                                          05/11
AVG. MAXIMUM     72.9              76.9    -4.0     72.1
AVG. MINIMUM     49.1              51.5    -2.4     51.0
MEAN             61.0              64.2    -3.2     61.5
DAYS MAX >= 90      0               2.9    -2.9        0
DAYS MAX <= 32      0               0.0     0.0        0
DAYS MIN <= 32      0               0.1    -0.1        0
DAYS MIN <= 0       0               0.0     0.0        0

PRECIPITATION (INCHES)
RECORD
 MAXIMUM        12.82   1881
 MINIMUM         0.25   2004
TOTALS           2.41              2.85   -0.44    10.33
DAYS >= .01         8               8.9    -0.9       15
DAYS >= .10         4               5.1    -1.1       12
DAYS >= .50         2               2.0     0.0        9
DAYS >= 1.00        1               0.6     0.4        5
GREATEST
 24 HR. TOTAL    1.13   05/24 TO 05/24           05/24 TO 05/25

SNOWFALL (INCHES)
RECORDS
 TOTAL            1.0   2013
 24 HR TOTAL      1.0   05/02/2013
 SNOW DEPTH         1   05/02/2013
TOTALS            0.0               0.0     0.0      0.0
SINCE 7/1        10.4              21.1   -10.7     21.4
SNOWDEPTH AVG.      0                MM      MM        0
DAYS >= 1.0         0               0.0     0.0        0
GREATEST
 SNOW DEPTH         0   MM                             0  MM
 24 HR TOTAL      0.0   05/31 TO 05/31           05/31 TO 05/31

DEGREE_DAYS
HEATING TOTAL     162               115      47      146
 SINCE 7/1       4339              4954    -615     4655
COOLING TOTAL      47                90     -43       46
 SINCE 1/1         58               109     -51       61
..................................................

WIND (MPH)
AVERAGE WIND SPEED              12.8
RESULTANT WIND SPEED/DIRECTION   4/149
HIGHEST WIND SPEED/DIRECTION    46/310    DATE  05/10
HIGHEST GUST SPEED/DIRECTION    59/320    DATE  05/10

SKY COVER
POSSIBLE SUNSHINE (PERCENT)   MM
AVERAGE SKY COVER           0.40
NUMBER OF DAYS FAIR           20
NUMBER OF DAYS PC              6
NUMBER OF DAYS CLOUDY          5


WEATHER CONDITIONS. NUMBER OF DAYS WITH
THUNDERSTORM              8     MIXED PRECIP               0
HEAVY RAIN                4     RAIN                       4
LIGHT RAIN               10     FREEZING RAIN              0
LT FREEZING RAIN          0     HAIL                       0
HEAVY SNOW                0     SNOW                       0
LIGHT SNOW                0     SLEET                      0
FOG                      13     FOG W/VIS <= 1/4 MILE      2
HAZE                      4

-  INDICATES NEGATIVE NUMBERS.
R  INDICATES RECORD WAS SET OR TIED.
MM INDICATES DATA IS MISSING.
T  INDICATES TRACE AMOUNT.

$$
