000
CXUS53 KDDC 011447
CLMDGC


CLIMATE REPORT
NATIONAL WEATHER SERVICE DODGE CITY KS
846 AM CST WED MAR 1 2017

...................................

...THE DODGE CITY KS CLIMATE SUMMARY FOR THE MONTH OF FEBRUARY 2017...

CLIMATE NORMAL PERIOD 1981 TO 2010
CLIMATE RECORD PERIOD 1875 TO 2017

WEATHER         OBSERVED          NORMAL  DEPART  LAST YEAR`S
                 VALUE   DATE(S)  VALUE   FROM    VALUE  DATE(S)
                                          NORMAL
................................................................
TEMPERATURE (F)
RECORD
 HIGH              88   02/18/2016
 LOW              -26   02/12/1899
HIGHEST            87   02/10        47      40       88  02/18
LOWEST              9   02/25        23     -14       15  02/04
AVG. MAXIMUM     60.3              48.4    11.9     55.9
AVG. MINIMUM     27.1              23.4     3.7     26.6
MEAN             43.7              35.9     7.8     41.3
DAYS MAX >= 90      0               0.0     0.0        0
DAYS MAX <= 32      1               4.0    -3.0        2
DAYS MIN <= 32     19              22.7    -3.7       26
DAYS MIN <= 0       0               0.8    -0.8        0

PRECIPITATION (INCHES)
RECORD
 MAXIMUM         2.94   1911
 MINIMUM         0.00   1991
                        1896
                        1880
TOTALS           0.01              0.68   -0.67     0.31
DAYS >= .01         1               4.8    -3.8        2
DAYS >= .10         0               2.1    -2.1        1
DAYS >= .50         0               0.2    -0.2        0
DAYS >= 1.00        0               0.0     0.0        0
GREATEST
 24 HR. TOTAL    0.01   02/14 TO 02/14           02/01 TO 02/02
                        02/13 TO 02/14                    02/01 TO 02/01
                        02/14 TO 02/14                    02/01 TO 02/01

SNOWFALL (INCHES)
RECORDS
 TOTAL           27.7   1903
 24 HR TOTAL       MM
 SNOW DEPTH        MM   MM
TOTALS            0.0               3.9    -3.9      0.1
SINCE 7/1         5.0              15.1   -10.1     10.0
SNOWDEPTH AVG.      0                MM      MM        0
DAYS >= 1.0         0               1.1    -1.1        0
GREATEST
 SNOW DEPTH         0   MM                            -1  02/02
 24 HR TOTAL      0.0   02/27 TO 02/27           02/01 TO 02/01
                                                          02/01 TO 02/01
                                                          02/01 TO 02/01

DEGREE_DAYS
HEATING TOTAL     588               815    -227      685
 SINCE 7/1       3234              3847    -613     3362
COOLING TOTAL       0                 0       0        2
 SINCE 1/1          0                 0       0        2
..................................................

WIND (MPH)
AVERAGE WIND SPEED              11.7
RESULTANT WIND SPEED/DIRECTION   1/228
HIGHEST WIND SPEED/DIRECTION    41/350    DATE  02/23
HIGHEST GUST SPEED/DIRECTION    55/360    DATE  02/23

SKY COVER
POSSIBLE SUNSHINE (PERCENT)   MM
AVERAGE SKY COVER           0.20
NUMBER OF DAYS FAIR           21
NUMBER OF DAYS PC              6
NUMBER OF DAYS CLOUDY          1


WEATHER CONDITIONS. NUMBER OF DAYS WITH
THUNDERSTORM              0     MIXED PRECIP               0
HEAVY RAIN                0     RAIN                       0
LIGHT RAIN                2     FREEZING RAIN              0
LT FREEZING RAIN          0     HAIL                       0
HEAVY SNOW                0     SNOW                       0
LIGHT SNOW                0     SLEET                      0
FOG                       3     FOG W/VIS <= 1/4 MILE      3
HAZE                      5

-  INDICATES NEGATIVE NUMBERS.
R  INDICATES RECORD WAS SET OR TIED.
MM INDICATES DATA IS MISSING.
T  INDICATES TRACE AMOUNT.

$$
