000
CXUS53 KDDC 011538
CLMDGC


CLIMATE REPORT
NATIONAL WEATHER SERVICE DODGE CITY KS
1030 AM CDT SAT APR 1 2017

...................................

...THE DODGE CITY KS CLIMATE SUMMARY FOR THE MONTH OF MARCH 2017...

CLIMATE NORMAL PERIOD 1981 TO 2010
CLIMATE RECORD PERIOD 1875 TO 2017

WEATHER         OBSERVED          NORMAL  DEPART  LAST YEAR`S
                 VALUE   DATE(S)  VALUE   FROM    VALUE  DATE(S)
                                          NORMAL
................................................................
TEMPERATURE (F)
RECORD
 HIGH              98   03/19/1907
 LOW              -15   03/11/1948
HIGHEST            94   03/19        57      37       85  03/22
LOWEST             17   03/02        30     -13       12  03/20
AVG. MAXIMUM     64.8              57.8     7.0     64.3
AVG. MINIMUM     34.1              31.0     3.1     32.6
MEAN             49.5              44.4     5.1     48.5
DAYS MAX >= 90      1               0.0     1.0        0
DAYS MAX <= 32      0               1.4    -1.4        0
DAYS MIN <= 32     14              16.8    -2.8       16
DAYS MIN <= 0       0               0.1    -0.1        0

PRECIPITATION (INCHES)
RECORD
 MAXIMUM         8.84   1973
 MINIMUM         0.00   1997
                        1893
TOTALS           2.58              1.59    0.99     0.04
DAYS >= .01         4               6.5    -2.5        2
DAYS >= .10         2               3.5    -1.5        0
DAYS >= .50         2               1.1     0.9        0
DAYS >= 1.00        2               0.2     1.8        0
GREATEST
 24 HR. TOTAL    1.34   03/28 TO 03/28           03/18 TO 03/18

SNOWFALL (INCHES)
RECORDS
 TOTAL           24.3   1924
 24 HR TOTAL     12.5   03/27/2009 TO 03/28/2009
 SNOW DEPTH        13   03/28/2009
TOTALS            0.0               4.9    -4.9      0.4
SINCE 7/1         5.0              20.0   -15.0     10.4
SNOWDEPTH AVG.      0                MM      MM        0
DAYS >= 1.0         0               1.3    -1.3        0
GREATEST
 SNOW DEPTH         0   MM                             0  MM
 24 HR TOTAL      0.0   03/31 TO 03/31           03/18 TO 03/18

DEGREE_DAYS
HEATING TOTAL     484               640    -156      506
 SINCE 7/1       3718              4487    -769     3868
COOLING TOTAL       9                 1       8        2
 SINCE 1/1          9                 1       8        4
.........................................................

WIND (MPH)
AVERAGE WIND SPEED              14.2
RESULTANT WIND SPEED/DIRECTION   2/129
HIGHEST WIND SPEED/DIRECTION    54/180    DATE  03/23
HIGHEST GUST SPEED/DIRECTION    68/170    DATE  03/23

SKY COVER
POSSIBLE SUNSHINE (PERCENT)   MM
AVERAGE SKY COVER           0.30
NUMBER OF DAYS FAIR           18
NUMBER OF DAYS PC             10
NUMBER OF DAYS CLOUDY          3


WEATHER CONDITIONS. NUMBER OF DAYS WITH
THUNDERSTORM              3     MIXED PRECIP               0
HEAVY RAIN                2     RAIN                       2
LIGHT RAIN                7     FREEZING RAIN              0
LT FREEZING RAIN          0     HAIL                       0
HEAVY SNOW                0     SNOW                       0
LIGHT SNOW                0     SLEET                      0
FOG                      11     FOG W/VIS <= 1/4 MILE      3
HAZE                     10

-  INDICATES NEGATIVE NUMBERS.
R  INDICATES RECORD WAS SET OR TIED.
MM INDICATES DATA IS MISSING.
T  INDICATES TRACE AMOUNT.

$$
