000
CXUS53 KDDC 011240
CLMDGC


CLIMATE REPORT
NATIONAL WEATHER SERVICE DODGE CITY KS
638 AM CST MON FEB 1 2016

...................................

...THE DODGE CITY KS CLIMATE SUMMARY FOR THE MONTH OF JANUARY 2016...

CLIMATE NORMAL PERIOD 1981 TO 2010
CLIMATE RECORD PERIOD 1875 TO 2016

WEATHER         OBSERVED          NORMAL  DEPART  LAST YEAR`S
                 VALUE   DATE(S)  VALUE   FROM    VALUE  DATE(S)
                                          NORMAL
................................................................
TEMPERATURE (F)
RECORD
 HIGH              80   01/27/2015
                        01/31/1989
                        59/03/2445
 LOW              -20   01/19/1883
HIGHEST            65   01/29        42      23       80  01/27
                        01/28
LOWEST              8   01/10        18     -10        2  01/04
AVG. MAXIMUM     45.2              44.2     1.0     46.1
AVG. MINIMUM     21.8              20.1     1.7     21.6
MEAN             33.5              32.2     1.3     33.9
DAYS MAX >= 90      0               0.0     0.0        0
DAYS MAX <= 32      5               6.5    -1.5        7
DAYS MIN <= 32     29              28.5     0.5       28
DAYS MIN <= 0       0               0.7    -0.7        0

PRECIPITATION (INCHES)
RECORD
 MAXIMUM         1.96   1949
 MINIMUM         0.00   1986
TOTALS           0.28              0.58   -0.30     0.66
DAYS >= .01         2               3.5    -1.5        4
DAYS >= .10         1               1.5    -0.5        3
DAYS >= .50         0               0.3    -0.3        0
DAYS >= 1.00        0               0.0     0.0        0
GREATEST
 24 HR. TOTAL    0.25   01/07 TO 01/07           01/30 TO 01/31
                                                          01/03 TO 01/03
                                                          01/03 TO 01/03

SNOWFALL (INCHES)
RECORDS
 TOTAL           19.7   1898
 24 HR TOTAL       MM
 SNOW DEPTH        MM   MM
TOTALS            0.7               4.9    -4.2      4.5
SINCE 7/1         9.9              11.2    -1.3     10.5
SNOWDEPTH AVG.      0                 2      -2        0
DAYS >= 1.0         0               1.3    -1.3        2
GREATEST
 SNOW DEPTH         0   MM                             2  01/05
                                                          01/04
                                                          01/01
 24 HR TOTAL      0.6   MM                       01/03 TO 01/03
                                                          01/03 TO 01/03
                                                          01/03 TO 01/03

DEGREE_DAYS
HEATING TOTAL     970              1018     -48      955
 SINCE 7/1       2677              3032    -355     2885
COOLING TOTAL       0                 0       0        0
 SINCE 1/1          0                 0       0        0
....................................................

WIND (MPH)
AVERAGE WIND SPEED              11.4
RESULTANT WIND SPEED/DIRECTION   3/277
HIGHEST WIND SPEED/DIRECTION    32/350    DATE  01/29
HIGHEST GUST SPEED/DIRECTION    43/350    DATE  01/31

SKY COVER
POSSIBLE SUNSHINE (PERCENT)   MM
AVERAGE SKY COVER           0.30
NUMBER OF DAYS FAIR           18
NUMBER OF DAYS PC              7
NUMBER OF DAYS CLOUDY          6


WEATHER CONDITIONS. NUMBER OF DAYS WITH
THUNDERSTORM              0     MIXED PRECIP               0
HEAVY RAIN                0     RAIN                       1
LIGHT RAIN                2     FREEZING RAIN              0
LT FREEZING RAIN          0     HAIL                       0
HEAVY SNOW                0     SNOW                       0
LIGHT SNOW                5     SLEET                      0
FOG                      17     FOG W/VIS <= 1/4 MILE      6
HAZE                      8

-  INDICATES NEGATIVE NUMBERS.
R  INDICATES RECORD WAS SET OR TIED.
MM INDICATES DATA IS MISSING.
T  INDICATES TRACE AMOUNT.

$$
