000
CXUS53 KDDC 011459
CLMDGC
CLIMATE REPORT
NATIONAL WEATHER SERVICE DODGE CITY, KANSAS
959 AM CDT TUE AUG 01 2023
...................................
...THE DODGE CITY KS CLIMATE SUMMARY FOR THE MONTH OF JULY 2023...
CLIMATE NORMAL PERIOD 1991 TO 2020
CLIMATE RECORD PERIOD 1875 TO 2023
WEATHER OBSERVED NORMAL DEPART LAST YEAR`S
VALUE DATE(S) VALUE FROM VALUE DATE(S)
NORMAL
................................................................
TEMPERATURE (F)
RECORD
HIGH 109 07/27/2011
07/29/1986
07/08/1978
LOW 18 07/17/2020
HIGHEST 103 07/17 MM MM 109 07/15
07/18
07/16
07/19
LOWEST 56 07/09 MM MM 59 07/30
AVG. MAXIMUM 91.5 93.7 -2.2 98.3
AVG. MINIMUM 66.4 66.4 -0.0 69.7
MEAN 79.0 80.1 -1.1 84.0
DAYS MAX >= 90 22 21.7 0.3 27
DAYS MAX <= 32 0 0.0 0.0 0
DAYS MIN <= 32 0 0.0 0.0 0
DAYS MIN <= 0 0 0.0 0.0 0
PRECIPITATION (INCHES)
RECORD
MAXIMUM 9.13 1962
MINIMUM 0.09
TOTALS 5.87 3.08 2.79 3.70
DAYS >= .01 10 8.3 1.7 6
DAYS >= .10 7 5.3 1.7 4
DAYS >= .50 4 2.1 1.9 2
DAYS >= 1.00 1 0.6 0.4 2
GREATEST
24 HR. TOTAL 3.27 07/20 TO 07/21 2.14 07/29 TO 07/30
SNOWFALL (INCHES)
RECORDS
TOTAL 0.0 2018
24 HR TOTAL 0.0 07/31/2018 TO 07/31/2018
07/31/2017 TO 07/31/2017
07/31/2016 TO 07/31/2016
SNOW DEPTH 0 07/31/2018
07/31/2017
07/31/2016
TOTALS 0.0 0.0 0.0 0.0
SINCE 7/1 0.0 0.0 0.0 0.0
SNOWDEPTH AVG. 0 0
DAYS >= 1.0 0 0.0 0.0 0
GREATEST
SNOW DEPTH 0 07/31 0
24 HR TOTAL 0.0 07/31 TO 07/31 0.0
DEGREE DAYS
HEATING TOTAL 0 1 -1 0
SINCE 7/1 0 0 0 0
COOLING TOTAL 440 467 -27 598
SINCE 1/1 803 906 -103 1195
................................................................
WIND (MPH)
AVERAGE WIND SPEED 9.5
RESULTANT WIND SPEED/DIRECTION 4/170
HIGHEST WIND SPEED/DIRECTION 45/340 DATE 07/20
HIGHEST GUST SPEED/DIRECTION 70/350 DATE 07/20
SKY COVER
POSSIBLE SUNSHINE (PERCENT) MM
AVERAGE SKY COVER 0.19
NUMBER OF DAYS FAIR 24
NUMBER OF DAYS PC 7
NUMBER OF DAYS CLOUDY 0
AVERAGE RH (PERCENT) 65
WEATHER CONDITIONS. NUMBER OF DAYS WITH
THUNDERSTORM 13 MIXED PRECIP 0
HEAVY RAIN 5 RAIN 5
LIGHT RAIN 15 FREEZING RAIN 0
LT FREEZING RAIN 0 HAIL 0
HEAVY SNOW 0 SNOW 0
LIGHT SNOW 0 SLEET 0
FOG 22 FOG W/VIS <= 1/4 MILE 3
HAZE 20
- INDICATES NEGATIVE NUMBERS.
R INDICATES RECORD WAS SET OR TIED.
MM INDICATES DATA IS MISSING.
T INDICATES TRACE AMOUNT.
$$