000
CXUS53 KDDC 011404
CLMDGC


CLIMATE REPORT
NATIONAL WEATHER SERVICE DODGE CITY KS
804 AM CST SUN MAR 1 2015

...................................

...THE DODGE CITY KS CLIMATE SUMMARY FOR THE MONTH OF FEBRUARY 2015...

CLIMATE NORMAL PERIOD 1981 TO 2010
CLIMATE RECORD PERIOD 1875 TO 2015

WEATHER         OBSERVED          NORMAL  DEPART  LAST YEAR`S
                 VALUE   DATE(S)  VALUE   FROM    VALUE  DATE(S)
                                          NORMAL
................................................................
TEMPERATURE (F)
RECORD
 HIGH              86   02/01/1963
 LOW              -26   02/12/1899
HIGHEST            79   02/07        47      32       73  02/18
LOWEST              6   02/24        23     -17       -3  02/05
AVG. MAXIMUM     48.0              48.4    -0.4     39.2
AVG. MINIMUM     19.9              23.4    -3.5     17.1
MEAN             34.0              35.9    -1.9     28.2
DAYS MAX >= 90      0               0.0     0.0        0
DAYS MAX <= 32      6               4.0     2.0       12
DAYS MIN <= 32     27              22.7     4.3       27
DAYS MIN <= 0       0               0.8    -0.8        1

PRECIPITATION (INCHES)
RECORD
 MAXIMUM         2.94   1911
 MINIMUM         0.00   1991
                        1896
                        1880
TOTALS           0.64              0.68   -0.04     0.60
DAYS >= .01         8               4.8     3.2        5
DAYS >= .10         2               2.1    -0.1        2
DAYS >= .50         0               0.2    -0.2        0
DAYS >= 1.00        0               0.0     0.0        0
GREATEST
 24 HR. TOTAL    0.26   02/21 TO 02/22           02/04 TO 02/04
                                                          02/04 TO 02/04
                                                          02/04 TO 02/04

SNOWFALL (INCHES)
RECORDS
 TOTAL           27.7   1903
 24 HR TOTAL       MM
 SNOW DEPTH        MM   MM
TOTALS           10.9               3.9     7.0     10.0
SINCE 7/1        21.4              15.1     6.3     24.5
SNOWDEPTH AVG.      1                MM      MM        2
DAYS >= 1.0         6               1.1     4.9        3
GREATEST
 SNOW DEPTH         6   02/24                          7  02/11
 24 HR TOTAL      3.8   MM                       02/04 TO 02/04
                                                          02/04 TO 02/04
                                                          02/04 TO 02/04

DEGREE_DAYS
HEATING TOTAL     863               815      48     1022
 SINCE 7/1       3748              3847     -99     4157
COOLING TOTAL       0                 0       0        0
 SINCE 1/1          0                 0       0        0
.....................................................

WIND (MPH)
AVERAGE WIND SPEED              12.8
RESULTANT WIND SPEED/DIRECTION   2/002
HIGHEST WIND SPEED/DIRECTION    38/030    DATE  02/04
HIGHEST GUST SPEED/DIRECTION    52/350    DATE  02/04

SKY COVER
POSSIBLE SUNSHINE (PERCENT)   MM
AVERAGE SKY COVER           0.30
NUMBER OF DAYS FAIR           17
NUMBER OF DAYS PC              7
NUMBER OF DAYS CLOUDY          4


WEATHER CONDITIONS. NUMBER OF DAYS WITH
THUNDERSTORM              0     MIXED PRECIP               0
HEAVY RAIN                0     RAIN                       0
LIGHT RAIN                3     FREEZING RAIN              0
LT FREEZING RAIN          1     HAIL                       0
HEAVY SNOW                0     SNOW                       4
LIGHT SNOW               10     SLEET                      0
FOG                      10     FOG W/VIS <= 1/4 MILE      2
HAZE                      9

-  INDICATES NEGATIVE NUMBERS.
R  INDICATES RECORD WAS SET OR TIED.
MM INDICATES DATA IS MISSING.
T  INDICATES TRACE AMOUNT.

$$
