000
CXUS53 KDDC 021633
CLMDGC


CLIMATE REPORT
NATIONAL WEATHER SERVICE DODGE CITY KS
1125 AM CDT MON OCT 2 2017

...................................

...THE DODGE CITY KS CLIMATE SUMMARY FOR THE MONTH OF SEPTEMBER 2017...

CLIMATE NORMAL PERIOD 1981 TO 2010
CLIMATE RECORD PERIOD 1875 TO 2017

WEATHER         OBSERVED          NORMAL  DEPART  LAST YEAR`S
                 VALUE   DATE(S)  VALUE   FROM    VALUE  DATE(S)
                                          NORMAL
................................................................
TEMPERATURE (F)
RECORD
 HIGH             107   09/01/2011
 LOW               29   09/22/1995
                        09/30/1985
HIGHEST           101   09/21        81      20       99  09/19
LOWEST             45   09/06        57     -12       39  09/29
                                                          09/26
AVG. MAXIMUM     85.9              82.4     3.5     86.3
AVG. MINIMUM     58.1              56.0     2.1     57.7
MEAN             72.0              69.2     2.8     72.0
DAYS MAX >= 90     14               7.6     6.4       15
DAYS MAX <= 32      0               0.0     0.0        0
DAYS MIN <= 32      0               0.1    -0.1        0
DAYS MIN <= 0       0               0.0     0.0        0

PRECIPITATION (INCHES)
RECORD
 MAXIMUM         9.26   1906
 MINIMUM         0.01   1998
                        1980
                        1947
TOTALS           1.54              1.67   -0.13     0.31
DAYS >= .01         5               5.7    -0.7        2
DAYS >= .10         2               3.0    -1.0        1
DAYS >= .50         1               1.1    -0.1        0
DAYS >= 1.00        0               0.5    -0.5        0
GREATEST
 24 HR. TOTAL    0.98   09/25 TO 09/25           09/08 TO 09/08

SNOWFALL (INCHES)
RECORDS
 TOTAL            1.4   1995
 24 HR TOTAL       MM
 SNOW DEPTH        MM   MM
TOTALS            0.0               0.0     0.0      0.0
SINCE 7/1         0.0               0.0     0.0      0.0
SNOWDEPTH AVG.      0                MM      MM        0
DAYS >= 1.0         0               0.0     0.0        0
GREATEST
 SNOW DEPTH         0   MM                             0  MM
 24 HR TOTAL      0.0   09/30 TO 09/30           09/30 TO 09/30

DEGREE_DAYS
HEATING TOTAL      30                61     -31       26
 SINCE 7/1         30                65     -35       26
COOLING TOTAL     247               187      60      242
 SINCE 1/1       1479              1433      46     1496
.................................................

WIND (MPH)
AVERAGE WIND SPEED              13.0
RESULTANT WIND SPEED/DIRECTION   8/169
HIGHEST WIND SPEED/DIRECTION    36/210    DATE  09/19
HIGHEST GUST SPEED/DIRECTION    45/210    DATE  09/19

SKY COVER
POSSIBLE SUNSHINE (PERCENT)   MM
AVERAGE SKY COVER           0.20
NUMBER OF DAYS FAIR           22
NUMBER OF DAYS PC              6
NUMBER OF DAYS CLOUDY          2


WEATHER CONDITIONS. NUMBER OF DAYS WITH
THUNDERSTORM              3     MIXED PRECIP               0
HEAVY RAIN                2     RAIN                       3
LIGHT RAIN                7     FREEZING RAIN              0
LT FREEZING RAIN          0     HAIL                       0
HEAVY SNOW                0     SNOW                       0
LIGHT SNOW                0     SLEET                      0
FOG                       9     FOG W/VIS <= 1/4 MILE      1
HAZE                     15

-  INDICATES NEGATIVE NUMBERS.
R  INDICATES RECORD WAS SET OR TIED.
MM INDICATES DATA IS MISSING.
T  INDICATES TRACE AMOUNT.

$$
