000
CXUS53 KDDC 011434
CLMDGC


CLIMATE REPORT
NATIONAL WEATHER SERVICE DODGE CITY KS
932 AM CDT FRI AUG 1 2014

...................................

...THE DODGE CITY KS CLIMATE SUMMARY FOR THE MONTH OF JULY 2014...

CLIMATE NORMAL PERIOD 1981 TO 2010
CLIMATE RECORD PERIOD 1875 TO 2014

WEATHER         OBSERVED          NORMAL  DEPART  LAST YEAR`S
                 VALUE   DATE(S)  VALUE   FROM    VALUE  DATE(S)
                                          NORMAL
................................................................
TEMPERATURE (F)
RECORD
 HIGH             109   07/27/2011
                        07/29/1986
                        07/08/1978
 LOW               46   07/13/1990
                        07/10/1905
HIGHEST           102   07/26        93       9      106  07/13
                        07/25
LOWEST             53   07/15        68     -15       51  07/02
AVG. MAXIMUM     86.8              92.8    -6.0     92.7
AVG. MINIMUM     64.0              66.3    -2.3     65.4
MEAN             75.4              79.6    -4.2     79.1
DAYS MAX >= 90     14              20.9    -6.9       19
DAYS MAX <= 32      0               0.0     0.0        0
DAYS MIN <= 32      0               0.0     0.0        0
DAYS MIN <= 0       0               0.0     0.0        0

PRECIPITATION (INCHES)
RECORD
 MAXIMUM         9.13   1962
 MINIMUM         0.09   1916
TOTALS           3.01              3.08   -0.07     2.52
DAYS >= .01         7               8.2    -1.2        5
DAYS >= .10         5               5.2    -0.2        4
DAYS >= .50         2               2.1    -0.1        2
DAYS >= 1.00        2               0.6     1.4        0
GREATEST
 24 HR. TOTAL    1.37   07/30 TO 07/30           07/25 TO 07/25

SNOWFALL (INCHES)
RECORDS
 TOTAL              T   2006
                        2004
 24 HR TOTAL       MM
 SNOW DEPTH        MM   MM
TOTALS            0.0               0.0     0.0      0.0
SINCE 7/1         0.0               0.0     0.0      0.0
SNOWDEPTH AVG.      0                MM      MM        0
DAYS >= 1.0         0               0.0     0.0        0
GREATEST
 SNOW DEPTH         0   MM                             0  MM
 24 HR TOTAL      0.0   07/31 TO 07/31           07/31 TO 07/31

DEGREE_DAYS
HEATING TOTAL      13                 1      12        0
 SINCE 7/1         13                 1      12        0
COOLING TOTAL     344               452    -108      443
 SINCE 1/1        800               839     -39      993
..................................................

WIND (MPH)
AVERAGE WIND SPEED              11.5
RESULTANT WIND SPEED/DIRECTION   7/167
HIGHEST WIND SPEED/DIRECTION    31/280    DATE  07/21
HIGHEST GUST SPEED/DIRECTION    42/310    DATE  07/07

SKY COVER
POSSIBLE SUNSHINE (PERCENT)   MM
AVERAGE SKY COVER           0.20
NUMBER OF DAYS FAIR           25
NUMBER OF DAYS PC              3
NUMBER OF DAYS CLOUDY          3


WEATHER CONDITIONS. NUMBER OF DAYS WITH
THUNDERSTORM              4     MIXED PRECIP               0
HEAVY RAIN                2     RAIN                       4
LIGHT RAIN                9     FREEZING RAIN              0
LT FREEZING RAIN          0     HAIL                       0
HEAVY SNOW                0     SNOW                       0
LIGHT SNOW                0     SLEET                      0
FOG                      11     FOG W/VIS <= 1/4 MILE      0
HAZE                      4

-  INDICATES NEGATIVE NUMBERS.
R  INDICATES RECORD WAS SET OR TIED.
MM INDICATES DATA IS MISSING.
T  INDICATES TRACE AMOUNT.

$$
