637
CXUS53 KDDC 021437
CLMDGC


CLIMATE REPORT
NATIONAL WEATHER SERVICE DODGE CITY KS
933 AM CDT SAT JUL 2 2016

...................................

...THE DODGE CITY KS CLIMATE SUMMARY FOR THE MONTH OF JUNE 2016...

CLIMATE NORMAL PERIOD 1981 TO 2010
CLIMATE RECORD PERIOD 1875 TO 2016

WEATHER         OBSERVED          NORMAL  DEPART  LAST YEAR`S
                 VALUE   DATE(S)  VALUE   FROM    VALUE  DATE(S)
                                          NORMAL
................................................................
TEMPERATURE (F)
RECORD
 HIGH             111   06/27/2012
 LOW               36   06/02/1917
HIGHEST           101   06/22        87      14      100  06/22
LOWEST             50   06/05        62     -12       57  06/27
                                                          06/01
AVG. MAXIMUM     89.5              86.7     2.8     88.8
AVG. MINIMUM     63.2              61.0     2.2     64.3
MEAN             76.4              73.9     2.5     76.6
DAYS MAX >= 90     18              11.4     6.6       15
DAYS MAX <= 32      0               0.0     0.0        0
DAYS MIN <= 32      0               0.0     0.0        0
DAYS MIN <= 0       0               0.0     0.0        0

PRECIPITATION (INCHES)
RECORD
 MAXIMUM        11.17   1899
 MINIMUM         0.12   1952
TOTALS           2.71              3.24   -0.53     2.08
DAYS >= .01        10               8.9     1.1        4
DAYS >= .10         7               5.8     1.2        2
DAYS >= .50         2               2.2    -0.2        2
DAYS >= 1.00        0               1.0    -1.0        1
GREATEST
 24 HR. TOTAL    0.81   06/23 TO 06/24           06/12 TO 06/12

SNOWFALL (INCHES)
RECORDS
 TOTAL              T   2009
                        2006
                        2004
 24 HR TOTAL        T   06/15/2009 TO 06/15/2009
                        06/21/2006 TO 06/21/2006
 SNOW DEPTH         0   MM
TOTALS            0.0               0.0     0.0      0.0
SINCE 7/1        10.4              21.1   -10.7     21.4
SNOWDEPTH AVG.      0                MM      MM        0
DAYS >= 1.0         0               0.0     0.0        0
GREATEST
 SNOW DEPTH         0   MM                             0  MM
 24 HR TOTAL      0.0   06/30 TO 06/30           06/30 TO 06/30

DEGREE_DAYS
HEATING TOTAL       1                13     -12        0
 SINCE 7/1       4340              4967    -627     4655
COOLING TOTAL     351               278      73      353
 SINCE 1/1        409               387      22      414
...................................................

WIND (MPH)
AVERAGE WIND SPEED              11.5
RESULTANT WIND SPEED/DIRECTION   6/165
HIGHEST WIND SPEED/DIRECTION    37/230    DATE  06/23
HIGHEST GUST SPEED/DIRECTION    52/230    DATE  06/23

SKY COVER
POSSIBLE SUNSHINE (PERCENT)   MM
AVERAGE SKY COVER           0.10
NUMBER OF DAYS FAIR           30
NUMBER OF DAYS PC              0
NUMBER OF DAYS CLOUDY          0


WEATHER CONDITIONS. NUMBER OF DAYS WITH
THUNDERSTORM             10     MIXED PRECIP               0
HEAVY RAIN                4     RAIN                       7
LIGHT RAIN                9     FREEZING RAIN              0
LT FREEZING RAIN          0     HAIL                       0
HEAVY SNOW                0     SNOW                       0
LIGHT SNOW                0     SLEET                      0
FOG                      17     FOG W/VIS <= 1/4 MILE      1
HAZE                      6

-  INDICATES NEGATIVE NUMBERS.
R  INDICATES RECORD WAS SET OR TIED.
MM INDICATES DATA IS MISSING.
T  INDICATES TRACE AMOUNT.

$$
