524
CXUS53 KDDC 011429
CLMDGC


CLIMATE REPORT
NATIONAL WEATHER SERVICE DODGE CITY KS
828 AM CST SUN JAN 1 2017

...................................

...THE DODGE CITY KS CLIMATE SUMMARY FOR THE MONTH OF DECEMBER 2016...

CLIMATE NORMAL PERIOD 1981 TO 2010
CLIMATE RECORD PERIOD 1875 TO 2016

WEATHER         OBSERVED          NORMAL  DEPART  LAST YEAR`S
                 VALUE   DATE(S)  VALUE   FROM    VALUE  DATE(S)
                                          NORMAL
................................................................
TEMPERATURE (F)
RECORD
 HIGH              86   12/24/1955
 LOW              -21   12/22/1989
HIGHEST            61   12/25        44      17       69  12/11
                                                          12/09
LOWEST            -16   12/18        21     -37       11  12/29
AVG. MAXIMUM     42.1              44.3    -2.2     46.6
AVG. MINIMUM     17.5              21.2    -3.7     26.3
MEAN             29.6              32.8    -3.2     36.5
DAYS MAX >= 90      0               0.0     0.0        0
DAYS MAX <= 32      7               5.1     1.9        4
DAYS MIN <= 32     30              28.8     1.2       25
DAYS MIN <= 0       3               1.0     2.0        0

PRECIPITATION (INCHES)
RECORD
 MAXIMUM         4.36   1877
 MINIMUM         0.00   1889
TOTALS           0.62              0.84   -0.22     2.43
DAYS >= .01         3               4.6    -1.6        6
DAYS >= .10         2               2.0     0.0        2
DAYS >= .50         0               0.4    -0.4        1
DAYS >= 1.00        0               0.1    -0.1        1
GREATEST
 24 HR. TOTAL    0.34   12/02 TO 12/03           12/12 TO 12/13
                        12/03 TO 12/03                    12/14 TO 12/14
                        12/03 TO 12/04                    12/14 TO 12/14

SNOWFALL (INCHES)
RECORDS
 TOTAL           20.5   1918
 24 HR TOTAL     11.4   12/23/1918 TO 12/23/1918
 SNOW DEPTH        12   12/24/1997
                        12/25/1997
TOTALS            2.3               4.1    -1.8      8.1
SINCE 7/1         2.3               6.3    -4.0      9.2
SNOWDEPTH AVG.      0                 2      -2        1
DAYS >= 1.0         1               1.2    -0.2        1
GREATEST
 SNOW DEPTH         2   12/18                          8  12/14
 24 HR TOTAL      2.1   MM                       12/13 TO 12/14
                                                          12/14 TO 12/14
                                                          12/14 TO 12/14

DEGREE_DAYS
HEATING TOTAL    1020              1000      20      877
 SINCE 7/1       1616              2014    -398     1707
COOLING TOTAL       0                 0       0        0
 SINCE 1/1       1580              1463     117     1512
.....................................................

WIND (MPH)
AVERAGE WIND SPEED              11.6
RESULTANT WIND SPEED/DIRECTION   1/208
HIGHEST WIND SPEED/DIRECTION    47/220    DATE  12/25
HIGHEST GUST SPEED/DIRECTION    64/200    DATE  12/25

SKY COVER
POSSIBLE SUNSHINE (PERCENT)   MM
AVERAGE SKY COVER           0.20
NUMBER OF DAYS FAIR           23
NUMBER OF DAYS PC              2
NUMBER OF DAYS CLOUDY          5


WEATHER CONDITIONS. NUMBER OF DAYS WITH
THUNDERSTORM              1     MIXED PRECIP               0
HEAVY RAIN                1     RAIN                       1
LIGHT RAIN                2     FREEZING RAIN              0
LT FREEZING RAIN          0     HAIL                       0
HEAVY SNOW                0     SNOW                       1
LIGHT SNOW                4     SLEET                      0
FOG                       8     FOG W/VIS <= 1/4 MILE      5
HAZE                      2

-  INDICATES NEGATIVE NUMBERS.
R  INDICATES RECORD WAS SET OR TIED.
MM INDICATES DATA IS MISSING.
T  INDICATES TRACE AMOUNT.

$$
