000
CXUS53 KDDC 021557
CLMDGC


CLIMATE REPORT
NATIONAL WEATHER SERVICE DODGE CITY KS
1047 AM CDT TUE JUL 2 2013

...................................

...THE DODGE CITY KS CLIMATE SUMMARY FOR THE MONTH OF JUNE 2013...

CLIMATE NORMAL PERIOD 1981 TO 2010
CLIMATE RECORD PERIOD 1875 TO 2013

WEATHER         OBSERVED          NORMAL  DEPART  LAST YEAR`S
                 VALUE   DATE(S)  VALUE   FROM    VALUE  DATE(S)
                                          NORMAL
................................................................
TEMPERATURE (F)
RECORD
 HIGH             111   06/27/2012
 LOW               36   06/02/1917
HIGHEST           107   06/27        87      20      111  06/27
LOWEST             41   06/02        62     -21       47  06/01
AVG. MAXIMUM     92.3              86.7     5.6     94.6
AVG. MINIMUM     62.3              61.0     1.3     63.7
MEAN             77.3              73.9     3.4     79.1
DAYS MAX >= 90     19              11.4     7.6       19
DAYS MAX <= 32      0               0.0     0.0        0
DAYS MIN <= 32      0               0.0     0.0        0
DAYS MIN <= 0       0               0.0     0.0        0

PRECIPITATION (INCHES)
RECORD
 MAXIMUM        11.17   1899
 MINIMUM         0.12   1952
TOTALS           2.61              3.24   -0.63     1.78
DAYS >= .01         8               8.9    -0.9        3
DAYS >= .10         6               5.8     0.2        3
DAYS >= .50         2               2.2    -0.2        2
DAYS >= 1.00        0               1.0    -1.0        1
GREATEST
 24 HR. TOTAL    1.25   06/15 TO 06/16           06/16 TO 06/16

SNOWFALL (INCHES)
RECORDS
 TOTAL              T   2009
                        2006
                        2004
 24 HR TOTAL        T   06/15/2009 TO 06/15/2009
                        06/21/2006 TO 06/21/2006
 SNOW DEPTH         0   MM
TOTALS            0.0               0.0     0.0      0.0
SINCE 7/1        26.7              21.1     5.6      7.7
SNOWDEPTH AVG.      0                MM      MM        0
DAYS >= 1.0         0               0.0     0.0        0
GREATEST
 SNOW DEPTH         0   MM                             0  MM
 24 HR TOTAL      0.0   06/30 TO 06/30           06/30 TO 06/30

DEGREE_DAYS
HEATING TOTAL      12                13      -1        5
 SINCE 7/1       5045              4967      78     4301
COOLING TOTAL     388               278     110      435
 SINCE 1/1        550               387     163      652
.................................................

WIND (MPH)
AVERAGE WIND SPEED              14.3
HIGHEST WIND SPEED/DIRECTION    52/290    DATE  06/16
HIGHEST GUST SPEED/DIRECTION    69/280    DATE  06/16

SKY COVER
POSSIBLE SUNSHINE (PERCENT)   MM
AVERAGE SKY COVER           0.10
NUMBER OF DAYS FAIR           29
NUMBER OF DAYS PC              0
NUMBER OF DAYS CLOUDY          1


WEATHER CONDITIONS. NUMBER OF DAYS WITH
THUNDERSTORM              0     MIXED PRECIP               0
HEAVY RAIN                4     RAIN                       7
LIGHT RAIN                9     FREEZING RAIN              0
LT FREEZING RAIN          0     HAIL                       0
HEAVY SNOW                0     SNOW                       0
LIGHT SNOW                0     SLEET                      0
FOG                      10     FOG W/VIS <= 1/4 MILE      1
HAZE                      4

-  INDICATES NEGATIVE NUMBERS.
R  INDICATES RECORD WAS SET OR TIED.
MM INDICATES DATA IS MISSING.
T  INDICATES TRACE AMOUNT.

$$
