000
CXUS53 KDDC 011444
CLMDGC


CLIMATE REPORT
NATIONAL WEATHER SERVICE DODGE CITY KS
936 AM CDT THU MAY 1 2014

...................................

...THE DODGE CITY KS CLIMATE SUMMARY FOR THE MONTH OF APRIL 2014...

CLIMATE NORMAL PERIOD 1981 TO 2010
CLIMATE RECORD PERIOD 1875 TO 2014

WEATHER         OBSERVED          NORMAL  DEPART  LAST YEAR`S
                 VALUE   DATE(S)  VALUE   FROM    VALUE  DATE(S)
                                          NORMAL
................................................................
TEMPERATURE (F)
RECORD
 HIGH             100   04/22/1989
 LOW                9   04/02/1936
HIGHEST            90   04/26        68      22       91  04/30
                        04/12
LOWEST             24   04/15        41     -17       16  04/11
                        04/01
AVG. MAXIMUM     68.8              67.5     1.3     63.6
AVG. MINIMUM     39.4              40.2    -0.8     34.7
MEAN             54.1              53.9     0.2     49.2
DAYS MAX >= 90      2               0.7     1.3        1
DAYS MAX <= 32      0               0.0     0.0        1
DAYS MIN <= 32      9               5.1     3.9       16
DAYS MIN <= 0       0               0.0     0.0        0

PRECIPITATION (INCHES)
RECORD
 MAXIMUM         6.26   1976
 MINIMUM         0.02   1909
TOTALS           0.74              1.82   -1.08     0.88
DAYS >= .01         8               7.1     0.9        6
DAYS >= .10         4               4.0     0.0        2
DAYS >= .50         0               1.1    -1.1        1
DAYS >= 1.00        0               0.4    -0.4        0
GREATEST
 24 HR. TOTAL    0.26   04/24 TO 04/24           04/26 TO 04/26

SNOWFALL (INCHES)
RECORDS
 TOTAL           14.3   1938
 24 HR TOTAL     10.6   04/07/1938
 SNOW DEPTH         6   04/14/2007
                        04/05/1983
                        04/04/1983
TOTALS            2.2               1.1     1.1      0.2
SINCE 7/1        31.1              21.1    10.0     25.7
SNOWDEPTH AVG.      0                MM      MM        0
DAYS >= 1.0         1               0.3     0.7        0
GREATEST
 SNOW DEPTH         2   04/14                          0  MM
 24 HR TOTAL      2.2   04/13 TO 04/14           04/23 TO 04/23

DEGREE_DAYS
HEATING TOTAL     346               352      -6      486
 SINCE 7/1       5255              4839     416     4895
COOLING TOTAL      23                18       5       19
 SINCE 1/1         23                19       4       19
....................................................

WIND (MPH)
AVERAGE WIND SPEED              16.4
RESULTANT WIND SPEED/DIRECTION   2/225
HIGHEST WIND SPEED/DIRECTION    46/310    DATE  04/28
HIGHEST GUST SPEED/DIRECTION    58/320    DATE  04/28

SKY COVER
POSSIBLE SUNSHINE (PERCENT)   MM
AVERAGE SKY COVER           0.30
NUMBER OF DAYS FAIR           22
NUMBER OF DAYS PC              3
NUMBER OF DAYS CLOUDY          5


WEATHER CONDITIONS. NUMBER OF DAYS WITH
THUNDERSTORM              4     MIXED PRECIP               0
HEAVY RAIN                0     RAIN                       0
LIGHT RAIN               10     FREEZING RAIN              0
LT FREEZING RAIN          0     HAIL                       0
HEAVY SNOW                0     SNOW                       2
LIGHT SNOW                2     SLEET                      0
FOG                      11     FOG W/VIS <= 1/4 MILE      2
HAZE                     11

-  INDICATES NEGATIVE NUMBERS.
R  INDICATES RECORD WAS SET OR TIED.
MM INDICATES DATA IS MISSING.
T  INDICATES TRACE AMOUNT.

$$
